{"id":168,"date":"2020-08-10T15:08:39","date_gmt":"2020-08-10T18:08:39","guid":{"rendered":"https:\/\/wp.ufpel.edu.br\/arteirosdocotidiano\/?page_id=168"},"modified":"2022-05-06T17:46:45","modified_gmt":"2022-05-06T20:46:45","slug":"entrevistas","status":"publish","type":"page","link":"https:\/\/wp.ufpel.edu.br\/arteirosdocotidiano\/entrevistas\/","title":{"rendered":"Entrevistas"},"content":{"rendered":"<p><a href=\"https:\/\/wp.ufpel.edu.br\/arteirosdocotidiano\/files\/2021\/08\/1-suellen-entrevista.docx\">Entrevista Su\u00e9len Silva da Silveira, bolsista em atividade das edi\u00e7\u00f5es 2013, 2014 e 2015.<\/a><\/p>\n","protected":false},"excerpt":{"rendered":"<p>Entrevista Su\u00e9len Silva da Silveira, bolsista em atividade das edi\u00e7\u00f5es 2013, 2014 e 2015.<\/p>\n","protected":false},"author":1015,"featured_media":0,"parent":0,"menu_order":0,"comment_status":"closed","ping_status":"closed","template":"","meta":{"footnotes":""},"class_list":["post-168","page","type-page","status-publish","hentry"],"_links":{"self":[{"href":"https:\/\/wp.ufpel.edu.br\/arteirosdocotidiano\/wp-json\/wp\/v2\/pages\/168","targetHints":{"allow":["GET"]}}],"collection":[{"href":"https:\/\/wp.ufpel.edu.br\/arteirosdocotidiano\/wp-json\/wp\/v2\/pages"}],"about":[{"href":"https:\/\/wp.ufpel.edu.br\/arteirosdocotidiano\/wp-json\/wp\/v2\/types\/page"}],"author":[{"embeddable":true,"href":"https:\/\/wp.ufpel.edu.br\/arteirosdocotidiano\/wp-json\/wp\/v2\/users\/1015"}],"replies":[{"embeddable":true,"href":"https:\/\/wp.ufpel.edu.br\/arteirosdocotidiano\/wp-json\/wp\/v2\/comments?post=168"}],"version-history":[{"count":4,"href":"https:\/\/wp.ufpel.edu.br\/arteirosdocotidiano\/wp-json\/wp\/v2\/pages\/168\/revisions"}],"predecessor-version":[{"id":369,"href":"https:\/\/wp.ufpel.edu.br\/arteirosdocotidiano\/wp-json\/wp\/v2\/pages\/168\/revisions\/369"}],"wp:attachment":[{"href":"https:\/\/wp.ufpel.edu.br\/arteirosdocotidiano\/wp-json\/wp\/v2\/media?parent=168"}],"curies":[{"name":"wp","href":"https:\/\/api.w.org\/{rel}","templated":true}]}}