{"id":91,"date":"2023-02-10T11:13:01","date_gmt":"2023-02-10T14:13:01","guid":{"rendered":"https:\/\/wp.ufpel.edu.br\/arqueologia\/?page_id=91"},"modified":"2023-02-10T11:17:21","modified_gmt":"2023-02-10T14:17:21","slug":"pesquisa-ensino-e-extensao","status":"publish","type":"page","link":"https:\/\/wp.ufpel.edu.br\/arqueologia\/pesquisa-ensino-e-extensao\/","title":{"rendered":"PESQUISA, ENSINO e EXTENS\u00c3O"},"content":{"rendered":"<p><a href=\"https:\/\/wp.ufpel.edu.br\/gpcie\/\">GPCIE<\/a><\/p>\n<p><a href=\"https:\/\/wp.ufpel.edu.br\/lepaarq\/\">LEPAARQ<\/a><\/p>\n<p><a href=\"https:\/\/wp.ufpel.edu.br\/lamina\/\">LAMINA<\/a><\/p>\n<p><a href=\"https:\/\/wp.ufpel.edu.br\/leicma\/\">LEICMA<\/a><\/p>\n<p><a href=\"https:\/\/wp.ufpel.edu.br\/leicma\/\">MUARAN<\/a><\/p>\n<p><a href=\"https:\/\/wp.ufpel.edu.br\/pre\/\">PR\u00d3-REITORIA DE ENSINO<\/a><\/p>\n<p><a href=\"https:\/\/wp.ufpel.edu.br\/prppg\/\">PR\u00d3-REITORIA DE PESQUISA E P\u00d3S-GRADUA\u00c7\u00c3O<\/a><\/p>\n<p><a href=\"https:\/\/wp.ufpel.edu.br\/prec\/\">PR\u00d3-REITORIA DE EXTENS\u00c3O E CULTURA<\/a><\/p>\n","protected":false},"excerpt":{"rendered":"<p>GPCIE LEPAARQ LAMINA LEICMA MUARAN PR\u00d3-REITORIA DE ENSINO PR\u00d3-REITORIA DE PESQUISA E P\u00d3S-GRADUA\u00c7\u00c3O PR\u00d3-REITORIA DE EXTENS\u00c3O E CULTURA<\/p>\n","protected":false},"author":1125,"featured_media":0,"parent":0,"menu_order":0,"comment_status":"closed","ping_status":"closed","template":"","meta":{"footnotes":""},"class_list":["post-91","page","type-page","status-publish","hentry"],"_links":{"self":[{"href":"https:\/\/wp.ufpel.edu.br\/arqueologia\/wp-json\/wp\/v2\/pages\/91","targetHints":{"allow":["GET"]}}],"collection":[{"href":"https:\/\/wp.ufpel.edu.br\/arqueologia\/wp-json\/wp\/v2\/pages"}],"about":[{"href":"https:\/\/wp.ufpel.edu.br\/arqueologia\/wp-json\/wp\/v2\/types\/page"}],"author":[{"embeddable":true,"href":"https:\/\/wp.ufpel.edu.br\/arqueologia\/wp-json\/wp\/v2\/users\/1125"}],"replies":[{"embeddable":true,"href":"https:\/\/wp.ufpel.edu.br\/arqueologia\/wp-json\/wp\/v2\/comments?post=91"}],"version-history":[{"count":3,"href":"https:\/\/wp.ufpel.edu.br\/arqueologia\/wp-json\/wp\/v2\/pages\/91\/revisions"}],"predecessor-version":[{"id":95,"href":"https:\/\/wp.ufpel.edu.br\/arqueologia\/wp-json\/wp\/v2\/pages\/91\/revisions\/95"}],"wp:attachment":[{"href":"https:\/\/wp.ufpel.edu.br\/arqueologia\/wp-json\/wp\/v2\/media?parent=91"}],"curies":[{"name":"wp","href":"https:\/\/api.w.org\/{rel}","templated":true}]}}