{"id":96,"date":"2014-05-30T13:46:51","date_gmt":"2014-05-30T16:46:51","guid":{"rendered":"https:\/\/wp.ufpel.edu.br\/areadelibras\/?page_id=96"},"modified":"2014-06-06T13:31:33","modified_gmt":"2014-06-06T16:31:33","slug":"downloads","status":"publish","type":"page","link":"https:\/\/wp.ufpel.edu.br\/areadelibras\/videoaulas\/downloads\/","title":{"rendered":"Downloads"},"content":{"rendered":"<p>Aqui est\u00e3o dispon\u00edveis todas as videoaulas para download.<\/p>\n<p><a href=\"https:\/\/mega.co.nz\/#F!9MBE1TzB!_gjwPGGgzt_R1eCYb6XLlg\" target=\"_blank\">Di\u00e1logo I<\/a><\/p>\n<p><a href=\"https:\/\/mega.co.nz\/#F!NVQh1SwT\" target=\"_blank\">Di\u00e1logo II<\/a><\/p>\n<p><a href=\"https:\/\/mega.co.nz\/#F!8YIwzR6a!N60IMz-iwenlD1foedXmdg\" target=\"_blank\">Unidade III<\/a><\/p>\n<p><a href=\"https:\/\/mega.co.nz\/#F!YIxSBLhR!TFE1SNx8N62Hk6yss7W-_Q\" target=\"_blank\">Unidade IV<\/a><\/p>\n<p><a href=\"https:\/\/mega.co.nz\/#F!kRpA0KLY!KqKpj9N8uGlasLiPx_oFtQ\" target=\"_blank\">Unidade V<\/a><\/p>\n<p><a href=\"https:\/\/mega.co.nz\/#F!JFRGBBBa!9zDSNtVTre6xN08AKGVr2Q\" target=\"_blank\">Unidade VI<\/a><\/p>\n<p><a href=\"https:\/\/mega.co.nz\/#F!ZAAxzTza!nio3QgbEp5DUMfdHZwsTGA\" target=\"_blank\">Verbos<\/a><\/p>\n","protected":false},"excerpt":{"rendered":"<p>Aqui est\u00e3o dispon\u00edveis todas as videoaulas para download. Di\u00e1logo I Di\u00e1logo II Unidade III Unidade IV Unidade V Unidade VI Verbos<\/p>\n","protected":false},"author":179,"featured_media":0,"parent":89,"menu_order":0,"comment_status":"closed","ping_status":"closed","template":"","meta":{"footnotes":""},"class_list":["post-96","page","type-page","status-publish","hentry"],"_links":{"self":[{"href":"https:\/\/wp.ufpel.edu.br\/areadelibras\/wp-json\/wp\/v2\/pages\/96","targetHints":{"allow":["GET"]}}],"collection":[{"href":"https:\/\/wp.ufpel.edu.br\/areadelibras\/wp-json\/wp\/v2\/pages"}],"about":[{"href":"https:\/\/wp.ufpel.edu.br\/areadelibras\/wp-json\/wp\/v2\/types\/page"}],"author":[{"embeddable":true,"href":"https:\/\/wp.ufpel.edu.br\/areadelibras\/wp-json\/wp\/v2\/users\/179"}],"replies":[{"embeddable":true,"href":"https:\/\/wp.ufpel.edu.br\/areadelibras\/wp-json\/wp\/v2\/comments?post=96"}],"version-history":[{"count":4,"href":"https:\/\/wp.ufpel.edu.br\/areadelibras\/wp-json\/wp\/v2\/pages\/96\/revisions"}],"predecessor-version":[{"id":125,"href":"https:\/\/wp.ufpel.edu.br\/areadelibras\/wp-json\/wp\/v2\/pages\/96\/revisions\/125"}],"up":[{"embeddable":true,"href":"https:\/\/wp.ufpel.edu.br\/areadelibras\/wp-json\/wp\/v2\/pages\/89"}],"wp:attachment":[{"href":"https:\/\/wp.ufpel.edu.br\/areadelibras\/wp-json\/wp\/v2\/media?parent=96"}],"curies":[{"name":"wp","href":"https:\/\/api.w.org\/{rel}","templated":true}]}}