{"id":507,"date":"2014-11-14T12:42:16","date_gmt":"2014-11-14T14:42:16","guid":{"rendered":"https:\/\/wp.ufpel.edu.br\/areadelibras\/?page_id=507"},"modified":"2014-11-14T12:48:53","modified_gmt":"2014-11-14T14:48:53","slug":"serie-identidades","status":"publish","type":"page","link":"https:\/\/wp.ufpel.edu.br\/areadelibras\/videoaulas\/serie-identidades\/","title":{"rendered":"S\u00e9rie Identidades"},"content":{"rendered":"<p>O grupo TUILSU da UNIVERSIDAD DE LA REP\u00daBLICA(URUGUAY) produz uma s\u00e9rie \u00a0no YOUTUBE chamada IDENTIDADES. A S\u00e9rie \u00e9 falada em libras e ainda est\u00e1 em produ\u00e7\u00e3o. Aqui est\u00e3o alguns epis\u00f3dios. Novos epis\u00f3dios poder\u00e3o ser lan\u00e7ados diretamente no canal do grupo.<\/p>\n<p><iframe title=\"Serie Identidades - Cap\u00edtulo 01\" width=\"500\" height=\"281\" src=\"https:\/\/www.youtube.com\/embed\/63_94DPuQvA?list=UUk2lQJLeZ1s8z1QxHf0eEhw\" frameborder=\"0\" allow=\"accelerometer; autoplay; clipboard-write; encrypted-media; gyroscope; picture-in-picture; web-share\" referrerpolicy=\"strict-origin-when-cross-origin\" allowfullscreen><\/iframe><\/p>\n","protected":false},"excerpt":{"rendered":"<p>O grupo TUILSU da UNIVERSIDAD DE LA REP\u00daBLICA(URUGUAY) produz uma s\u00e9rie \u00a0no YOUTUBE chamada IDENTIDADES. A S\u00e9rie \u00e9 falada em libras e ainda est\u00e1 em produ\u00e7\u00e3o. Aqui est\u00e3o alguns epis\u00f3dios. Novos epis\u00f3dios poder\u00e3o ser lan\u00e7ados diretamente no canal do grupo.<\/p>\n","protected":false},"author":179,"featured_media":0,"parent":89,"menu_order":0,"comment_status":"open","ping_status":"closed","template":"","meta":{"footnotes":""},"class_list":["post-507","page","type-page","status-publish","hentry"],"_links":{"self":[{"href":"https:\/\/wp.ufpel.edu.br\/areadelibras\/wp-json\/wp\/v2\/pages\/507","targetHints":{"allow":["GET"]}}],"collection":[{"href":"https:\/\/wp.ufpel.edu.br\/areadelibras\/wp-json\/wp\/v2\/pages"}],"about":[{"href":"https:\/\/wp.ufpel.edu.br\/areadelibras\/wp-json\/wp\/v2\/types\/page"}],"author":[{"embeddable":true,"href":"https:\/\/wp.ufpel.edu.br\/areadelibras\/wp-json\/wp\/v2\/users\/179"}],"replies":[{"embeddable":true,"href":"https:\/\/wp.ufpel.edu.br\/areadelibras\/wp-json\/wp\/v2\/comments?post=507"}],"version-history":[{"count":2,"href":"https:\/\/wp.ufpel.edu.br\/areadelibras\/wp-json\/wp\/v2\/pages\/507\/revisions"}],"predecessor-version":[{"id":510,"href":"https:\/\/wp.ufpel.edu.br\/areadelibras\/wp-json\/wp\/v2\/pages\/507\/revisions\/510"}],"up":[{"embeddable":true,"href":"https:\/\/wp.ufpel.edu.br\/areadelibras\/wp-json\/wp\/v2\/pages\/89"}],"wp:attachment":[{"href":"https:\/\/wp.ufpel.edu.br\/areadelibras\/wp-json\/wp\/v2\/media?parent=507"}],"curies":[{"name":"wp","href":"https:\/\/api.w.org\/{rel}","templated":true}]}}