{"id":94,"date":"2016-04-26T16:52:46","date_gmt":"2016-04-26T19:52:46","guid":{"rendered":"https:\/\/wp.ufpel.edu.br\/antropologia\/?page_id=94"},"modified":"2026-03-06T17:02:28","modified_gmt":"2026-03-06T20:02:28","slug":"disciplinas-arqueologia","status":"publish","type":"page","link":"https:\/\/wp.ufpel.edu.br\/antropologia\/graduacao\/disciplinas-arqueologia\/","title":{"rendered":"Disciplinas Arqueologia"},"content":{"rendered":"<p><img loading=\"lazy\" decoding=\"async\" class=\"alignnone wp-image-170 size-full\" src=\"https:\/\/wp.ufpel.edu.br\/antropologia\/files\/2016\/04\/Disciplinas_Arqueologia.gif\" alt=\"disciplinas_arqueologia\" width=\"582\" height=\"2618\" \/><\/p>\n<p style=\"text-align: justify;\">A disciplina de Introdu\u00e7\u00e3o \u00e0 Antropologia \u00e9 pr\u00e9-requisito para as disciplinas de Teoria Antropol\u00f3gica I, Teoria Antropol\u00f3gica II, Teoria Antropol\u00f3gica III e Teoria Antropol\u00f3gica IV.<br \/>\nA disciplina de Introdu\u00e7\u00e3o \u00e0 Arqueologia \u00e9 pr\u00e9-requisito para as disciplinas de Teoria Arqueol\u00f3gica I e Teoria Arqueol\u00f3gica II.<br \/>\nAs demais disciplinas n\u00e3o possuem pr\u00e9-requisito. Observa-se a possibilidade de quebra desses pr\u00e9-requisitos nas situa\u00e7\u00f5es de transfer\u00eancia, reop\u00e7\u00e3o, ingresso de diplomado e reingresso, conforme avalia\u00e7\u00e3o do colegiado.<\/p>\n<p><a href=\"https:\/\/wp.ufpel.edu.br\/antropologia\/files\/2026\/03\/curriculo_curso_6020.pdf\">Disciplinas por semestre.<\/a><\/p>\n","protected":false},"excerpt":{"rendered":"<p>A disciplina de Introdu\u00e7\u00e3o \u00e0 Antropologia \u00e9 pr\u00e9-requisito para as disciplinas de Teoria Antropol\u00f3gica I, Teoria Antropol\u00f3gica II, Teoria Antropol\u00f3gica III e Teoria Antropol\u00f3gica IV. A disciplina de Introdu\u00e7\u00e3o \u00e0 Arqueologia \u00e9 pr\u00e9-requisito para as disciplinas de Teoria Arqueol\u00f3gica I &hellip; <a href=\"https:\/\/wp.ufpel.edu.br\/antropologia\/graduacao\/disciplinas-arqueologia\/\">Continue lendo <span class=\"meta-nav\">&rarr;<\/span><\/a><\/p>\n","protected":false},"author":641,"featured_media":0,"parent":88,"menu_order":4,"comment_status":"closed","ping_status":"closed","template":"sidebar-page.php","meta":{"footnotes":""},"class_list":["post-94","page","type-page","status-publish","hentry"],"_links":{"self":[{"href":"https:\/\/wp.ufpel.edu.br\/antropologia\/wp-json\/wp\/v2\/pages\/94","targetHints":{"allow":["GET"]}}],"collection":[{"href":"https:\/\/wp.ufpel.edu.br\/antropologia\/wp-json\/wp\/v2\/pages"}],"about":[{"href":"https:\/\/wp.ufpel.edu.br\/antropologia\/wp-json\/wp\/v2\/types\/page"}],"author":[{"embeddable":true,"href":"https:\/\/wp.ufpel.edu.br\/antropologia\/wp-json\/wp\/v2\/users\/641"}],"replies":[{"embeddable":true,"href":"https:\/\/wp.ufpel.edu.br\/antropologia\/wp-json\/wp\/v2\/comments?post=94"}],"version-history":[{"count":3,"href":"https:\/\/wp.ufpel.edu.br\/antropologia\/wp-json\/wp\/v2\/pages\/94\/revisions"}],"predecessor-version":[{"id":587,"href":"https:\/\/wp.ufpel.edu.br\/antropologia\/wp-json\/wp\/v2\/pages\/94\/revisions\/587"}],"up":[{"embeddable":true,"href":"https:\/\/wp.ufpel.edu.br\/antropologia\/wp-json\/wp\/v2\/pages\/88"}],"wp:attachment":[{"href":"https:\/\/wp.ufpel.edu.br\/antropologia\/wp-json\/wp\/v2\/media?parent=94"}],"curies":[{"name":"wp","href":"https:\/\/api.w.org\/{rel}","templated":true}]}}