{"id":146,"date":"2020-10-14T15:23:33","date_gmt":"2020-10-14T18:23:33","guid":{"rendered":"https:\/\/wp.ufpel.edu.br\/anepomucenoc\/?page_id=146"},"modified":"2020-10-17T20:07:59","modified_gmt":"2020-10-17T23:07:59","slug":"convidados","status":"publish","type":"page","link":"https:\/\/wp.ufpel.edu.br\/anepomucenoc\/convidados\/","title":{"rendered":"Convidados"},"content":{"rendered":"<p><img class=\"wp-image-107 alignleft\" src=\"https:\/\/wp.ufpel.edu.br\/anepomucenoc\/files\/2020\/10\/IMG_9221-267x400.jpeg\" alt=\"\" width=\"189\" height=\"284\" srcset=\"https:\/\/wp.ufpel.edu.br\/anepomucenoc\/files\/2020\/10\/IMG_9221-267x400.jpeg 267w, https:\/\/wp.ufpel.edu.br\/anepomucenoc\/files\/2020\/10\/IMG_9221-683x1024.jpeg 683w, https:\/\/wp.ufpel.edu.br\/anepomucenoc\/files\/2020\/10\/IMG_9221-768x1152.jpeg 768w, https:\/\/wp.ufpel.edu.br\/anepomucenoc\/files\/2020\/10\/IMG_9221-1024x1536.jpeg 1024w, https:\/\/wp.ufpel.edu.br\/anepomucenoc\/files\/2020\/10\/IMG_9221-1365x2048.jpeg 1365w, https:\/\/wp.ufpel.edu.br\/anepomucenoc\/files\/2020\/10\/IMG_9221-scaled.jpeg 1707w\" sizes=\"(max-width: 189px) 100vw, 189px\" \/> <strong>Carlos Alberto Figueiredo<\/strong>\u00a0\u00e9 professor nos Programas de P\u00f3s-gradua\u00e7\u00e3o em M\u00fasica da Universidade Federal do Estado do Rio de Janeiro (UNIRIO) e da Universidade Federal de S\u00e3o Jo\u00e3o del Rei (UFSJ). \u00c9 Doutor em M\u00fasica pela UNIRIO e realizou seu est\u00e1gio p\u00f3s-doutoral, no CESEM da Universidade Nova de Lisboa, sob a orienta\u00e7\u00e3o de David Cranmer. Participou de v\u00e1rios projetos editorias brasileiros de relevo, com destaque para Acervo e Difus\u00e3o de Partituras, onde atuou como coordenador editorial, e Patrim\u00f4nio Arquiv\u00edstico-Musical Mineiro. \u00c9 autor do Cat\u00e1logo de Publica\u00e7\u00f5es de M\u00fasica Sacra e Religiosa Brasileira \u2013 obras dos s\u00e9culos XVIII e XIX, publicado on-line, em 2010; do livro M\u00fasica Sacra e Religiosa Brasileira dos s\u00e9culos XVIII e XIX \u2013 teorias e pr\u00e1ticas editoriais, com primeira edi\u00e7\u00e3o impressa em 2014 e segunda edi\u00e7\u00e3o como e-book, em 2017; do livro Os Respons\u00f3rios do S\u00e1bado Santo de David Perez, publicado como e-book, em 2017; e do livro Tr\u00eas Estudos sobre a Recep\u00e7\u00e3o da Ant\u00edfona Salve Regina de Lobo de Mesquita: Edi\u00e7\u00f5es, An\u00e1lises e Grava\u00e7\u00f5es, publicado tamb\u00e9m como e-book, em 2020. Estudou Reg\u00eancia Coral com Frans Moonen, no Conservat\u00f3rio Real de Haia, Holanda. Fez cursos complementares com Jan Elkema e Rainer Wakelkamp, na Funda\u00e7\u00e3o Kurt Thomas da Holanda, com Helmuth Rilling. na Bachakademie de Stuttgart, e repert\u00f3rio barroco com Philippe Caillard, em Paris. \u00c9 regente do Coro de C\u00e2mera Pro-Arte e tem atuado como regente convidado dos coros da OSESP, Camerata Antiqua de Curitiba, Polifonia Carioca e Fundador, de Puebla M\u00e9xico. Lan\u00e7ou, em 2017, o CD digital Jos\u00e9 Maur\u00edcio Nunes Garcia \u2013 250 anos com o coro da OSESP.<\/p>\n<p><img class=\"wp-image-105 alignleft\" src=\"https:\/\/wp.ufpel.edu.br\/anepomucenoc\/files\/2020\/10\/DSC_1210_DxO-400x267.jpg\" alt=\"\" width=\"261\" height=\"174\" srcset=\"https:\/\/wp.ufpel.edu.br\/anepomucenoc\/files\/2020\/10\/DSC_1210_DxO-400x267.jpg 400w, https:\/\/wp.ufpel.edu.br\/anepomucenoc\/files\/2020\/10\/DSC_1210_DxO-1024x683.jpg 1024w, https:\/\/wp.ufpel.edu.br\/anepomucenoc\/files\/2020\/10\/DSC_1210_DxO-768x512.jpg 768w, https:\/\/wp.ufpel.edu.br\/anepomucenoc\/files\/2020\/10\/DSC_1210_DxO-1536x1024.jpg 1536w, https:\/\/wp.ufpel.edu.br\/anepomucenoc\/files\/2020\/10\/DSC_1210_DxO-2048x1365.jpg 2048w\" sizes=\"(max-width: 261px) 100vw, 261px\" \/> <strong>Norton Eloy Dudeque<\/strong>\u00a0possui mestrado em Performance musical \u2013 University of Western Ontario (1991), mestrado em Musicologia pela Universidade de S\u00e3o Paulo (1997), doutorado em M\u00fasica (Ph.D.) \u2013 University of Reading (2002). Realizou est\u00e1gio p\u00f3s-doutoral no Kings College em Londres (2912). Atualmente \u00e9 professor associado aposentado da Universidade Federal do Paran\u00e1 e atua no Programa de P\u00f3s-Gradua\u00e7\u00e3o em M\u00fasica da UFPR. Tem experi\u00eancia na \u00e1rea de Artes, com \u00eanfase em Teoria e an\u00e1lise musical, atuando principalmente nos seguintes temas: an\u00e1lise musical, musicologia, teoria musical, m\u00fasica brasileira dos s\u00e9culos XIX e XX.<\/p>\n<p>&nbsp;<\/p>\n<p><img class=\"wp-image-106 alignleft\" src=\"https:\/\/wp.ufpel.edu.br\/anepomucenoc\/files\/2020\/10\/Foto-Lutero-divulgacao-400x359.jpg\" alt=\"\" width=\"223\" height=\"200\" srcset=\"https:\/\/wp.ufpel.edu.br\/anepomucenoc\/files\/2020\/10\/Foto-Lutero-divulgacao-400x359.jpg 400w, https:\/\/wp.ufpel.edu.br\/anepomucenoc\/files\/2020\/10\/Foto-Lutero-divulgacao.jpg 768w\" sizes=\"(max-width: 223px) 100vw, 223px\" \/> <strong>Lutero Rodrigues<\/strong>\u00a0estudou no Brasil e Alemanha. Tem Mestrado (UNESP) e Doutorado (USP) em Musicologia. Atuou como Regente de diversas orquestras brasileiras, tendo sido tamb\u00e9m convidado a reger no exterior: Alemanha, Costa Rica, M\u00e9xico, Espanha, Dinamarca e Col\u00f4mbia. Dando \u00eanfase ao repert\u00f3rio brasileiro, dirigiu mais de uma centena de estreias mundiais. Paralelamente, dedicou-se \u00e0 pesquisa em Musicologia, resultando em in\u00fameras publica\u00e7\u00f5es.<br \/>\nEm 2002, foi eleito membro da Academia Brasileira de M\u00fasica e, em 2010, tornou-se Professor do Departamento de M\u00fasica do Instituto de Artes da UNESP, em S\u00e3o Paulo, onde \u00e9 Professor de Reg\u00eancia, Hist\u00f3ria da M\u00fasica no Brasil e tamb\u00e9m Professor da P\u00f3s-Gradua\u00e7\u00e3o, na \u00e1rea de Musicologia Hist\u00f3rica.<\/p>\n<p>&nbsp;<\/p>\n<p><img class=\"size-full wp-image-104 alignleft\" src=\"https:\/\/wp.ufpel.edu.br\/anepomucenoc\/files\/2020\/10\/Rodolfo-IEA.png\" alt=\"\" width=\"143\" height=\"144\" \/> <strong>Rodolfo Coelho de Souza<\/strong>\u00a0\u00e9 professor titular do Departamento de M\u00fasica da Universidade de S\u00e3o Paulo, onde coordena o LATEAM \u2013 Laborat\u00f3rio de Teoria e An\u00e1lise Musical. \u00c9 o atual presidente da TeMA \u2013 Associa\u00e7\u00e3o Brasileira de Teoria e An\u00e1lise Musica, e anteriormente, editor do peri\u00f3dico Musica Theorica da TeMA. Desenvolve pesquisa sobre a obra de Alberto Nepomuceno desde 1986, tendo publicado mais de dez artigos relativos a essas pesquisas, al\u00e9m de orientar quatro teses acad\u00eamicas e orquestrar doze das can\u00e7\u00f5es de Nepomuceno em l\u00edngua estrangeira.<\/p>\n","protected":false},"excerpt":{"rendered":"<p>Carlos Alberto Figueiredo\u00a0\u00e9 professor nos Programas de P\u00f3s-gradua\u00e7\u00e3o em M\u00fasica da Universidade Federal do Estado do Rio de Janeiro (UNIRIO) e da Universidade Federal de S\u00e3o Jo\u00e3o del Rei (UFSJ). \u00c9 Doutor em M\u00fasica pela UNIRIO e realizou seu est\u00e1gio p\u00f3s-doutoral, no CESEM da Universidade Nova de Lisboa, sob a orienta\u00e7\u00e3o de David Cranmer. Participou [&hellip;]<\/p>\n","protected":false},"author":980,"featured_media":0,"parent":0,"menu_order":2,"comment_status":"closed","ping_status":"closed","template":"","meta":{"footnotes":""},"class_list":["post-146","page","type-page","status-publish","hentry"],"jetpack_sharing_enabled":true,"jetpack_likes_enabled":true,"_links":{"self":[{"href":"https:\/\/wp.ufpel.edu.br\/anepomucenoc\/wp-json\/wp\/v2\/pages\/146","targetHints":{"allow":["GET"]}}],"collection":[{"href":"https:\/\/wp.ufpel.edu.br\/anepomucenoc\/wp-json\/wp\/v2\/pages"}],"about":[{"href":"https:\/\/wp.ufpel.edu.br\/anepomucenoc\/wp-json\/wp\/v2\/types\/page"}],"author":[{"embeddable":true,"href":"https:\/\/wp.ufpel.edu.br\/anepomucenoc\/wp-json\/wp\/v2\/users\/980"}],"replies":[{"embeddable":true,"href":"https:\/\/wp.ufpel.edu.br\/anepomucenoc\/wp-json\/wp\/v2\/comments?post=146"}],"version-history":[{"count":3,"href":"https:\/\/wp.ufpel.edu.br\/anepomucenoc\/wp-json\/wp\/v2\/pages\/146\/revisions"}],"predecessor-version":[{"id":180,"href":"https:\/\/wp.ufpel.edu.br\/anepomucenoc\/wp-json\/wp\/v2\/pages\/146\/revisions\/180"}],"wp:attachment":[{"href":"https:\/\/wp.ufpel.edu.br\/anepomucenoc\/wp-json\/wp\/v2\/media?parent=146"}],"curies":[{"name":"wp","href":"https:\/\/api.w.org\/{rel}","templated":true}]}}