{"id":4171,"date":"2020-08-13T21:47:57","date_gmt":"2020-08-14T00:47:57","guid":{"rendered":"https:\/\/wp.ufpel.edu.br\/agronomia\/?page_id=4171"},"modified":"2025-05-01T11:53:36","modified_gmt":"2025-05-01T14:53:36","slug":"normas-tcc","status":"publish","type":"page","link":"https:\/\/wp.ufpel.edu.br\/agronomia\/normas-tcc\/","title":{"rendered":"Normas e modelo TCC"},"content":{"rendered":"<p style=\"text-align: center;\"><strong>Normas TCC<\/strong><\/p>\n<p><a href=\"https:\/\/wp.ufpel.edu.br\/agronomia\/files\/2020\/08\/Normas_TCC-alterada-2018-10-29.docx\">Normas_TCC-alterada-2018-10-29<\/a><\/p>\n<p>&nbsp;<\/p>\n<p style=\"text-align: center;\"><strong>Modelo e sugest\u00e3o de escrita do Trabalho de Conclus\u00e3o de Curso(TCC)<\/strong><\/p>\n<p>&nbsp;<\/p>\n<p><a href=\"https:\/\/wp.ufpel.edu.br\/agronomia\/files\/2025\/05\/Template-TCC-proposta-2024-11-08-1.docx\">Template TCC-proposta-2024-11-08<\/a> -ATUALIZADO<\/p>\n","protected":false},"excerpt":{"rendered":"<p>Normas TCC Normas_TCC-alterada-2018-10-29 &nbsp; Modelo e sugest\u00e3o de escrita do Trabalho de Conclus\u00e3o de Curso(TCC) &nbsp; Template TCC-proposta-2024-11-08 -ATUALIZADO<\/p>\n","protected":false},"author":914,"featured_media":0,"parent":0,"menu_order":0,"comment_status":"closed","ping_status":"closed","template":"","meta":{"jetpack_post_was_ever_published":false,"footnotes":""},"class_list":["post-4171","page","type-page","status-publish","hentry"],"jetpack_sharing_enabled":true,"jetpack_shortlink":"https:\/\/wp.me\/P7oTE2-15h","jetpack-related-posts":[{"id":425,"url":"https:\/\/wp.ufpel.edu.br\/agronomia\/formularios\/","url_meta":{"origin":4171,"position":0},"title":"Formul\u00e1rios","author":"segeomatica","date":"15\/06\/2016","format":false,"excerpt":"Formul\u00e1rio de Solicita\u00e7\u00e3o de Quebra de Pr\u00e9-Requisito. Clique Aqui Formul\u00e1rio de Solicita\u00e7\u00e3o de RECURSO de Quebra de Pr\u00e9-Requisito. Clique Aqui Formul\u00e1rio de Solicita\u00e7\u00e3o de Revis\u00e3o de Desempenho Acad\u00eamico. Clique Aqui Formul\u00e1rio de Solicita\u00e7\u00e3o de Aproveitamento de Disciplinas Optativas. Clique Aqui Modelo de Atividades curricular vivencial (ACV). Clique Aqui Modelo de\u2026","rel":"","context":"Post similar","block_context":{"text":"Post similar","link":""},"img":{"alt_text":"","src":"","width":0,"height":0},"classes":[]}],"_links":{"self":[{"href":"https:\/\/wp.ufpel.edu.br\/agronomia\/wp-json\/wp\/v2\/pages\/4171","targetHints":{"allow":["GET"]}}],"collection":[{"href":"https:\/\/wp.ufpel.edu.br\/agronomia\/wp-json\/wp\/v2\/pages"}],"about":[{"href":"https:\/\/wp.ufpel.edu.br\/agronomia\/wp-json\/wp\/v2\/types\/page"}],"author":[{"embeddable":true,"href":"https:\/\/wp.ufpel.edu.br\/agronomia\/wp-json\/wp\/v2\/users\/914"}],"replies":[{"embeddable":true,"href":"https:\/\/wp.ufpel.edu.br\/agronomia\/wp-json\/wp\/v2\/comments?post=4171"}],"version-history":[{"count":4,"href":"https:\/\/wp.ufpel.edu.br\/agronomia\/wp-json\/wp\/v2\/pages\/4171\/revisions"}],"predecessor-version":[{"id":5199,"href":"https:\/\/wp.ufpel.edu.br\/agronomia\/wp-json\/wp\/v2\/pages\/4171\/revisions\/5199"}],"wp:attachment":[{"href":"https:\/\/wp.ufpel.edu.br\/agronomia\/wp-json\/wp\/v2\/media?parent=4171"}],"curies":[{"name":"wp","href":"https:\/\/api.w.org\/{rel}","templated":true}]}}