{"id":198,"date":"2016-04-01T22:59:53","date_gmt":"2016-04-02T01:59:53","guid":{"rendered":"https:\/\/wp.ufpel.edu.br\/agronomia\/?page_id=198"},"modified":"2016-04-05T18:51:36","modified_gmt":"2016-04-05T21:51:36","slug":"mercado-de-trabalho","status":"publish","type":"page","link":"https:\/\/wp.ufpel.edu.br\/agronomia\/mercado-de-trabalho\/","title":{"rendered":"Mercado de Trabalho"},"content":{"rendered":"<h2>A carreira em Agronomia<\/h2>\n<p>O profissional formado em Agronomia tem o objetivo de melhorar a qualidade e produtividade de rebanhos, planta\u00e7\u00f5es e produtos agroindustriais.<\/p>\n<p>O agr\u00f4nomo cuida do planejamento, coordena\u00e7\u00e3o e execu\u00e7\u00e3o das atividades relacionadas a todas as etapas de um <b>agroneg\u00f3cio<\/b>. Ele acompanha o preparo e o cultivo do solo, o processo de colheita, o armazenamento e a distribui\u00e7\u00e3o dos alimentos.<\/p>\n<p>No que diz respeito \u00e0 <b>cria\u00e7\u00e3o de animais<\/b>, este profissional se ocupa da alimenta\u00e7\u00e3o do rebanho, da reprodu\u00e7\u00e3o, sa\u00fade e abate.<\/p>\n<p>Ele ainda gerencia os processos de industrializa\u00e7\u00e3o, armazenamento e comercializa\u00e7\u00e3o de produtos de origem animal ou vegetal.<\/p>\n<p>&nbsp;<\/p>\n<p>Fonte: Agronomia Curso e Mercado de trabalho. <strong>Guia da Carreira.<\/strong> Dispon\u00edvel em &lt;http:\/\/www.guiadacarreira.com.br\/profissao\/agronomia\/&gt;. Acesso em 05\/04\/2016.<\/p>\n","protected":false},"excerpt":{"rendered":"<p>A carreira em Agronomia O profissional formado em Agronomia tem o objetivo de melhorar a qualidade e produtividade de rebanhos, planta\u00e7\u00f5es e produtos agroindustriais. O agr\u00f4nomo cuida do planejamento, coordena\u00e7\u00e3o e execu\u00e7\u00e3o das atividades relacionadas a todas as etapas de um agroneg\u00f3cio. Ele acompanha o preparo e o cultivo do solo, o processo de colheita, [&hellip;]<\/p>\n","protected":false},"author":363,"featured_media":0,"parent":0,"menu_order":0,"comment_status":"closed","ping_status":"closed","template":"","meta":{"jetpack_post_was_ever_published":false,"footnotes":""},"class_list":["post-198","page","type-page","status-publish","hentry"],"jetpack_sharing_enabled":true,"jetpack_shortlink":"https:\/\/wp.me\/P7oTE2-3c","jetpack-related-posts":[{"id":124,"url":"https:\/\/wp.ufpel.edu.br\/agronomia\/horarios\/","url_meta":{"origin":198,"position":0},"title":"Hor\u00e1rios e Salas","author":"segeomatica","date":"01\/04\/2016","format":false,"excerpt":"Hor\u00e1rios 2026\/1: Horarios-2026.1 \u00a0","rel":"","context":"Post similar","block_context":{"text":"Post similar","link":""},"img":{"alt_text":"","src":"","width":0,"height":0},"classes":[]},{"id":5346,"url":"https:\/\/wp.ufpel.edu.br\/agronomia\/projeto-pedagogico-do-curso-de-agronomiappc\/","url_meta":{"origin":198,"position":1},"title":"PPC","author":"colegiadofaem","date":"10\/03\/2026","format":false,"excerpt":"Projeto Pedag\u00f3gico do Curso(PPC) - Vers\u00e3o 2016 Proc._23110.002295_2017_63___Parte_I Proc._23110.002295_2017_63___Parte_II Proc._23110.002295_2017_63___Parte_III Proc._23110.002295_2017_63___Parte_IV Proc._23110.002295_2017_63___Parte_V Proc._23110.002295_2017_63___Parte_VI Proc._23110.002295_2017_63___Parte_VII Proc._23110.002295_2017_63___Parte_VIII","rel":"","context":"Post similar","block_context":{"text":"Post similar","link":""},"img":{"alt_text":"","src":"","width":0,"height":0},"classes":[]}],"_links":{"self":[{"href":"https:\/\/wp.ufpel.edu.br\/agronomia\/wp-json\/wp\/v2\/pages\/198","targetHints":{"allow":["GET"]}}],"collection":[{"href":"https:\/\/wp.ufpel.edu.br\/agronomia\/wp-json\/wp\/v2\/pages"}],"about":[{"href":"https:\/\/wp.ufpel.edu.br\/agronomia\/wp-json\/wp\/v2\/types\/page"}],"author":[{"embeddable":true,"href":"https:\/\/wp.ufpel.edu.br\/agronomia\/wp-json\/wp\/v2\/users\/363"}],"replies":[{"embeddable":true,"href":"https:\/\/wp.ufpel.edu.br\/agronomia\/wp-json\/wp\/v2\/comments?post=198"}],"version-history":[{"count":3,"href":"https:\/\/wp.ufpel.edu.br\/agronomia\/wp-json\/wp\/v2\/pages\/198\/revisions"}],"predecessor-version":[{"id":259,"href":"https:\/\/wp.ufpel.edu.br\/agronomia\/wp-json\/wp\/v2\/pages\/198\/revisions\/259"}],"wp:attachment":[{"href":"https:\/\/wp.ufpel.edu.br\/agronomia\/wp-json\/wp\/v2\/media?parent=198"}],"curies":[{"name":"wp","href":"https:\/\/api.w.org\/{rel}","templated":true}]}}