{"id":142,"date":"2016-04-01T13:07:07","date_gmt":"2016-04-01T16:07:07","guid":{"rendered":"https:\/\/wp.ufpel.edu.br\/agronomia\/?page_id=142"},"modified":"2016-04-05T13:14:01","modified_gmt":"2016-04-05T16:14:01","slug":"nde","status":"publish","type":"page","link":"https:\/\/wp.ufpel.edu.br\/agronomia\/nde\/","title":{"rendered":"NDE"},"content":{"rendered":"<p>O N\u00facleo Docente Estruturante constitu\u00eddo pela Dire\u00e7\u00e3o da Faculdade de Agronomia Eliseu Maciel, em Portaria N\u00ba 284 \u2013 de 07\/11\/2014, \u00e9 composto por docentes e discentes que participaram da organiza\u00e7\u00e3o, estrutura\u00e7\u00e3o, implanta\u00e7\u00e3o e consolida\u00e7\u00e3o do Projeto Pedag\u00f3gico do Curso de Agronomia. O NDE se constituiu a partir da indica\u00e7\u00e3o de representantes de todos os departamentos que atuam no Curso de Agronomia, bem como do Diret\u00f3rio Acad\u00eamico.<\/p>\n","protected":false},"excerpt":{"rendered":"<p>O N\u00facleo Docente Estruturante constitu\u00eddo pela Dire\u00e7\u00e3o da Faculdade de Agronomia Eliseu Maciel, em Portaria N\u00ba 284 \u2013 de 07\/11\/2014, \u00e9 composto por docentes e discentes que participaram da organiza\u00e7\u00e3o, estrutura\u00e7\u00e3o, implanta\u00e7\u00e3o e consolida\u00e7\u00e3o do Projeto Pedag\u00f3gico do Curso de Agronomia. O NDE se constituiu a partir da indica\u00e7\u00e3o de representantes de todos os departamentos [&hellip;]<\/p>\n","protected":false},"author":363,"featured_media":0,"parent":0,"menu_order":0,"comment_status":"closed","ping_status":"closed","template":"","meta":{"jetpack_post_was_ever_published":false,"footnotes":""},"class_list":["post-142","page","type-page","status-publish","hentry"],"jetpack_sharing_enabled":true,"jetpack_shortlink":"https:\/\/wp.me\/P7oTE2-2i","jetpack-related-posts":[{"id":5346,"url":"https:\/\/wp.ufpel.edu.br\/agronomia\/projeto-pedagogico-do-curso-de-agronomiappc\/","url_meta":{"origin":142,"position":0},"title":"PPC","author":"colegiadofaem","date":"10\/03\/2026","format":false,"excerpt":"Projeto Pedag\u00f3gico do Curso(PPC) - Vers\u00e3o 2016 Proc._23110.002295_2017_63___Parte_I Proc._23110.002295_2017_63___Parte_II Proc._23110.002295_2017_63___Parte_III Proc._23110.002295_2017_63___Parte_IV Proc._23110.002295_2017_63___Parte_V Proc._23110.002295_2017_63___Parte_VI Proc._23110.002295_2017_63___Parte_VII Proc._23110.002295_2017_63___Parte_VIII","rel":"","context":"Post similar","block_context":{"text":"Post similar","link":""},"img":{"alt_text":"","src":"","width":0,"height":0},"classes":[]},{"id":124,"url":"https:\/\/wp.ufpel.edu.br\/agronomia\/horarios\/","url_meta":{"origin":142,"position":1},"title":"Hor\u00e1rios e Salas","author":"segeomatica","date":"01\/04\/2016","format":false,"excerpt":"Hor\u00e1rios 2026\/1: Horarios-2026.1 \u00a0","rel":"","context":"Post similar","block_context":{"text":"Post similar","link":""},"img":{"alt_text":"","src":"","width":0,"height":0},"classes":[]}],"_links":{"self":[{"href":"https:\/\/wp.ufpel.edu.br\/agronomia\/wp-json\/wp\/v2\/pages\/142","targetHints":{"allow":["GET"]}}],"collection":[{"href":"https:\/\/wp.ufpel.edu.br\/agronomia\/wp-json\/wp\/v2\/pages"}],"about":[{"href":"https:\/\/wp.ufpel.edu.br\/agronomia\/wp-json\/wp\/v2\/types\/page"}],"author":[{"embeddable":true,"href":"https:\/\/wp.ufpel.edu.br\/agronomia\/wp-json\/wp\/v2\/users\/363"}],"replies":[{"embeddable":true,"href":"https:\/\/wp.ufpel.edu.br\/agronomia\/wp-json\/wp\/v2\/comments?post=142"}],"version-history":[{"count":2,"href":"https:\/\/wp.ufpel.edu.br\/agronomia\/wp-json\/wp\/v2\/pages\/142\/revisions"}],"predecessor-version":[{"id":218,"href":"https:\/\/wp.ufpel.edu.br\/agronomia\/wp-json\/wp\/v2\/pages\/142\/revisions\/218"}],"wp:attachment":[{"href":"https:\/\/wp.ufpel.edu.br\/agronomia\/wp-json\/wp\/v2\/media?parent=142"}],"curies":[{"name":"wp","href":"https:\/\/api.w.org\/{rel}","templated":true}]}}