{"id":124,"date":"2016-04-01T10:33:11","date_gmt":"2016-04-01T13:33:11","guid":{"rendered":"https:\/\/wp.ufpel.edu.br\/agronomia\/?page_id=124"},"modified":"2026-03-20T10:34:14","modified_gmt":"2026-03-20T13:34:14","slug":"horarios","status":"publish","type":"page","link":"https:\/\/wp.ufpel.edu.br\/agronomia\/horarios\/","title":{"rendered":"Hor\u00e1rios e Salas"},"content":{"rendered":"<p>Hor\u00e1rios 2026\/1:<\/p>\n<p><a href=\"https:\/\/wp.ufpel.edu.br\/agronomia\/files\/2026\/03\/Horarios-2026.1-1.pdf\">Horarios-2026.1<\/a><\/p>\n<p>&nbsp;<\/p>\n","protected":false},"excerpt":{"rendered":"<p>Hor\u00e1rios 2026\/1: Horarios-2026.1 &nbsp;<\/p>\n","protected":false},"author":363,"featured_media":0,"parent":0,"menu_order":0,"comment_status":"closed","ping_status":"closed","template":"","meta":{"jetpack_post_was_ever_published":false,"footnotes":""},"class_list":["post-124","page","type-page","status-publish","hentry"],"jetpack_sharing_enabled":true,"jetpack_shortlink":"https:\/\/wp.me\/P7oTE2-20","jetpack-related-posts":[{"id":5384,"url":"https:\/\/wp.ufpel.edu.br\/agronomia\/pre-requisito\/","url_meta":{"origin":124,"position":0},"title":"Pr\u00e9-requisito","author":"colegiadofaem","date":"17\/04\/2026","format":false,"excerpt":"Crit\u00e9rios para concess\u00e3o de quebras de pr\u00e9-requisitos \u00a0 1) Se o estudante estiver em condi\u00e7\u00e3o para realizar est\u00e1gio obrigat\u00f3rio no semestre seguinte \u00e0 solicita\u00e7\u00e3o da quebra; 2) Minimiza\u00e7\u00e3o do tempo de integraliza\u00e7\u00e3o de cr\u00e9ditos para estudantes que se encontrem em final de curso, isto \u00e9, que consigam concluir os cr\u00e9ditos\u2026","rel":"","context":"Post similar","block_context":{"text":"Post similar","link":""},"img":{"alt_text":"","src":"","width":0,"height":0},"classes":[]}],"_links":{"self":[{"href":"https:\/\/wp.ufpel.edu.br\/agronomia\/wp-json\/wp\/v2\/pages\/124","targetHints":{"allow":["GET"]}}],"collection":[{"href":"https:\/\/wp.ufpel.edu.br\/agronomia\/wp-json\/wp\/v2\/pages"}],"about":[{"href":"https:\/\/wp.ufpel.edu.br\/agronomia\/wp-json\/wp\/v2\/types\/page"}],"author":[{"embeddable":true,"href":"https:\/\/wp.ufpel.edu.br\/agronomia\/wp-json\/wp\/v2\/users\/363"}],"replies":[{"embeddable":true,"href":"https:\/\/wp.ufpel.edu.br\/agronomia\/wp-json\/wp\/v2\/comments?post=124"}],"version-history":[{"count":5,"href":"https:\/\/wp.ufpel.edu.br\/agronomia\/wp-json\/wp\/v2\/pages\/124\/revisions"}],"predecessor-version":[{"id":5380,"href":"https:\/\/wp.ufpel.edu.br\/agronomia\/wp-json\/wp\/v2\/pages\/124\/revisions\/5380"}],"wp:attachment":[{"href":"https:\/\/wp.ufpel.edu.br\/agronomia\/wp-json\/wp\/v2\/media?parent=124"}],"curies":[{"name":"wp","href":"https:\/\/api.w.org\/{rel}","templated":true}]}}

Horários e Salas

<p>Horários 2026/1:</p>
<p><a href="https://wp.ufpel.edu.br/agronomia/files/2026/03/Horarios-2026.1-1.pdf">Horarios-2026.1</a></p>
<p>&nbsp;</p>

<p>Horários 2026/1: Horarios-2026.1 &nbsp;</p>

Pré-requisito

Critérios para concessão de quebras de pré-requisitos   1) Se o estudante estiver em condição para realizar estágio obrigatório no semestre seguinte à solicitação da quebra; 2) Minimização do tempo de integralização de créditos para estudantes que se encontrem em final de curso, isto é, que consigam concluir os créditos…
