{"id":53,"date":"2014-08-28T16:54:18","date_gmt":"2014-08-28T19:54:18","guid":{"rendered":"https:\/\/wp.ufpel.edu.br\/agrometeorologia\/?page_id=53"},"modified":"2015-08-14T16:33:18","modified_gmt":"2015-08-14T19:33:18","slug":"links","status":"publish","type":"page","link":"https:\/\/wp.ufpel.edu.br\/agrometeorologia\/links\/","title":{"rendered":"Links"},"content":{"rendered":"<h2 style=\"color: #000000\" align=\"left\"><span style=\"color: #333399;font-family: 'Trebuchet MS', Arial, Helvetica\"><span style=\"font-family: 'Arial Black';font-size: large\">Sites relacionados\u00a0<\/span><\/span><\/h2>\n<p><a href=\"http:\/\/agromet.cpact.embrapa.br\/estacao\/\"><span style=\"color: #000000;font-family: 'Trebuchet MS', Arial, Helvetica\"><span style=\"color: #0000ff\">Esta\u00e7\u00e3o Agroclimatol\u00f3gica de Pelotas (Embrapa\/UFPel)<\/span><\/span><\/a><\/p>\n<p><a href=\"http:\/\/www.wmo.ch\/\" target=\"_blank\">WMO &#8211; Organiza\u00e7\u00e3o Meteorol\u00f3gica Mundial<\/a><\/p>\n<p><a href=\"http:\/\/www.inmet.gov.br\/\">INMET &#8211; Instituto Nacional de Meteorologia<\/a><\/p>\n<p><a href=\"http:\/\/www.inpe.br\/\">INPE &#8211; Instituto Nacional de Pesquisas Espaciais<\/a><\/p>\n<p><a href=\"http:\/\/cppmet.ufpel.edu.br\/cppmet\/index3.php?secao=0\">CPPMet &#8211;\u00a0Centro de Pesquisas e Previs\u00f5es Meteorol\u00f3gicas<\/a><\/p>\n<p><span style=\"color: #0000ff\"><a href=\"http:\/\/ciram.epagri.sc.gov.br\/\">CIRAM &#8211; EPAGRI<\/a><\/span><\/p>\n<p><a href=\"http:\/\/www.yr.no\/place\/Brazil\/Rio_Grande_do_Sul\/Pelotas~3454242\/long.html\">YR\u00a0&#8211;\u00a0Norwegian Meteorological Institute <\/a><\/p>\n<p><span style=\"color: #0000ff\"><a href=\"http:\/\/www.simepar.br\/\">SIMEPAR<\/a><\/span><\/p>\n<p><span style=\"color: #0000ff\"><a href=\"http:\/\/www.sbagro.org.br\/\">Sociedade Brasileira de Agrometeorologia<\/a><\/span><\/p>\n<p><a href=\"http:\/\/www.ana.gov.br\/\">Agencia Nacional de \u00c1guas<\/a><br \/>\n<span style=\"color: #0000ff\"><br \/>\n<a href=\"http:\/\/www.rlc.fao.org\/proyecto\/rla133ec\" target=\"_blank\">FAO &#8211; Organiza\u00e7\u00e3o das Na\u00e7\u00f5es Unidas para Alimenta\u00e7\u00e3o e Agricultura.<\/a><\/span><\/p>\n<p>&nbsp;<\/p>\n","protected":false},"excerpt":{"rendered":"<p>Sites relacionados\u00a0 Esta\u00e7\u00e3o Agroclimatol\u00f3gica de Pelotas (Embrapa\/UFPel) WMO &#8211; Organiza\u00e7\u00e3o Meteorol\u00f3gica Mundial INMET &#8211; Instituto Nacional de Meteorologia INPE &#8211; Instituto Nacional de Pesquisas Espaciais CPPMet &#8211;\u00a0Centro de Pesquisas e Previs\u00f5es Meteorol\u00f3gicas CIRAM &#8211; EPAGRI YR\u00a0&#8211;\u00a0Norwegian Meteorological Institute SIMEPAR Sociedade Brasileira de Agrometeorologia Agencia Nacional de \u00c1guas FAO &#8211; Organiza\u00e7\u00e3o das Na\u00e7\u00f5es Unidas para Alimenta\u00e7\u00e3o [&hellip;]<\/p>\n","protected":false},"author":322,"featured_media":0,"parent":0,"menu_order":4,"comment_status":"closed","ping_status":"closed","template":"","meta":{"jetpack_post_was_ever_published":false,"footnotes":""},"class_list":["post-53","page","type-page","status-publish","hentry"],"jetpack_sharing_enabled":true,"jetpack_shortlink":"https:\/\/wp.me\/P4ZCJ0-R","_links":{"self":[{"href":"https:\/\/wp.ufpel.edu.br\/agrometeorologia\/wp-json\/wp\/v2\/pages\/53","targetHints":{"allow":["GET"]}}],"collection":[{"href":"https:\/\/wp.ufpel.edu.br\/agrometeorologia\/wp-json\/wp\/v2\/pages"}],"about":[{"href":"https:\/\/wp.ufpel.edu.br\/agrometeorologia\/wp-json\/wp\/v2\/types\/page"}],"author":[{"embeddable":true,"href":"https:\/\/wp.ufpel.edu.br\/agrometeorologia\/wp-json\/wp\/v2\/users\/322"}],"replies":[{"embeddable":true,"href":"https:\/\/wp.ufpel.edu.br\/agrometeorologia\/wp-json\/wp\/v2\/comments?post=53"}],"version-history":[{"count":5,"href":"https:\/\/wp.ufpel.edu.br\/agrometeorologia\/wp-json\/wp\/v2\/pages\/53\/revisions"}],"predecessor-version":[{"id":463,"href":"https:\/\/wp.ufpel.edu.br\/agrometeorologia\/wp-json\/wp\/v2\/pages\/53\/revisions\/463"}],"wp:attachment":[{"href":"https:\/\/wp.ufpel.edu.br\/agrometeorologia\/wp-json\/wp\/v2\/media?parent=53"}],"curies":[{"name":"wp","href":"https:\/\/api.w.org\/{rel}","templated":true}]}}

<h2 style="color: #000000" align="left"><span style="color: #333399;font-family: 'Trebuchet MS', Arial, Helvetica"><span style="font-family: 'Arial Black';font-size: large">Sites relacionados </span></span></h2>
<p><a href="http://agromet.cpact.embrapa.br/estacao/"><span style="color: #000000;font-family: 'Trebuchet MS', Arial, Helvetica"><span style="color: #0000ff">Estação Agroclimatológica de Pelotas (Embrapa/UFPel)</span></span></a></p>
<p><a href="http://www.wmo.ch/" target="_blank">WMO &#8211; Organização Meteorológica Mundial</a></p>
<p><a href="http://www.inmet.gov.br/">INMET &#8211; Instituto Nacional de Meteorologia</a></p>
<p><a href="http://www.inpe.br/">INPE &#8211; Instituto Nacional de Pesquisas Espaciais</a></p>
<p><a href="http://cppmet.ufpel.edu.br/cppmet/index3.php?secao=0">CPPMet &#8211; Centro de Pesquisas e Previsões Meteorológicas</a></p>
<p><span style="color: #0000ff"><a href="http://ciram.epagri.sc.gov.br/">CIRAM &#8211; EPAGRI</a></span></p>
<p><a href="http://www.yr.no/place/Brazil/Rio_Grande_do_Sul/Pelotas~3454242/long.html">YR &#8211; Norwegian Meteorological Institute </a></p>
<p><span style="color: #0000ff"><a href="http://www.simepar.br/">SIMEPAR</a></span></p>
<p><span style="color: #0000ff"><a href="http://www.sbagro.org.br/">Sociedade Brasileira de Agrometeorologia</a></span></p>
<p><a href="http://www.ana.gov.br/">Agencia Nacional de Águas</a><br />
<span style="color: #0000ff"><br />
<a href="http://www.rlc.fao.org/proyecto/rla133ec" target="_blank">FAO &#8211; Organização das Nações Unidas para Alimentação e Agricultura.</a></span></p>
<p>&nbsp;</p>

<p>Sites relacionados  Estação Agroclimatológica de Pelotas (Embrapa/UFPel) WMO &#8211; Organização Meteorológica Mundial INMET &#8211; Instituto Nacional de Meteorologia INPE &#8211; Instituto Nacional de Pesquisas Espaciais CPPMet &#8211; Centro de Pesquisas e Previsões Meteorológicas CIRAM &#8211; EPAGRI YR &#8211; Norwegian Meteorological Institute SIMEPAR Sociedade Brasileira de Agrometeorologia Agencia Nacional de Águas FAO &#8211; Organização das Nações Unidas para Alimentação [&hellip;]</p>
