{"id":34,"date":"2014-08-28T16:22:18","date_gmt":"2014-08-28T19:22:18","guid":{"rendered":"https:\/\/wp.ufpel.edu.br\/agrometeorologia\/?page_id=34"},"modified":"2018-03-28T15:23:59","modified_gmt":"2018-03-28T18:23:59","slug":"ementa-da-disciplina","status":"publish","type":"page","link":"https:\/\/wp.ufpel.edu.br\/agrometeorologia\/ementa-da-disciplina\/","title":{"rendered":"Ementas das disciplinas"},"content":{"rendered":"<h3><a href=\"https:\/\/wp.ufpel.edu.br\/agrometeorologia\/ementa-da-disciplina\/agrometeorologia-graduacao-em-agronomia\/\"><strong>AGROMETEOROLOGIA \u00a0\u00a0<\/strong><em>(Disciplina obrigat\u00f3ria\u00a0do curso de Agronomia-FAEM-UFPel)<\/em><\/a><\/h3>\n<h3><a href=\"https:\/\/wp.ufpel.edu.br\/agrometeorologia\/ementa-da-disciplina\/bioclimatologia-vegetal-graduacao-em-agronomia-optativa\/\"><strong>BIOCLIMATOLOGIA VEGETAL \u00a0<\/strong><em>(Disciplina optativa do curso de Agronomia-FAEM-UFPel)<\/em><\/a><\/h3>\n<h3><a href=\"https:\/\/wp.ufpel.edu.br\/agrometeorologia\/ementa-da-disciplina\/disciplinas-da-pos-graduacao\/\">DISCIPLINAS DA P\u00d3S-GRADUA\u00c7\u00c3O<\/a><\/h3>\n","protected":false},"excerpt":{"rendered":"<p>AGROMETEOROLOGIA \u00a0\u00a0(Disciplina obrigat\u00f3ria\u00a0do curso de Agronomia-FAEM-UFPel) BIOCLIMATOLOGIA VEGETAL \u00a0(Disciplina optativa do curso de Agronomia-FAEM-UFPel) DISCIPLINAS DA P\u00d3S-GRADUA\u00c7\u00c3O<\/p>\n","protected":false},"author":322,"featured_media":0,"parent":0,"menu_order":2,"comment_status":"closed","ping_status":"closed","template":"","meta":{"jetpack_post_was_ever_published":false,"footnotes":""},"class_list":["post-34","page","type-page","status-publish","hentry"],"jetpack_sharing_enabled":true,"jetpack_shortlink":"https:\/\/wp.me\/P4ZCJ0-y","_links":{"self":[{"href":"https:\/\/wp.ufpel.edu.br\/agrometeorologia\/wp-json\/wp\/v2\/pages\/34","targetHints":{"allow":["GET"]}}],"collection":[{"href":"https:\/\/wp.ufpel.edu.br\/agrometeorologia\/wp-json\/wp\/v2\/pages"}],"about":[{"href":"https:\/\/wp.ufpel.edu.br\/agrometeorologia\/wp-json\/wp\/v2\/types\/page"}],"author":[{"embeddable":true,"href":"https:\/\/wp.ufpel.edu.br\/agrometeorologia\/wp-json\/wp\/v2\/users\/322"}],"replies":[{"embeddable":true,"href":"https:\/\/wp.ufpel.edu.br\/agrometeorologia\/wp-json\/wp\/v2\/comments?post=34"}],"version-history":[{"count":31,"href":"https:\/\/wp.ufpel.edu.br\/agrometeorologia\/wp-json\/wp\/v2\/pages\/34\/revisions"}],"predecessor-version":[{"id":1081,"href":"https:\/\/wp.ufpel.edu.br\/agrometeorologia\/wp-json\/wp\/v2\/pages\/34\/revisions\/1081"}],"wp:attachment":[{"href":"https:\/\/wp.ufpel.edu.br\/agrometeorologia\/wp-json\/wp\/v2\/media?parent=34"}],"curies":[{"name":"wp","href":"https:\/\/api.w.org\/{rel}","templated":true}]}}

<h3><a href="https://wp.ufpel.edu.br/agrometeorologia/ementa-da-disciplina/agrometeorologia-graduacao-em-agronomia/"><strong>AGROMETEOROLOGIA   </strong><em>(Disciplina obrigatória do curso de Agronomia-FAEM-UFPel)</em></a></h3>
<h3><a href="https://wp.ufpel.edu.br/agrometeorologia/ementa-da-disciplina/bioclimatologia-vegetal-graduacao-em-agronomia-optativa/"><strong>BIOCLIMATOLOGIA VEGETAL  </strong><em>(Disciplina optativa do curso de Agronomia-FAEM-UFPel)</em></a></h3>
<h3><a href="https://wp.ufpel.edu.br/agrometeorologia/ementa-da-disciplina/disciplinas-da-pos-graduacao/">DISCIPLINAS DA PÓS-GRADUAÇÃO</a></h3>

<p>AGROMETEOROLOGIA   (Disciplina obrigatória do curso de Agronomia-FAEM-UFPel) BIOCLIMATOLOGIA VEGETAL  (Disciplina optativa do curso de Agronomia-FAEM-UFPel) DISCIPLINAS DA PÓS-GRADUAÇÃO</p>
