{"id":260,"date":"2017-11-08T19:34:56","date_gmt":"2017-11-08T21:34:56","guid":{"rendered":"https:\/\/wp.ufpel.edu.br\/agostini\/?page_id=260"},"modified":"2024-05-06T20:21:15","modified_gmt":"2024-05-06T23:21:15","slug":"alunos","status":"publish","type":"page","link":"https:\/\/wp.ufpel.edu.br\/agostini\/alunos\/","title":{"rendered":"Orienta\u00e7\u00f5es"},"content":{"rendered":"<p style=\"text-align: right;\"><em>*** Atualizado em 6 de maio de 2024 ***<\/em><\/p>\n<p><strong>Orienta\u00e7\u00f5es em Andamento:<\/strong><\/p>\n<p><strong>Tese de Doutorado:<\/strong><\/p>\n<ul>\n<li>Vinicius de Araujo Borges &#8211; orientador principal (UFPel)<\/li>\n<li>Ruhan \u00c1vila Concei\u00e7\u00e3o &#8211; orientador principal (UFPel)<\/li>\n<li>Pablo Chiaro da Rosa &#8211; orientador principal (UFPel)<\/li>\n<li>Andr\u00e9 Marcelo Coelho da Silva &#8211; orientador principal (UFPel)<\/li>\n<li>Marta Breunig Loose &#8211; orientador principal (UFPel)<\/li>\n<li>Rog\u00e9rio Cassanta Rosado &#8211; orientador principal (UFPel)<\/li>\n<li>Murilo Roschildt Perleberg &#8211; co-orientador (UFPel)<\/li>\n<li>\u00c9ric Tadiello Beltr\u00e3o &#8211; co-orientador (UFPel)<\/li>\n<li>Rafael dos Santos Ferreira &#8211; co-orientador (UFPel)<\/li>\n<\/ul>\n<p><strong>Disserta\u00e7\u00e3o de Mestrado:<\/strong><\/p>\n<ul>\n<li>Andrei Schneider Majada &#8211; orientador principal (UFPel)<\/li>\n<li>Roger Garcia Mendes &#8211; orientador principal (UFPel)<\/li>\n<li>Miguel Maciel da Silva &#8211; orientador principal (UFPel)<\/li>\n<li>William Kolodziejski &#8211; orientador principal (UFPel)<\/li>\n<li>Ramiro Gomes da Silva Viana &#8211; orientador principal (UFPel)<\/li>\n<li>Vinicius de Araujo Borges &#8211; orientador principal (UFPel)<\/li>\n<\/ul>\n<p><strong>Trabalho de Conclus\u00e3o de Curso:<\/strong><\/p>\n<ul>\n<li>Bianca Nunes Coelho (UFPel)<\/li>\n<li>Ot\u00e1vio Fernandes dos Santos (UFPel)<\/li>\n<li>Giordano Est\u00eav\u00e3o Borges Leal (UFPel)<\/li>\n<\/ul>\n<p><strong>Inicia\u00e7\u00e3o Cient\u00edfica:<\/strong><\/p>\n<ul>\n<li>Franklin Sales de Oliveira (UFPel)<\/li>\n<li>Vanessa Aldrighi (UFPel)<\/li>\n<\/ul>\n<p>&nbsp;<\/p>\n<p><strong>Orienta\u00e7\u00f5es Conclu\u00eddas:<\/strong><\/p>\n<p><strong>P\u00f3s-Doutorado:<\/strong><\/p>\n<ul>\n<li>Guilherme Ribeiro Corr\u00eaa (UFPel)<\/li>\n<\/ul>\n<p><strong>Teses de Doutorado:<\/strong><\/p>\n<ul>\n<li>Marcel Moscarelli Correa &#8211; orientador principal (UFPel)<\/li>\n<li>Robson Andr\u00e9 Domanski &#8211; orientador principal (UFPel)<\/li>\n<li>Roberta de Carvalho Nobre Palau &#8211; orientador principal (UFPel)<\/li>\n<li>M\u00e1rio Roberto de Freitas Saldanha &#8211; orientador principal (UFPel)<\/li>\n<li>Fabr\u00edcio Neitzke Ferreira &#8211; orientador principal (UFPel)<\/li>\n<li>Jones Willian Goebel &#8211; co-orientador (UFPel)<\/li>\n<li>Isis Duarte Bender &#8211; co-orientador (UFPel)<\/li>\n<li>Anderson Priebe Ferrugem &#8211; co-orientador (UFPel)<\/li>\n<li>Ramon Costi Fernandes &#8211; co-orientador (PUCRS)<\/li>\n<li>Roger Endrigo Carvalho Porto &#8211; co-orientador (UFPel)<\/li>\n<li>Gustavo Freitas Sanchez &#8211; co-orientador (PUCRS)<\/li>\n<li>Ismael Seidel &#8211; co-orientador (UFSC)<\/li>\n<li>Vladimir Afonso &#8211; co-orientador (UFRGS)<\/li>\n<li>Daniel Munari Palomino &#8211; co-orientador (UFRGS)<\/li>\n<li>Guilherme Ribeiro Corr\u00eaa &#8211; co-orientador (Universidade de Coimbra)<\/li>\n<li>Tha\u00edsa Leal da Silva &#8211; co-orientador (Universidade de Coimbra)<\/li>\n<li>Marcelo Schiavon Porto &#8211; co-orientador (UFRGS)<\/li>\n<\/ul>\n<p><strong>Disserta\u00e7\u00f5es de Mestrado:<\/strong><\/p>\n<ul>\n<li>Yan Ballinhas Soares &#8211; orientador principal (UFPel)<\/li>\n<li>Pablo De Chiaro Rosa &#8211; orientador principal (UFPel)<\/li>\n<li>M\u00e1rio Roberto de Freitas Saldanha &#8211; orientador principal (UFPel)<\/li>\n<li>Marcel Moscarelli Correa &#8211; orientador principal (UFPel)<\/li>\n<li>Ruhan \u00c1vila da Concei\u00e7\u00e3o &#8211; orientador principal (UFPel)<\/li>\n<li>Fabiane Konrad Rediess &#8211; orientador principal (UFPel)<\/li>\n<li>Gustavo Freitas Sanchez &#8211; orientador principal (UFPel)<\/li>\n<li>Henrique \u00c1vila Vianna &#8211; orientador principal (UFPel)<\/li>\n<li>Paulo Henrik Ribeiro Gon\u00e7alves &#8211; co-orientador (UFPel)<\/li>\n<li>Mateus Mendes Gon\u00e7alves &#8211; co-orientador (UFPel)<\/li>\n<li>Murilo Roschildt Perleberg &#8211; co-orientador (UFPel)<\/li>\n<li>Iago Coelho Storch &#8211; co-orientador (UFPel)<\/li>\n<li>Jones Willian Goebel &#8211; co-orientador (UFPel)<\/li>\n<li>Miguel Oliveira Inoc\u00eancio &#8211; co-orientador (Universidade de Aveiro)<\/li>\n<li>L\u00edvia Amaral &#8211; co-orientador (UFPel)<\/li>\n<li>Luciano Braatz &#8211; co-orientador (UFPel)<\/li>\n<li>Wagner Ishizaka Penny &#8211; co-orientador (UFPel)<\/li>\n<li>Dieison Soares Silveira &#8211; co-orientador (UFPel)<\/li>\n<li>Ricardo Garcia Jeske &#8211; co-orientador (UFPel)<\/li>\n<li>Daniel Munari Palomino &#8211; co-orientador (UFRGS)<\/li>\n<li>Vladimir Afonso &#8211; co-orientador (UFPel)<\/li>\n<li>Felipe Martin Sampaio &#8211; co-orientador (UFRGS)<\/li>\n<li>Alba Sandyra Bezerra Lopes &#8211; co-orientador (UFRN)<\/li>\n<li>Guilherme Ribeiro Corr\u00eaa &#8211; co-orientador (UFRGS)<\/li>\n<li>Tha\u00edsa Leal da Silva &#8211; co-orientador (UFRGS)<\/li>\n<\/ul>\n<p><strong>Trabalhos de Conclus\u00e3o de Curso:<\/strong><\/p>\n<ul>\n<li>Rafael Linhares Ferreira (UFPel)<\/li>\n<li>Andrei Schneider Majada (UFPel)<\/li>\n<li>Marina Longo Dias (UFPel)<\/li>\n<li>William Kolodziejski (UFPel)<\/li>\n<li>Vinicius de Araujo Borges (UFPel)<\/li>\n<li>Eduardo Vargas Zummach (UFPel)<\/li>\n<li>Cristhopher Concei\u00e7\u00e3o Moura (UFPel)<\/li>\n<li>Pargles Wenz Dall Oglio (UFPel)<\/li>\n<li>Guilherme Povala (UFPel)(UFPel)<\/li>\n<li>M\u00e1rio Roberto de Freitas Saldanha (UFPel)<\/li>\n<li>C\u00e1ssio Rodrigo Cristani (UFPel)<\/li>\n<li>Ruhan \u00c1vila da Concei\u00e7\u00e3o (UFPel)<\/li>\n<li>Gustavo Freitas Sanchez (UFPel)<\/li>\n<li>Dieison Soares Silveira (UFPel)<\/li>\n<li>Marcel Moscarelli Corr\u00eaa (UFPel)<\/li>\n<li>Mateus Grellert da Silva (UFPel)<\/li>\n<li>Diego Vrague Noble (UFPel)<\/li>\n<li>Daniel Munari Vilchez Palomino (UFPel)<\/li>\n<li>Felipe Martin Sampaio (UFPel)<\/li>\n<li>Robson Sejanes Dornelles (UFPel)<\/li>\n<li>Guilherme Ribeiro Corr\u00eaa (UFPel)<\/li>\n<li>Fabiane Rediess (UFPel)<\/li>\n<li>Carolina Marques Fonseca (UFPel)<\/li>\n<li>Rafael de Lima Petry (UFPel)<\/li>\n<li>Leandro Zanetti Paiva da Rosa (UFPel)<\/li>\n<li>Matheus Porci\u00fancula Braga (UFPel)<\/li>\n<li>Helen Franck (UFPel)<\/li>\n<li>Eduardo Mesquita (UFPel)<\/li>\n<li>Bruno Zatt (UFRGS)<\/li>\n<li>Thaisa Leal da Silva (UFPel)<\/li>\n<li>Marcelo Schiavon Porto (UFPel)<\/li>\n<li>Andre Marcelo Coelho da Silva (UFPel)<\/li>\n<li>Rodrigo Ara\u00fajo Tavares (UFPel)<\/li>\n<li>Natan Bueno Ungethuem (UFPel)<\/li>\n<li>Cristiano Brasil Sperb (UFPel)<\/li>\n<li>Bruno Silveira Neves (UFPel)<\/li>\n<li>Roger Endrigo Carvalho Porto (UFPel)<\/li>\n<\/ul>\n","protected":false},"excerpt":{"rendered":"<p>*** Atualizado em 6 de maio de 2024 *** Orienta\u00e7\u00f5es em Andamento: Tese de Doutorado: Vinicius de Araujo Borges &#8211; orientador principal (UFPel) Ruhan \u00c1vila Concei\u00e7\u00e3o &#8211; orientador principal (UFPel) Pablo Chiaro da Rosa &#8211; orientador principal (UFPel) Andr\u00e9 Marcelo &hellip; <a href=\"https:\/\/wp.ufpel.edu.br\/agostini\/alunos\/\">Continue lendo <span class=\"meta-nav\">&rarr;<\/span><\/a><\/p>\n","protected":false},"author":685,"featured_media":0,"parent":0,"menu_order":0,"comment_status":"closed","ping_status":"closed","template":"","meta":{"footnotes":""},"class_list":["post-260","page","type-page","status-publish","hentry"],"_links":{"self":[{"href":"https:\/\/wp.ufpel.edu.br\/agostini\/wp-json\/wp\/v2\/pages\/260","targetHints":{"allow":["GET"]}}],"collection":[{"href":"https:\/\/wp.ufpel.edu.br\/agostini\/wp-json\/wp\/v2\/pages"}],"about":[{"href":"https:\/\/wp.ufpel.edu.br\/agostini\/wp-json\/wp\/v2\/types\/page"}],"author":[{"embeddable":true,"href":"https:\/\/wp.ufpel.edu.br\/agostini\/wp-json\/wp\/v2\/users\/685"}],"replies":[{"embeddable":true,"href":"https:\/\/wp.ufpel.edu.br\/agostini\/wp-json\/wp\/v2\/comments?post=260"}],"version-history":[{"count":9,"href":"https:\/\/wp.ufpel.edu.br\/agostini\/wp-json\/wp\/v2\/pages\/260\/revisions"}],"predecessor-version":[{"id":338,"href":"https:\/\/wp.ufpel.edu.br\/agostini\/wp-json\/wp\/v2\/pages\/260\/revisions\/338"}],"wp:attachment":[{"href":"https:\/\/wp.ufpel.edu.br\/agostini\/wp-json\/wp\/v2\/media?parent=260"}],"curies":[{"name":"wp","href":"https:\/\/api.w.org\/{rel}","templated":true}]}}

Orientações

<p style="text-align: right;"><em>*** Atualizado em 6 de maio de 2024 ***</em></p>
<p><strong>Orientações em Andamento:</strong></p>
<p><strong>Tese de Doutorado:</strong></p>
<ul>
<li>Vinicius de Araujo Borges &#8211; orientador principal (UFPel)</li>
<li>Ruhan Ávila Conceição &#8211; orientador principal (UFPel)</li>
<li>Pablo Chiaro da Rosa &#8211; orientador principal (UFPel)</li>
<li>André Marcelo Coelho da Silva &#8211; orientador principal (UFPel)</li>
<li>Marta Breunig Loose &#8211; orientador principal (UFPel)</li>
<li>Rogério Cassanta Rosado &#8211; orientador principal (UFPel)</li>
<li>Murilo Roschildt Perleberg &#8211; co-orientador (UFPel)</li>
<li>Éric Tadiello Beltrão &#8211; co-orientador (UFPel)</li>
<li>Rafael dos Santos Ferreira &#8211; co-orientador (UFPel)</li>
</ul>
<p><strong>Dissertação de Mestrado:</strong></p>
<ul>
<li>Andrei Schneider Majada &#8211; orientador principal (UFPel)</li>
<li>Roger Garcia Mendes &#8211; orientador principal (UFPel)</li>
<li>Miguel Maciel da Silva &#8211; orientador principal (UFPel)</li>
<li>William Kolodziejski &#8211; orientador principal (UFPel)</li>
<li>Ramiro Gomes da Silva Viana &#8211; orientador principal (UFPel)</li>
<li>Vinicius de Araujo Borges &#8211; orientador principal (UFPel)</li>
</ul>
<p><strong>Trabalho de Conclusão de Curso:</strong></p>
<ul>
<li>Bianca Nunes Coelho (UFPel)</li>
<li>Otávio Fernandes dos Santos (UFPel)</li>
<li>Giordano Estêvão Borges Leal (UFPel)</li>
</ul>
<p><strong>Iniciação Científica:</strong></p>
<ul>
<li>Franklin Sales de Oliveira (UFPel)</li>
<li>Vanessa Aldrighi (UFPel)</li>
</ul>
<p>&nbsp;</p>
<p><strong>Orientações Concluídas:</strong></p>
<p><strong>Pós-Doutorado:</strong></p>
<ul>
<li>Guilherme Ribeiro Corrêa (UFPel)</li>
</ul>
<p><strong>Teses de Doutorado:</strong></p>
<ul>
<li>Marcel Moscarelli Correa &#8211; orientador principal (UFPel)</li>
<li>Robson André Domanski &#8211; orientador principal (UFPel)</li>
<li>Roberta de Carvalho Nobre Palau &#8211; orientador principal (UFPel)</li>
<li>Mário Roberto de Freitas Saldanha &#8211; orientador principal (UFPel)</li>
<li>Fabrício Neitzke Ferreira &#8211; orientador principal (UFPel)</li>
<li>Jones Willian Goebel &#8211; co-orientador (UFPel)</li>
<li>Isis Duarte Bender &#8211; co-orientador (UFPel)</li>
<li>Anderson Priebe Ferrugem &#8211; co-orientador (UFPel)</li>
<li>Ramon Costi Fernandes &#8211; co-orientador (PUCRS)</li>
<li>Roger Endrigo Carvalho Porto &#8211; co-orientador (UFPel)</li>
<li>Gustavo Freitas Sanchez &#8211; co-orientador (PUCRS)</li>
<li>Ismael Seidel &#8211; co-orientador (UFSC)</li>
<li>Vladimir Afonso &#8211; co-orientador (UFRGS)</li>
<li>Daniel Munari Palomino &#8211; co-orientador (UFRGS)</li>
<li>Guilherme Ribeiro Corrêa &#8211; co-orientador (Universidade de Coimbra)</li>
<li>Thaísa Leal da Silva &#8211; co-orientador (Universidade de Coimbra)</li>
<li>Marcelo Schiavon Porto &#8211; co-orientador (UFRGS)</li>
</ul>
<p><strong>Dissertações de Mestrado:</strong></p>
<ul>
<li>Yan Ballinhas Soares &#8211; orientador principal (UFPel)</li>
<li>Pablo De Chiaro Rosa &#8211; orientador principal (UFPel)</li>
<li>Mário Roberto de Freitas Saldanha &#8211; orientador principal (UFPel)</li>
<li>Marcel Moscarelli Correa &#8211; orientador principal (UFPel)</li>
<li>Ruhan Ávila da Conceição &#8211; orientador principal (UFPel)</li>
<li>Fabiane Konrad Rediess &#8211; orientador principal (UFPel)</li>
<li>Gustavo Freitas Sanchez &#8211; orientador principal (UFPel)</li>
<li>Henrique Ávila Vianna &#8211; orientador principal (UFPel)</li>
<li>Paulo Henrik Ribeiro Gonçalves &#8211; co-orientador (UFPel)</li>
<li>Mateus Mendes Gonçalves &#8211; co-orientador (UFPel)</li>
<li>Murilo Roschildt Perleberg &#8211; co-orientador (UFPel)</li>
<li>Iago Coelho Storch &#8211; co-orientador (UFPel)</li>
<li>Jones Willian Goebel &#8211; co-orientador (UFPel)</li>
<li>Miguel Oliveira Inocêncio &#8211; co-orientador (Universidade de Aveiro)</li>
<li>Lívia Amaral &#8211; co-orientador (UFPel)</li>
<li>Luciano Braatz &#8211; co-orientador (UFPel)</li>
<li>Wagner Ishizaka Penny &#8211; co-orientador (UFPel)</li>
<li>Dieison Soares Silveira &#8211; co-orientador (UFPel)</li>
<li>Ricardo Garcia Jeske &#8211; co-orientador (UFPel)</li>
<li>Daniel Munari Palomino &#8211; co-orientador (UFRGS)</li>
<li>Vladimir Afonso &#8211; co-orientador (UFPel)</li>
<li>Felipe Martin Sampaio &#8211; co-orientador (UFRGS)</li>
<li>Alba Sandyra Bezerra Lopes &#8211; co-orientador (UFRN)</li>
<li>Guilherme Ribeiro Corrêa &#8211; co-orientador (UFRGS)</li>
<li>Thaísa Leal da Silva &#8211; co-orientador (UFRGS)</li>
</ul>
<p><strong>Trabalhos de Conclusão de Curso:</strong></p>
<ul>
<li>Rafael Linhares Ferreira (UFPel)</li>
<li>Andrei Schneider Majada (UFPel)</li>
<li>Marina Longo Dias (UFPel)</li>
<li>William Kolodziejski (UFPel)</li>
<li>Vinicius de Araujo Borges (UFPel)</li>
<li>Eduardo Vargas Zummach (UFPel)</li>
<li>Cristhopher Conceição Moura (UFPel)</li>
<li>Pargles Wenz Dall Oglio (UFPel)</li>
<li>Guilherme Povala (UFPel)(UFPel)</li>
<li>Mário Roberto de Freitas Saldanha (UFPel)</li>
<li>Cássio Rodrigo Cristani (UFPel)</li>
<li>Ruhan Ávila da Conceição (UFPel)</li>
<li>Gustavo Freitas Sanchez (UFPel)</li>
<li>Dieison Soares Silveira (UFPel)</li>
<li>Marcel Moscarelli Corrêa (UFPel)</li>
<li>Mateus Grellert da Silva (UFPel)</li>
<li>Diego Vrague Noble (UFPel)</li>
<li>Daniel Munari Vilchez Palomino (UFPel)</li>
<li>Felipe Martin Sampaio (UFPel)</li>
<li>Robson Sejanes Dornelles (UFPel)</li>
<li>Guilherme Ribeiro Corrêa (UFPel)</li>
<li>Fabiane Rediess (UFPel)</li>
<li>Carolina Marques Fonseca (UFPel)</li>
<li>Rafael de Lima Petry (UFPel)</li>
<li>Leandro Zanetti Paiva da Rosa (UFPel)</li>
<li>Matheus Porciúncula Braga (UFPel)</li>
<li>Helen Franck (UFPel)</li>
<li>Eduardo Mesquita (UFPel)</li>
<li>Bruno Zatt (UFRGS)</li>
<li>Thaisa Leal da Silva (UFPel)</li>
<li>Marcelo Schiavon Porto (UFPel)</li>
<li>Andre Marcelo Coelho da Silva (UFPel)</li>
<li>Rodrigo Araújo Tavares (UFPel)</li>
<li>Natan Bueno Ungethuem (UFPel)</li>
<li>Cristiano Brasil Sperb (UFPel)</li>
<li>Bruno Silveira Neves (UFPel)</li>
<li>Roger Endrigo Carvalho Porto (UFPel)</li>
</ul>

<p>*** Atualizado em 6 de maio de 2024 *** Orientações em Andamento: Tese de Doutorado: Vinicius de Araujo Borges &#8211; orientador principal (UFPel) Ruhan Ávila Conceição &#8211; orientador principal (UFPel) Pablo Chiaro da Rosa &#8211; orientador principal (UFPel) André Marcelo &hellip; <a href="https://wp.ufpel.edu.br/agostini/alunos/">Continue lendo <span class="meta-nav">&rarr;</span></a></p>
