{"id":76,"date":"2023-06-09T22:54:27","date_gmt":"2023-06-10T01:54:27","guid":{"rendered":"https:\/\/wp.ufpel.edu.br\/agimos\/?page_id=76"},"modified":"2023-10-06T13:23:38","modified_gmt":"2023-10-06T16:23:38","slug":"publicacoes","status":"publish","type":"page","link":"https:\/\/wp.ufpel.edu.br\/agimos\/publicacoes\/","title":{"rendered":"PUBLICA\u00c7\u00d5ES"},"content":{"rendered":"<h5 style=\"text-align: justify;\">Confira algumas publica\u00e7\u00f5es acad\u00eamicas relacionadas a AGIMOS.<\/h5>\n<p style=\"text-align: left;\"><strong>1.\u00a0<\/strong>MAIA, L. E.. <strong>Capital cancional: como surge uma cantautora? Reflex\u00f5es sobre campo, habitus e capital a partir da pesquisa colaborativa com a sambista Concei\u00e7\u00e3o Rosa Teixeira<\/strong>. In: Dario Tejeda. (Org.). <strong>LE CAY\u00d3 LA GOTA FR\u00cdA Formaci\u00f3n, trabajo y econom\u00edas de la m\u00fasica popular en Am\u00e9rica Latina<\/strong>. 1ed.Santo Domingo: IASPM, 2022, v. 1, p. 15-21. Acesso em: <a href=\"https:\/\/drive.google.com\/file\/d\/1Iqph5fxNzUoD1SbdU_CLepxjIWgoYhzw\/view\">https:\/\/drive.google.com\/file\/d\/1Iqph5fxNzUoD1SbdU_CLepxjIWgoYhzw\/view<\/a>; N\u00famero da revis\u00e3o: 1; ISBN: 9789945181289<\/p>\n<p style=\"text-align: left;\"><strong>2. <\/strong>MAIA, L. E.; RIBAS, J. V. . <strong>Campos Neutrais, de Vitor Ramil: hibridismo, intui\u00e7\u00e3o e reflexividade em di\u00e1logo<\/strong>. In: Dario Tejeda. (Org.). <strong>LE CAY\u00d3 LA GOTA FR\u00cdA Formaci\u00f3n, trabajo y econom\u00edas de la m\u00fasica popular en Am\u00e9rica Latina<\/strong>. 1ed.Santo Domingo: IASPM, 2022, v. 1, p. 224-229. Acesso em: <a href=\"https:\/\/drive.google.com\/file\/d\/1Iqph5fxNzUoD1SbdU_CLepxjIWgoYhzw\/view\">https:\/\/drive.google.com\/file\/d\/1Iqph5fxNzUoD1SbdU_CLepxjIWgoYhzw\/view<\/a>; N\u00famero da revis\u00e3o: 1; ISBN: 9789945181289.<\/p>\n<p style=\"text-align: left;\"><strong>3.\u00a0<\/strong><strong>Cantos Regionais: a M\u00fasica e a Fazenda<\/strong>. In: Ronie Alexsandro Teles da Silveira. (Org.). <strong>A Fazenda e a Filosofia<\/strong>. 1ed.Porto Alegre: Editora Fi, 2018, v. 1, p. 101-128. Acesso em: <a href=\"https:\/\/www.editorafi.org\/262ronie\">https:\/\/www.editorafi.org\/262ronie<\/a>; N\u00famero da revis\u00e3o: 1; ISBN: 9788556962621.<\/p>\n<p style=\"text-align: left;\"><strong>4.\u00a0Sobre a Nova Lei do Conselho Estadual de Cultura<\/strong>. Revista Par\u00eantese, Porto Alegre, 03 dez. 2021. Acesso em: <a href=\"https:\/\/www.matinaljornalismo.com.br\/parentese\/ensaio-parentese\/sobre-a-nova-lei-do-conselho-estadual-de-cultura\/\">https:\/\/www.matinaljornalismo.com.br\/parentese\/ensaio-parentese\/sobre-a-nova-lei-do-conselho-estadual-de-cultura\/<\/a>; Data de publica\u00e7\u00e3o: 03\/12\/2021.<\/p>\n<p style=\"text-align: left;\"><strong>5.\u00a0<\/strong>Sirleys, Neis, Beneditas, Bias, Pedros, Eduardos e Bebetos: <strong>Os falsos dilemas da Lei Aldir Blanc como estado da arte<\/strong>. Revista Par\u00eantese\/Jornal Matinal, Porto Alegre, 16 abr. 2021. Acesso em: <a href=\"https:\/\/www.matinaljornalismo.com.br\/parentese\/ensaio-parentese\/sirleys-neis-beneditas-bias-pedros-eduardos-e-bebetos-os-falsos-dilemas-da-lei-aldir-blanc-como-estado-da-arte\/?swcfpc=1\">https:\/\/www.matinaljornalismo.com.br\/parentese\/ensaio-parentese\/sirleys-neis-beneditas-bias-pedros-eduardos-e-bebetos-os-falsos-dilemas-da-lei-aldir-blanc-como-estado-da-arte\/?swcfpc=1<\/a>; Data de publica\u00e7\u00e3o: 16\/04\/2021.<\/p>\n<p style=\"text-align: left;\"><strong>6. <\/strong>MAIA, L. E.. <strong>A TVE e a FM Cultura na forma\u00e7\u00e3o do habitus musical: quest\u00f5es pessoais, implica\u00e7\u00f5es coletivas<\/strong>. In: Santos, N\u00e1dia Maria Weber ; Silva, Newton Pinto da ; Oliveira, Rodrigo C\u00e1ssio (Org.). Comunica\u00e7\u00e3o P\u00fablica no Brasil: desafios e perspectivas; mem\u00f3rias e depoimentos. 1ed. Porto Alegre: Editora Fi, 2019, v. 1, p. 127-148. Acesso em: http:\/\/guaiaca.ufpel.edu.br:8080\/handle\/prefix\/7157; ISBN: 9788556966810.<\/p>\n<p style=\"text-align: left;\"><strong>7.\u00a0 <\/strong>MAIA, L. E.. <strong>Longe demais dos capitais: crit\u00e9rios de avalia\u00e7\u00e3o de projetos culturais e pol\u00edticas p\u00fablicas. <\/strong>Revista Cena, Porto Alegre v. 23, n. 40,mai.\/ago. Dispon\u00edvel em:\u00a0<a href=\"https:\/\/seer.ufrgs.br\/index.php\/cena\/article\/view\/129407\/88314\">https:\/\/seer.ufrgs.br\/index.php\/cena\/article\/view\/129407\/88314<\/a><\/p>\n","protected":false},"excerpt":{"rendered":"<p>Confira algumas publica\u00e7\u00f5es acad\u00eamicas relacionadas a AGIMOS. 1.\u00a0MAIA, L. E.. Capital cancional: como surge uma cantautora? Reflex\u00f5es sobre campo, habitus e capital a partir da pesquisa colaborativa com a sambista Concei\u00e7\u00e3o Rosa Teixeira. In: Dario Tejeda. (Org.). LE CAY\u00d3 LA GOTA FR\u00cdA Formaci\u00f3n, trabajo y econom\u00edas de la m\u00fasica popular en Am\u00e9rica Latina. 1ed.Santo Domingo: &hellip; <a href=\"https:\/\/wp.ufpel.edu.br\/agimos\/publicacoes\/\" class=\"more-link\">Continue lendo <span class=\"screen-reader-text\">PUBLICA\u00c7\u00d5ES<\/span> <span class=\"meta-nav\">&rarr;<\/span><\/a><\/p>\n","protected":false},"author":1298,"featured_media":0,"parent":0,"menu_order":0,"comment_status":"closed","ping_status":"closed","template":"","meta":{"footnotes":""},"class_list":["post-76","page","type-page","status-publish","hentry"],"_links":{"self":[{"href":"https:\/\/wp.ufpel.edu.br\/agimos\/wp-json\/wp\/v2\/pages\/76","targetHints":{"allow":["GET"]}}],"collection":[{"href":"https:\/\/wp.ufpel.edu.br\/agimos\/wp-json\/wp\/v2\/pages"}],"about":[{"href":"https:\/\/wp.ufpel.edu.br\/agimos\/wp-json\/wp\/v2\/types\/page"}],"author":[{"embeddable":true,"href":"https:\/\/wp.ufpel.edu.br\/agimos\/wp-json\/wp\/v2\/users\/1298"}],"replies":[{"embeddable":true,"href":"https:\/\/wp.ufpel.edu.br\/agimos\/wp-json\/wp\/v2\/comments?post=76"}],"version-history":[{"count":5,"href":"https:\/\/wp.ufpel.edu.br\/agimos\/wp-json\/wp\/v2\/pages\/76\/revisions"}],"predecessor-version":[{"id":344,"href":"https:\/\/wp.ufpel.edu.br\/agimos\/wp-json\/wp\/v2\/pages\/76\/revisions\/344"}],"wp:attachment":[{"href":"https:\/\/wp.ufpel.edu.br\/agimos\/wp-json\/wp\/v2\/media?parent=76"}],"curies":[{"name":"wp","href":"https:\/\/api.w.org\/{rel}","templated":true}]}}