{"id":88,"date":"2021-03-18T15:49:16","date_gmt":"2021-03-18T18:49:16","guid":{"rendered":"https:\/\/wp.ufpel.edu.br\/agefriendlycities\/?page_id=88"},"modified":"2021-03-21T19:01:57","modified_gmt":"2021-03-21T22:01:57","slug":"objetivo","status":"publish","type":"page","link":"https:\/\/wp.ufpel.edu.br\/agefriendlycities\/pt\/objetivo\/","title":{"rendered":"Objetivos"},"content":{"rendered":"<p style=\"text-align: justify\">Este projeto tem tr\u00eas objetivos principais:<\/p>\n<p style=\"text-align: justify\">(i) Captar e analisar as percep\u00e7\u00f5es de idosos que vivem em comunidades urbanas no Brasil, a fim de identificar barreiras, desafios e oportunidades que existem, ou precisam existir, para apoiar o bem-estar f\u00edsico, mental e social desse grupo durante a pandemia do COVID-19;<\/p>\n<p style=\"text-align: justify\">(ii) Investigar como interven\u00e7\u00f5es adotadas no Brasil para reduzir a transmiss\u00e3o do COVID-19, tais como o isolamento e distanciamento social, impactam o bem-estar f\u00edsico, mental e social dos idosos que vivem em ambientes urbanos;<\/p>\n<p style=\"text-align: justify\">(iii) Desenvolver diretrizes que apoiem a promo\u00e7\u00e3o de pol\u00edticas p\u00fablicas que busquem por cidades e comunidades amigas do envelhecimento, de forma a garantir o bem-estar f\u00edsico, mental e social dos idosos em resposta ao COVID- 19 e \u00e0 futuras pandemias no Brasil.<\/p>\n<p style=\"text-align: justify\">As perguntas de pesquisa que orientam este estudo s\u00e3o:<\/p>\n<p style=\"text-align: justify\">(i) Quais s\u00e3o as implica\u00e7\u00f5es do isolamento e distanciamento social e de outras medidas de conten\u00e7\u00e3o de transmiss\u00e3o do v\u00edrus da COVID-19, como o `lockdown`, no bem-estar f\u00edsico, mental e social dos idosos no Brasil?<\/p>\n<p style=\"text-align: justify\">(ii) Quais servi\u00e7os, comodidades e recursos s\u00e3o necess\u00e1rios para criar comunidades amigas do envelhecimento, que promovam o bem-estar f\u00edsico, mental e social para idosos no Brasil durante uma pandemia?<\/p>\n<p style=\"text-align: justify\">(iii) Como pol\u00edticas p\u00fablicas e urbanas podem apoiar as comunidades a responder melhor \u00e0s necessidades de bem-estar f\u00edsico, mental e social dos idosos no Brasil durante o COVID-19 e futuras pandemias?<\/p>\n<p><img loading=\"lazy\" decoding=\"async\" class=\"size-full wp-image-162 aligncenter\" src=\"https:\/\/wp.ufpel.edu.br\/agefriendlycities\/files\/2021\/03\/grandfather-5910483_1920-1.jpg\" alt=\"\" width=\"1920\" height=\"1281\" srcset=\"https:\/\/wp.ufpel.edu.br\/agefriendlycities\/files\/2021\/03\/grandfather-5910483_1920-1.jpg 1920w, https:\/\/wp.ufpel.edu.br\/agefriendlycities\/files\/2021\/03\/grandfather-5910483_1920-1-400x267.jpg 400w, https:\/\/wp.ufpel.edu.br\/agefriendlycities\/files\/2021\/03\/grandfather-5910483_1920-1-1024x683.jpg 1024w, https:\/\/wp.ufpel.edu.br\/agefriendlycities\/files\/2021\/03\/grandfather-5910483_1920-1-768x512.jpg 768w, https:\/\/wp.ufpel.edu.br\/agefriendlycities\/files\/2021\/03\/grandfather-5910483_1920-1-1536x1025.jpg 1536w, https:\/\/wp.ufpel.edu.br\/agefriendlycities\/files\/2021\/03\/grandfather-5910483_1920-1-624x416.jpg 624w\" sizes=\"auto, (max-width: 1920px) 100vw, 1920px\" \/><\/p>\n","protected":false},"excerpt":{"rendered":"<p>Este projeto tem tr\u00eas objetivos principais: (i) Captar e analisar as percep\u00e7\u00f5es de idosos que vivem em comunidades urbanas no Brasil, a fim de identificar barreiras, desafios e oportunidades que existem, ou precisam existir, para apoiar o bem-estar f\u00edsico, mental e social desse grupo durante a pandemia do COVID-19; (ii) Investigar como interven\u00e7\u00f5es adotadas no [&hellip;]<\/p>\n","protected":false},"author":956,"featured_media":0,"parent":0,"menu_order":0,"comment_status":"closed","ping_status":"closed","template":"","meta":{"footnotes":""},"class_list":["post-88","page","type-page","status-publish","hentry"],"_links":{"self":[{"href":"https:\/\/wp.ufpel.edu.br\/agefriendlycities\/wp-json\/wp\/v2\/pages\/88","targetHints":{"allow":["GET"]}}],"collection":[{"href":"https:\/\/wp.ufpel.edu.br\/agefriendlycities\/wp-json\/wp\/v2\/pages"}],"about":[{"href":"https:\/\/wp.ufpel.edu.br\/agefriendlycities\/wp-json\/wp\/v2\/types\/page"}],"author":[{"embeddable":true,"href":"https:\/\/wp.ufpel.edu.br\/agefriendlycities\/wp-json\/wp\/v2\/users\/956"}],"replies":[{"embeddable":true,"href":"https:\/\/wp.ufpel.edu.br\/agefriendlycities\/wp-json\/wp\/v2\/comments?post=88"}],"version-history":[{"count":5,"href":"https:\/\/wp.ufpel.edu.br\/agefriendlycities\/wp-json\/wp\/v2\/pages\/88\/revisions"}],"predecessor-version":[{"id":221,"href":"https:\/\/wp.ufpel.edu.br\/agefriendlycities\/wp-json\/wp\/v2\/pages\/88\/revisions\/221"}],"wp:attachment":[{"href":"https:\/\/wp.ufpel.edu.br\/agefriendlycities\/wp-json\/wp\/v2\/media?parent=88"}],"curies":[{"name":"wp","href":"https:\/\/api.w.org\/{rel}","templated":true}]}}

<p style="text-align: justify">Este projeto tem três objetivos principais:</p>
<p style="text-align: justify">(i) Captar e analisar as percepções de idosos que vivem em comunidades urbanas no Brasil, a fim de identificar barreiras, desafios e oportunidades que existem, ou precisam existir, para apoiar o bem-estar físico, mental e social desse grupo durante a pandemia do COVID-19;</p>
<p style="text-align: justify">(ii) Investigar como intervenções adotadas no Brasil para reduzir a transmissão do COVID-19, tais como o isolamento e distanciamento social, impactam o bem-estar físico, mental e social dos idosos que vivem em ambientes urbanos;</p>
<p style="text-align: justify">(iii) Desenvolver diretrizes que apoiem a promoção de políticas públicas que busquem por cidades e comunidades amigas do envelhecimento, de forma a garantir o bem-estar físico, mental e social dos idosos em resposta ao COVID- 19 e à futuras pandemias no Brasil.</p>
<p style="text-align: justify">As perguntas de pesquisa que orientam este estudo são:</p>
<p style="text-align: justify">(i) Quais são as implicações do isolamento e distanciamento social e de outras medidas de contenção de transmissão do vírus da COVID-19, como o `lockdown`, no bem-estar físico, mental e social dos idosos no Brasil?</p>
<p style="text-align: justify">(ii) Quais serviços, comodidades e recursos são necessários para criar comunidades amigas do envelhecimento, que promovam o bem-estar físico, mental e social para idosos no Brasil durante uma pandemia?</p>
<p style="text-align: justify">(iii) Como políticas públicas e urbanas podem apoiar as comunidades a responder melhor às necessidades de bem-estar físico, mental e social dos idosos no Brasil durante o COVID-19 e futuras pandemias?</p>
<p><img loading="lazy" decoding="async" class="size-full wp-image-162 aligncenter" src="https://wp.ufpel.edu.br/agefriendlycities/files/2021/03/grandfather-5910483_1920-1.jpg" alt="" width="1920" height="1281" srcset="https://wp.ufpel.edu.br/agefriendlycities/files/2021/03/grandfather-5910483_1920-1.jpg 1920w, https://wp.ufpel.edu.br/agefriendlycities/files/2021/03/grandfather-5910483_1920-1-400x267.jpg 400w, https://wp.ufpel.edu.br/agefriendlycities/files/2021/03/grandfather-5910483_1920-1-1024x683.jpg 1024w, https://wp.ufpel.edu.br/agefriendlycities/files/2021/03/grandfather-5910483_1920-1-768x512.jpg 768w, https://wp.ufpel.edu.br/agefriendlycities/files/2021/03/grandfather-5910483_1920-1-1536x1025.jpg 1536w, https://wp.ufpel.edu.br/agefriendlycities/files/2021/03/grandfather-5910483_1920-1-624x416.jpg 624w" sizes="auto, (max-width: 1920px) 100vw, 1920px" /></p>

<p>Este projeto tem três objetivos principais: (i) Captar e analisar as percepções de idosos que vivem em comunidades urbanas no Brasil, a fim de identificar barreiras, desafios e oportunidades que existem, ou precisam existir, para apoiar o bem-estar físico, mental e social desse grupo durante a pandemia do COVID-19; (ii) Investigar como intervenções adotadas no [&hellip;]</p>
