{"id":48,"date":"2021-03-15T20:44:06","date_gmt":"2021-03-15T23:44:06","guid":{"rendered":"https:\/\/wp.ufpel.edu.br\/agefriendlycities\/?page_id=48"},"modified":"2021-03-21T19:00:42","modified_gmt":"2021-03-21T22:00:42","slug":"metodologia","status":"publish","type":"page","link":"https:\/\/wp.ufpel.edu.br\/agefriendlycities\/pt\/metodologia\/","title":{"rendered":"Metodologia"},"content":{"rendered":"<p style=\"text-align: justify\">Para gerar um senso de envolvimento da comunidade e fundamentar a pesquisa a partir da percep\u00e7\u00e3o dos idosos, \u00e9 adotada uma abordagem de pesquisa participativa baseada na comunidade. <strong>A psicologia ambiental e os conceitos de percep\u00e7\u00e3o e cogni\u00e7\u00e3o, bem como de avalia\u00e7\u00e3o do ambiente pelo usu\u00e1rio s\u00e3o aplicados nesta investiga\u00e7\u00e3o com o objetivo de compreender as consequ\u00eancias a curto e longo prazo da pandemia do Covid-19 sobre o processo de envelhecimento no Brasil<\/strong>. At\u00e9 2019, o Brasil promovia atrav\u00e9s de diferentes a\u00e7\u00f5es institucionais e privadas o envelhecimento saud\u00e1vel e ativo. Os resultados do Projeto <a href=\"http:\/\/www.placeage.org\">PlaceAge<\/a> no Brasil identificaram a import\u00e2ncia de diversos grupos de apoio \u00e0 terceira idade liderados por igrejas, grupos comunit\u00e1rios e institui\u00e7\u00f5es p\u00fablicas como os CRAS (Centro de Refer\u00eancia da Assist\u00eancia Social). Esses grupos organizavam atividades em centros comunit\u00e1rios e espa\u00e7os p\u00fablicos, tais como gin\u00e1stica para a terceira idade, aulas de artesanato, culin\u00e1ria e atividades de emprego volunt\u00e1rio. Por\u00e9m, com a chegada da pandemia em 11 de mar\u00e7o de 2020 no mundo e no Brasil, todas essas atividades coletivas foram suspensas e os idosos, principalmente os mais vulner\u00e1veis, ficaram sem o apoio da comunidade. As medidas de isolamento social, extremamente importantes para controlar a dissemina\u00e7\u00e3o do v\u00edrus, promoveram situa\u00e7\u00f5es de isolamento, que precisam ser estudadas a partir das falas dos grupos afetados. Portanto, o desenvolvimento da metodologia do Projeto parte da premissa que m\u00e9todos participativos quantitativos e qualitativos s\u00e3o fundamentais para alcan\u00e7ar os objetivos desta investiga\u00e7\u00e3o.<\/p>\n<p style=\"text-align: justify\"><strong>O projeto inclui tr\u00eas Pacotes de Trabalho vinculados.<\/strong> Durante a execu\u00e7\u00e3o da pesquisa estaremos acompanhando as medidas adotadas pelos governos locais e nacionais de distanciamento social. <strong>A princ\u00edpio os m\u00e9todos foram planejados para serem aplicados totalmente de foram remota devido a pandemia.<\/strong> Os protocolos de sa\u00fade s\u00e3o respeitados durante todo o processo para garantir a seguran\u00e7a dos pesquisadores e participantes.<\/p>\n<p><img loading=\"lazy\" decoding=\"async\" class=\"size-full wp-image-173 aligncenter\" src=\"https:\/\/wp.ufpel.edu.br\/agefriendlycities\/files\/2021\/03\/woman-3188744_1920.jpg\" alt=\"\" width=\"1920\" height=\"1280\" srcset=\"https:\/\/wp.ufpel.edu.br\/agefriendlycities\/files\/2021\/03\/woman-3188744_1920.jpg 1920w, https:\/\/wp.ufpel.edu.br\/agefriendlycities\/files\/2021\/03\/woman-3188744_1920-400x267.jpg 400w, https:\/\/wp.ufpel.edu.br\/agefriendlycities\/files\/2021\/03\/woman-3188744_1920-1024x683.jpg 1024w, https:\/\/wp.ufpel.edu.br\/agefriendlycities\/files\/2021\/03\/woman-3188744_1920-768x512.jpg 768w, https:\/\/wp.ufpel.edu.br\/agefriendlycities\/files\/2021\/03\/woman-3188744_1920-1536x1024.jpg 1536w, https:\/\/wp.ufpel.edu.br\/agefriendlycities\/files\/2021\/03\/woman-3188744_1920-624x416.jpg 624w\" sizes=\"auto, (max-width: 1920px) 100vw, 1920px\" \/><\/p>\n<p style=\"text-align: justify\"><strong>Pacote de trabalho 1 &#8211; Conhecendo o Bem-estar Social<\/strong>\u00a0<strong>(2021):<\/strong> O projeto aplica de forma online, no seu primeiro ano, os seguintes m\u00e9todos quantitativos e qualitativos para atender aos objetivos do estudo &#8211; <strong>question\u00e1rios, di\u00e1rios fotogr\u00e1ficos e entrevistas semiestruturadas.<\/strong> Busca-se identificar as oportunidades e as barreiras que a cidade, a comunidade e a habita\u00e7\u00e3o oferecem aos idosos na execu\u00e7\u00e3o de suas atividades di\u00e1rias durante a pandemia, incluindo os desafios para o alcance do bem-estar f\u00edsico e mental. <span style=\"font-size: 1rem\">Esses m\u00e9todos exploram como os idosos negociam o acesso a espa\u00e7os urbanos, servi\u00e7os de sa\u00fade e bem-estar, redes sociais de vizinhan\u00e7a, conectividade social, experi\u00eancias de moradia e casa, negociam mobilidade e transporte e acessam formas de participa\u00e7\u00e3o social e engajamento c\u00edvico durante a pandemia.<\/span><\/p>\n<p style=\"text-align: justify\"><span style=\"text-align: justify\">A amostra para os question\u00e1rios e di\u00e1rios fotogr\u00e1ficos \u00e9 constitu\u00edda por residentes de cidades de qualquer regi\u00e3o do Brasil, sendo composta por diferentes v\u00e1rias faixas et\u00e1rias (50 a 60; 61 a 70; 71 a 80; 81 anos ou mais), estratificadas por sexo, tipologias dom\u00e9sticas (por exemplo, morando sozinhas, fam\u00edlias, casais) e mobilidade (dificuldades de baixa \u00e0 severa na realiza\u00e7\u00e3o das atividades di\u00e1rias). <\/span>Ao final de cada di\u00e1rio fotogr\u00e1fico uma entrevista \u00e9 realizada, a fim de que se compreenda a import\u00e2ncia das fotos feitas pelos idosos e se conhe\u00e7a a narrativa da imagem, <span style=\"font-size: 1rem\">revelando aspectos do bem-estar social dentro do contexto do local.<\/span><\/p>\n<p style=\"text-align: justify\">Para as entrevistas semiestruturadas, selecionamos aqueles que s\u00e3o respons\u00e1veis por administrar apoios \u00e0 idosos durante a COVID-19, incluindo governo local e nacional, ONGs, organiza\u00e7\u00f5es comunit\u00e1rias e organiza\u00e7\u00f5es locais, e \u00f3rg\u00e3os respons\u00e1veis pela coordena\u00e7\u00e3o das respostas ao COVID-19. O objetivo das entrevistas \u00e9 identificar as a\u00e7\u00f5es que existem, ou precisariam existir, no Brasil para apoiar o bem-estar social dos idosos durante o COVID-19, de forma a garantir o bem-estar f\u00edsico, mental e social desse grupo.<\/p>\n<p><img loading=\"lazy\" decoding=\"async\" class=\"size-full wp-image-174 aligncenter\" src=\"https:\/\/wp.ufpel.edu.br\/agefriendlycities\/files\/2021\/03\/laptop-2557571_1920-1.jpg\" alt=\"\" width=\"1920\" height=\"1279\" srcset=\"https:\/\/wp.ufpel.edu.br\/agefriendlycities\/files\/2021\/03\/laptop-2557571_1920-1.jpg 1920w, https:\/\/wp.ufpel.edu.br\/agefriendlycities\/files\/2021\/03\/laptop-2557571_1920-1-400x266.jpg 400w, https:\/\/wp.ufpel.edu.br\/agefriendlycities\/files\/2021\/03\/laptop-2557571_1920-1-1024x682.jpg 1024w, https:\/\/wp.ufpel.edu.br\/agefriendlycities\/files\/2021\/03\/laptop-2557571_1920-1-768x512.jpg 768w, https:\/\/wp.ufpel.edu.br\/agefriendlycities\/files\/2021\/03\/laptop-2557571_1920-1-1536x1023.jpg 1536w, https:\/\/wp.ufpel.edu.br\/agefriendlycities\/files\/2021\/03\/laptop-2557571_1920-1-624x416.jpg 624w\" sizes=\"auto, (max-width: 1920px) 100vw, 1920px\" \/><\/p>\n<p style=\"text-align: justify\"><strong>Pacote de Trabalho 2\u00a0 &#8211; Geo-referenciando o Bem-Estar Social\u00a0 (2022):<\/strong> No segundo ano do Projeto, todos os dados obtidos no Pacote de Trabalho 1 s\u00e3o mapeados na plataforma <strong>ArcGis Online<\/strong>, para que as informa\u00e7\u00f5es sejam espacializadas e conectadas \u00e0s caracter\u00edsticas urbanas e sociais de cada regi\u00e3o do Brasil.<\/p>\n<p><img loading=\"lazy\" decoding=\"async\" class=\"size-full wp-image-175 aligncenter\" src=\"https:\/\/wp.ufpel.edu.br\/agefriendlycities\/files\/2021\/03\/people-5594462_1920.jpg\" alt=\"\" width=\"1920\" height=\"1280\" srcset=\"https:\/\/wp.ufpel.edu.br\/agefriendlycities\/files\/2021\/03\/people-5594462_1920.jpg 1920w, https:\/\/wp.ufpel.edu.br\/agefriendlycities\/files\/2021\/03\/people-5594462_1920-400x267.jpg 400w, https:\/\/wp.ufpel.edu.br\/agefriendlycities\/files\/2021\/03\/people-5594462_1920-1024x683.jpg 1024w, https:\/\/wp.ufpel.edu.br\/agefriendlycities\/files\/2021\/03\/people-5594462_1920-768x512.jpg 768w, https:\/\/wp.ufpel.edu.br\/agefriendlycities\/files\/2021\/03\/people-5594462_1920-1536x1024.jpg 1536w, https:\/\/wp.ufpel.edu.br\/agefriendlycities\/files\/2021\/03\/people-5594462_1920-624x416.jpg 624w\" sizes=\"auto, (max-width: 1920px) 100vw, 1920px\" \/><\/p>\n<p style=\"text-align: justify\"><strong>Pacote de Trabalho 3 &#8211; Projetando para Comunidades Amigas do Envelhecimento (2023):<\/strong> No \u00faltimo ano do Projeto \u00e9 desenvolvido, em forma de `Policy Brief`, um conjunto conciso de informa\u00e7\u00f5es que podem ajudar os gestores p\u00fablicos a compreender e tomar decis\u00f5es sobre\u00a0 pol\u00edticas governamentais voltadas \u00e0 <span style=\"font-size: 1rem\">comunidades resilientes na situa\u00e7\u00e3o de<\/span><span style=\"font-size: 1rem\"> pandemias e outras crises humanit\u00e1rias. <\/span>O Pacote de Trabalho 3 foi desenvolvido para traduzir as descobertas do PT1 e do PT2 em diretrizes e pol\u00edticas locais e nacionais, pr\u00e1ticas urbanas e ferramentas para apoiar o bem-estar f\u00edsico, mental e social dos idosos durante e depois de uma pandemia. Essa etapa envolver\u00e1 um F\u00f3rum Nacional de Pol\u00edticas e Pr\u00e1ticas (10 a 15 participantes) com (i) formuladores de pol\u00edticas p\u00fablicas urbanas e profissionais respons\u00e1veis por fornecer apoio aos idosos; (ii) ag\u00eancias ou \u00f3rg\u00e3os de caridade envolvidos com idosos; (iii) organiza\u00e7\u00f5es volunt\u00e1rias e comunit\u00e1rias; e (iv) idosos e grupos de defesa ao idoso. A \u00eanfase aqui \u00e9 discutir respostas comunit\u00e1rias e institucionais espec\u00edficas ao COVID-19, especificamente em termos de como comunidades resilientes podem ser planejadas para garantir o bem-estar f\u00edsico, mental e social dos idosos nessa e em futuras pandemias. Os resultados produzir\u00e3o uma s\u00e9rie de recomenda\u00e7\u00f5es e diretrizes sobre como os formuladores de pol\u00edticas p\u00fablicas podem oferecer apoio aos idosos. Os resultados constituem um conjunto de ferramentas, que inclui diretrizes e recomenda\u00e7\u00f5es para gestores p\u00fablicos sobre como implementar interven\u00e7\u00f5es para apoiar o bem-estar dos idosos em v\u00e1rios contextos urbanos durante uma pandemia.<\/p>\n","protected":false},"excerpt":{"rendered":"<p>Para gerar um senso de envolvimento da comunidade e fundamentar a pesquisa a partir da percep\u00e7\u00e3o dos idosos, \u00e9 adotada uma abordagem de pesquisa participativa baseada na comunidade. A psicologia ambiental e os conceitos de percep\u00e7\u00e3o e cogni\u00e7\u00e3o, bem como de avalia\u00e7\u00e3o do ambiente pelo usu\u00e1rio s\u00e3o aplicados nesta investiga\u00e7\u00e3o com o objetivo de compreender [&hellip;]<\/p>\n","protected":false},"author":956,"featured_media":0,"parent":0,"menu_order":0,"comment_status":"closed","ping_status":"closed","template":"","meta":{"footnotes":""},"class_list":["post-48","page","type-page","status-publish","hentry"],"_links":{"self":[{"href":"https:\/\/wp.ufpel.edu.br\/agefriendlycities\/wp-json\/wp\/v2\/pages\/48","targetHints":{"allow":["GET"]}}],"collection":[{"href":"https:\/\/wp.ufpel.edu.br\/agefriendlycities\/wp-json\/wp\/v2\/pages"}],"about":[{"href":"https:\/\/wp.ufpel.edu.br\/agefriendlycities\/wp-json\/wp\/v2\/types\/page"}],"author":[{"embeddable":true,"href":"https:\/\/wp.ufpel.edu.br\/agefriendlycities\/wp-json\/wp\/v2\/users\/956"}],"replies":[{"embeddable":true,"href":"https:\/\/wp.ufpel.edu.br\/agefriendlycities\/wp-json\/wp\/v2\/comments?post=48"}],"version-history":[{"count":9,"href":"https:\/\/wp.ufpel.edu.br\/agefriendlycities\/wp-json\/wp\/v2\/pages\/48\/revisions"}],"predecessor-version":[{"id":227,"href":"https:\/\/wp.ufpel.edu.br\/agefriendlycities\/wp-json\/wp\/v2\/pages\/48\/revisions\/227"}],"wp:attachment":[{"href":"https:\/\/wp.ufpel.edu.br\/agefriendlycities\/wp-json\/wp\/v2\/media?parent=48"}],"curies":[{"name":"wp","href":"https:\/\/api.w.org\/{rel}","templated":true}]}}

<p style="text-align: justify">Para gerar um senso de envolvimento da comunidade e fundamentar a pesquisa a partir da percepção dos idosos, é adotada uma abordagem de pesquisa participativa baseada na comunidade. <strong>A psicologia ambiental e os conceitos de percepção e cognição, bem como de avaliação do ambiente pelo usuário são aplicados nesta investigação com o objetivo de compreender as consequências a curto e longo prazo da pandemia do Covid-19 sobre o processo de envelhecimento no Brasil</strong>. Até 2019, o Brasil promovia através de diferentes ações institucionais e privadas o envelhecimento saudável e ativo. Os resultados do Projeto <a href="http://www.placeage.org">PlaceAge</a> no Brasil identificaram a importância de diversos grupos de apoio à terceira idade liderados por igrejas, grupos comunitários e instituições públicas como os CRAS (Centro de Referência da Assistência Social). Esses grupos organizavam atividades em centros comunitários e espaços públicos, tais como ginástica para a terceira idade, aulas de artesanato, culinária e atividades de emprego voluntário. Porém, com a chegada da pandemia em 11 de março de 2020 no mundo e no Brasil, todas essas atividades coletivas foram suspensas e os idosos, principalmente os mais vulneráveis, ficaram sem o apoio da comunidade. As medidas de isolamento social, extremamente importantes para controlar a disseminação do vírus, promoveram situações de isolamento, que precisam ser estudadas a partir das falas dos grupos afetados. Portanto, o desenvolvimento da metodologia do Projeto parte da premissa que métodos participativos quantitativos e qualitativos são fundamentais para alcançar os objetivos desta investigação.</p>
<p style="text-align: justify"><strong>O projeto inclui três Pacotes de Trabalho vinculados.</strong> Durante a execução da pesquisa estaremos acompanhando as medidas adotadas pelos governos locais e nacionais de distanciamento social. <strong>A princípio os métodos foram planejados para serem aplicados totalmente de foram remota devido a pandemia.</strong> Os protocolos de saúde são respeitados durante todo o processo para garantir a segurança dos pesquisadores e participantes.</p>
<p><img loading="lazy" decoding="async" class="size-full wp-image-173 aligncenter" src="https://wp.ufpel.edu.br/agefriendlycities/files/2021/03/woman-3188744_1920.jpg" alt="" width="1920" height="1280" srcset="https://wp.ufpel.edu.br/agefriendlycities/files/2021/03/woman-3188744_1920.jpg 1920w, https://wp.ufpel.edu.br/agefriendlycities/files/2021/03/woman-3188744_1920-400x267.jpg 400w, https://wp.ufpel.edu.br/agefriendlycities/files/2021/03/woman-3188744_1920-1024x683.jpg 1024w, https://wp.ufpel.edu.br/agefriendlycities/files/2021/03/woman-3188744_1920-768x512.jpg 768w, https://wp.ufpel.edu.br/agefriendlycities/files/2021/03/woman-3188744_1920-1536x1024.jpg 1536w, https://wp.ufpel.edu.br/agefriendlycities/files/2021/03/woman-3188744_1920-624x416.jpg 624w" sizes="auto, (max-width: 1920px) 100vw, 1920px" /></p>
<p style="text-align: justify"><strong>Pacote de trabalho 1 &#8211; Conhecendo o Bem-estar Social</strong> <strong>(2021):</strong> O projeto aplica de forma online, no seu primeiro ano, os seguintes métodos quantitativos e qualitativos para atender aos objetivos do estudo &#8211; <strong>questionários, diários fotográficos e entrevistas semiestruturadas.</strong> Busca-se identificar as oportunidades e as barreiras que a cidade, a comunidade e a habitação oferecem aos idosos na execução de suas atividades diárias durante a pandemia, incluindo os desafios para o alcance do bem-estar físico e mental. <span style="font-size: 1rem">Esses métodos exploram como os idosos negociam o acesso a espaços urbanos, serviços de saúde e bem-estar, redes sociais de vizinhança, conectividade social, experiências de moradia e casa, negociam mobilidade e transporte e acessam formas de participação social e engajamento cívico durante a pandemia.</span></p>
<p style="text-align: justify"><span style="text-align: justify">A amostra para os questionários e diários fotográficos é constituída por residentes de cidades de qualquer região do Brasil, sendo composta por diferentes várias faixas etárias (50 a 60; 61 a 70; 71 a 80; 81 anos ou mais), estratificadas por sexo, tipologias domésticas (por exemplo, morando sozinhas, famílias, casais) e mobilidade (dificuldades de baixa à severa na realização das atividades diárias). </span>Ao final de cada diário fotográfico uma entrevista é realizada, a fim de que se compreenda a importância das fotos feitas pelos idosos e se conheça a narrativa da imagem, <span style="font-size: 1rem">revelando aspectos do bem-estar social dentro do contexto do local.</span></p>
<p style="text-align: justify">Para as entrevistas semiestruturadas, selecionamos aqueles que são responsáveis por administrar apoios à idosos durante a COVID-19, incluindo governo local e nacional, ONGs, organizações comunitárias e organizações locais, e órgãos responsáveis pela coordenação das respostas ao COVID-19. O objetivo das entrevistas é identificar as ações que existem, ou precisariam existir, no Brasil para apoiar o bem-estar social dos idosos durante o COVID-19, de forma a garantir o bem-estar físico, mental e social desse grupo.</p>
<p><img loading="lazy" decoding="async" class="size-full wp-image-174 aligncenter" src="https://wp.ufpel.edu.br/agefriendlycities/files/2021/03/laptop-2557571_1920-1.jpg" alt="" width="1920" height="1279" srcset="https://wp.ufpel.edu.br/agefriendlycities/files/2021/03/laptop-2557571_1920-1.jpg 1920w, https://wp.ufpel.edu.br/agefriendlycities/files/2021/03/laptop-2557571_1920-1-400x266.jpg 400w, https://wp.ufpel.edu.br/agefriendlycities/files/2021/03/laptop-2557571_1920-1-1024x682.jpg 1024w, https://wp.ufpel.edu.br/agefriendlycities/files/2021/03/laptop-2557571_1920-1-768x512.jpg 768w, https://wp.ufpel.edu.br/agefriendlycities/files/2021/03/laptop-2557571_1920-1-1536x1023.jpg 1536w, https://wp.ufpel.edu.br/agefriendlycities/files/2021/03/laptop-2557571_1920-1-624x416.jpg 624w" sizes="auto, (max-width: 1920px) 100vw, 1920px" /></p>
<p style="text-align: justify"><strong>Pacote de Trabalho 2  &#8211; Geo-referenciando o Bem-Estar Social  (2022):</strong> No segundo ano do Projeto, todos os dados obtidos no Pacote de Trabalho 1 são mapeados na plataforma <strong>ArcGis Online</strong>, para que as informações sejam espacializadas e conectadas às características urbanas e sociais de cada região do Brasil.</p>
<p><img loading="lazy" decoding="async" class="size-full wp-image-175 aligncenter" src="https://wp.ufpel.edu.br/agefriendlycities/files/2021/03/people-5594462_1920.jpg" alt="" width="1920" height="1280" srcset="https://wp.ufpel.edu.br/agefriendlycities/files/2021/03/people-5594462_1920.jpg 1920w, https://wp.ufpel.edu.br/agefriendlycities/files/2021/03/people-5594462_1920-400x267.jpg 400w, https://wp.ufpel.edu.br/agefriendlycities/files/2021/03/people-5594462_1920-1024x683.jpg 1024w, https://wp.ufpel.edu.br/agefriendlycities/files/2021/03/people-5594462_1920-768x512.jpg 768w, https://wp.ufpel.edu.br/agefriendlycities/files/2021/03/people-5594462_1920-1536x1024.jpg 1536w, https://wp.ufpel.edu.br/agefriendlycities/files/2021/03/people-5594462_1920-624x416.jpg 624w" sizes="auto, (max-width: 1920px) 100vw, 1920px" /></p>
<p style="text-align: justify"><strong>Pacote de Trabalho 3 &#8211; Projetando para Comunidades Amigas do Envelhecimento (2023):</strong> No último ano do Projeto é desenvolvido, em forma de `Policy Brief`, um conjunto conciso de informações que podem ajudar os gestores públicos a compreender e tomar decisões sobre  políticas governamentais voltadas à <span style="font-size: 1rem">comunidades resilientes na situação de</span><span style="font-size: 1rem"> pandemias e outras crises humanitárias. </span>O Pacote de Trabalho 3 foi desenvolvido para traduzir as descobertas do PT1 e do PT2 em diretrizes e políticas locais e nacionais, práticas urbanas e ferramentas para apoiar o bem-estar físico, mental e social dos idosos durante e depois de uma pandemia. Essa etapa envolverá um Fórum Nacional de Políticas e Práticas (10 a 15 participantes) com (i) formuladores de políticas públicas urbanas e profissionais responsáveis por fornecer apoio aos idosos; (ii) agências ou órgãos de caridade envolvidos com idosos; (iii) organizações voluntárias e comunitárias; e (iv) idosos e grupos de defesa ao idoso. A ênfase aqui é discutir respostas comunitárias e institucionais específicas ao COVID-19, especificamente em termos de como comunidades resilientes podem ser planejadas para garantir o bem-estar físico, mental e social dos idosos nessa e em futuras pandemias. Os resultados produzirão uma série de recomendações e diretrizes sobre como os formuladores de políticas públicas podem oferecer apoio aos idosos. Os resultados constituem um conjunto de ferramentas, que inclui diretrizes e recomendações para gestores públicos sobre como implementar intervenções para apoiar o bem-estar dos idosos em vários contextos urbanos durante uma pandemia.</p>

<p>Para gerar um senso de envolvimento da comunidade e fundamentar a pesquisa a partir da percepção dos idosos, é adotada uma abordagem de pesquisa participativa baseada na comunidade. A psicologia ambiental e os conceitos de percepção e cognição, bem como de avaliação do ambiente pelo usuário são aplicados nesta investigação com o objetivo de compreender [&hellip;]</p>
