{"id":39,"date":"2021-03-15T20:43:17","date_gmt":"2021-03-15T23:43:17","guid":{"rendered":"https:\/\/wp.ufpel.edu.br\/agefriendlycities\/?page_id=39"},"modified":"2021-03-21T18:54:25","modified_gmt":"2021-03-21T21:54:25","slug":"projeto","status":"publish","type":"page","link":"https:\/\/wp.ufpel.edu.br\/agefriendlycities\/pt\/projeto\/","title":{"rendered":"Resumo"},"content":{"rendered":"<p style=\"text-align: justify\"><img loading=\"lazy\" decoding=\"async\" class=\" wp-image-169 alignleft\" src=\"https:\/\/wp.ufpel.edu.br\/agefriendlycities\/files\/2021\/03\/window-1129241_1920-1.jpg\" alt=\"\" width=\"347\" height=\"489\" srcset=\"https:\/\/wp.ufpel.edu.br\/agefriendlycities\/files\/2021\/03\/window-1129241_1920-1.jpg 1364w, https:\/\/wp.ufpel.edu.br\/agefriendlycities\/files\/2021\/03\/window-1129241_1920-1-284x400.jpg 284w, https:\/\/wp.ufpel.edu.br\/agefriendlycities\/files\/2021\/03\/window-1129241_1920-1-727x1024.jpg 727w, https:\/\/wp.ufpel.edu.br\/agefriendlycities\/files\/2021\/03\/window-1129241_1920-1-768x1081.jpg 768w, https:\/\/wp.ufpel.edu.br\/agefriendlycities\/files\/2021\/03\/window-1129241_1920-1-1091x1536.jpg 1091w, https:\/\/wp.ufpel.edu.br\/agefriendlycities\/files\/2021\/03\/window-1129241_1920-1-624x878.jpg 624w\" sizes=\"auto, (max-width: 347px) 100vw, 347px\" \/>Este Projeto \u00e9 uma continua\u00e7\u00e3o do <a href=\"https:\/\/wp.ufpel.edu.br\/placeageproject\/\">PlaceAge<\/a>, sendo que agora focamos no estudo das consequ\u00eancias da pandemia no bem-estar f\u00edsico, mental e social das pessoas idosas a curto e a longo prazo.<\/p>\n<p style=\"text-align: justify\">A pandemia do COVID-19 levantou desafios significativos na \u00e1rea urbana, considerado a sa\u00fade e o bem-estar das pessoas mais velhas, quando analisado a capacidade de acesso aos servi\u00e7os de sa\u00fade e assist\u00eancia social na cidade. O acesso a esses recursos s\u00e3o fundamentais para manter o idoso saud\u00e1vel e ativo, e tamb\u00e9m socialmente conectado em suas comunidades. Os idosos foram desproporcionalmente afetados pela pandemia do COVID-19, tanto em termos de mortalidade quanto no bem-estar f\u00edsico, mental e social resultante de medidas de isolamento e distanciamento social, que levaram muitos a solid\u00e3o. O COVID-19 causa um impacto significativo na vida de adultos que vivem em comunidades urbanas em todo o mundo, principalmente em pa\u00edses em desenvolvimento, onde as desigualdades sociais s\u00e3o profundas e onde a capacidade de envelhecer no local \u00e9 comprometida pela falta de apoio formal para envelhecer de forma saud\u00e1vel e ativa. Esta pesquisa \u00e9 urgentemente necess\u00e1ria para entender o impacto comportamental da pandemia do COVID-19 sobre a vida dos idosos na cidade, a fim de desenvolver interven\u00e7\u00f5es comunit\u00e1rias eficazes e amig\u00e1veis para um envelhecimento ativo, que abranjam diferentes contextos sociais . Em resposta a isso, exploraremos as experi\u00eancias de idosos residentes em diferentes regi\u00f5es do Brasil para determinar os impactos da pandemia do COVID-19 no bem-estar f\u00edsico, mental e social das pessoas. Esse projeto contribuir\u00e1 para o desenvolvimento de pol\u00edticas p\u00fablicas em resposta ao COVID-19 e futuras pandemias por meio de interven\u00e7\u00f5es que ofere\u00e7am comunidades resilientes amig\u00e1veis ao idoso. As comunidades amigas da idade precisam ser mais receptivas \u00e0s mudan\u00e7as r\u00e1pidas dos contextos urbanos, para construir lugares que promovam resili\u00eancia individual, social e comunit\u00e1ria ao COVID-19 e \u00e0 futuras crises sanit\u00e1rias e humanit\u00e1rias. A forma\u00e7\u00e3o de ambientes resilientes que abordem o bem-estar f\u00edsico, mental e social \u00e9 crucial para garantir a sa\u00fade dos idosos durante uma pandemia, reduzindo assim os custos com assist\u00eancia social e poss\u00edvel institucionaliza\u00e7\u00e3o.<\/p>\n","protected":false},"excerpt":{"rendered":"<p>Este Projeto \u00e9 uma continua\u00e7\u00e3o do PlaceAge, sendo que agora focamos no estudo das consequ\u00eancias da pandemia no bem-estar f\u00edsico, mental e social das pessoas idosas a curto e a longo prazo. A pandemia do COVID-19 levantou desafios significativos na \u00e1rea urbana, considerado a sa\u00fade e o bem-estar das pessoas mais velhas, quando analisado a [&hellip;]<\/p>\n","protected":false},"author":956,"featured_media":0,"parent":0,"menu_order":0,"comment_status":"closed","ping_status":"closed","template":"","meta":{"footnotes":""},"class_list":["post-39","page","type-page","status-publish","hentry"],"_links":{"self":[{"href":"https:\/\/wp.ufpel.edu.br\/agefriendlycities\/wp-json\/wp\/v2\/pages\/39","targetHints":{"allow":["GET"]}}],"collection":[{"href":"https:\/\/wp.ufpel.edu.br\/agefriendlycities\/wp-json\/wp\/v2\/pages"}],"about":[{"href":"https:\/\/wp.ufpel.edu.br\/agefriendlycities\/wp-json\/wp\/v2\/types\/page"}],"author":[{"embeddable":true,"href":"https:\/\/wp.ufpel.edu.br\/agefriendlycities\/wp-json\/wp\/v2\/users\/956"}],"replies":[{"embeddable":true,"href":"https:\/\/wp.ufpel.edu.br\/agefriendlycities\/wp-json\/wp\/v2\/comments?post=39"}],"version-history":[{"count":8,"href":"https:\/\/wp.ufpel.edu.br\/agefriendlycities\/wp-json\/wp\/v2\/pages\/39\/revisions"}],"predecessor-version":[{"id":226,"href":"https:\/\/wp.ufpel.edu.br\/agefriendlycities\/wp-json\/wp\/v2\/pages\/39\/revisions\/226"}],"wp:attachment":[{"href":"https:\/\/wp.ufpel.edu.br\/agefriendlycities\/wp-json\/wp\/v2\/media?parent=39"}],"curies":[{"name":"wp","href":"https:\/\/api.w.org\/{rel}","templated":true}]}}