{"id":92,"date":"2020-07-15T11:24:03","date_gmt":"2020-07-15T14:24:03","guid":{"rendered":"https:\/\/wp.ufpel.edu.br\/aeeufpel\/?page_id=92"},"modified":"2021-07-23T14:30:23","modified_gmt":"2021-07-23T17:30:23","slug":"curso-de-aperfeicoamento-em-servico-de-atendimento-educacional-especializado-saee-deficiencia-intelectual","status":"publish","type":"page","link":"https:\/\/wp.ufpel.edu.br\/aeeufpel\/curso-de-aperfeicoamento-em-servico-de-atendimento-educacional-especializado-saee-deficiencia-intelectual\/","title":{"rendered":"Curso de Aperfei\u00e7oamento em Servi\u00e7o de Atendimento Educacional Especializado (SAEE) &#8211;  Defici\u00eancia Intelectual \/ 2020"},"content":{"rendered":"<h3><strong><img loading=\"lazy\" decoding=\"async\" class=\"alignnone wp-image-148 size-full\" src=\"https:\/\/wp.ufpel.edu.br\/aeeufpel\/files\/2020\/07\/banner-logos-ufpel_Prancheta-1-copia-5.jpg\" alt=\"\" width=\"1772\" height=\"250\" srcset=\"https:\/\/wp.ufpel.edu.br\/aeeufpel\/files\/2020\/07\/banner-logos-ufpel_Prancheta-1-copia-5.jpg 1772w, https:\/\/wp.ufpel.edu.br\/aeeufpel\/files\/2020\/07\/banner-logos-ufpel_Prancheta-1-copia-5-400x56.jpg 400w, https:\/\/wp.ufpel.edu.br\/aeeufpel\/files\/2020\/07\/banner-logos-ufpel_Prancheta-1-copia-5-1024x144.jpg 1024w, https:\/\/wp.ufpel.edu.br\/aeeufpel\/files\/2020\/07\/banner-logos-ufpel_Prancheta-1-copia-5-768x108.jpg 768w, https:\/\/wp.ufpel.edu.br\/aeeufpel\/files\/2020\/07\/banner-logos-ufpel_Prancheta-1-copia-5-1536x217.jpg 1536w\" sizes=\"auto, (max-width: 1772px) 100vw, 1772px\" \/><\/strong><\/h3>\n<h3><strong>Modalidade: EAD<\/strong><\/h3>\n<p><strong>Carga hor\u00e1ria: 180 horas<\/strong><\/p>\n<p><strong>P\u00fablico-alvo: professores das redes p\u00fablicas de ensino<\/strong><\/p>\n<p>Objetivo: Ofertar forma\u00e7\u00e3o continuada de professores da educa\u00e7\u00e3o b\u00e1sica, em n\u00edvel de aperfei\u00e7oamento na \u00e1rea do Atendimento Educacional Especializado \u2013 Defici\u00eancia Intelectual, a qual possibilite a concretiza\u00e7\u00e3o de pol\u00edticas, programas e pr\u00e1ticas que atendam a diversidade e a educa\u00e7\u00e3o inclusiva.<\/p>\n<h2><strong>PROGRAMA\u00c7\u00c3O<\/strong><\/h2>\n<p><strong>SEMIN\u00c1RIO DE ABERTURA<\/strong><\/p>\n<p><strong><u>M\u00d3DULO 1 &#8211; 80 horas<\/u><\/strong><\/p>\n<p><strong>Disciplina 1<\/strong> &#8211; <strong>Hist\u00f3ria da educa\u00e7\u00e3o de pessoas com defici\u00eancia intelectual, conceitos e pr\u00e1ticas da Educa\u00e7\u00e3o Inclusiva<\/strong><\/p>\n<p><strong>Carga Hor\u00e1ria:<\/strong> 10 horas<\/p>\n<p><strong>Disciplina 2: Pol\u00edticas P\u00fablicas e ordenamentos legais da educa\u00e7\u00e3o especial no contexto da educa\u00e7\u00e3o inclusiva<\/strong><\/p>\n<p><strong>Carga Hor\u00e1ria:<\/strong> 10 horas<\/p>\n<p><strong>Disciplina 3: Defici\u00eancia Intelectual: conceitos, causas, caracteriza\u00e7\u00f5es<\/strong><\/p>\n<p><strong>Carga Hor\u00e1ria:<\/strong> 20 horas<\/p>\n<p><strong>Disciplina 4: Aprendizagem e Desenvolvimento<\/strong><\/p>\n<p><strong>Carga Hor\u00e1ria:<\/strong> 20h<\/p>\n<p>&nbsp;<\/p>\n<p><strong>Disciplina 5: Desenho Universal para a aprendizagem<\/strong><\/p>\n<p><strong>Carga Hor\u00e1ria: <\/strong>20h<\/p>\n<p>&nbsp;<\/p>\n<p><strong><u>M\u00f3dulo 2 &#8211; 100 horas<\/u><\/strong><\/p>\n<p><strong>Disciplina 1: Estrutura\u00e7\u00e3o do servi\u00e7o de Atendimento Educacional Especializado: legisla\u00e7\u00e3o, organiza\u00e7\u00e3o, estrutura, formas de atendimento e apoio<\/strong><\/p>\n<p><strong>Carga Hor\u00e1ria:<\/strong> 20h<\/p>\n<p><strong>Disciplina 2: Processo de identifica\u00e7\u00e3o, avalia\u00e7\u00e3o e planejamento das interven\u00e7\u00f5es pedag\u00f3gicas no AEE-DI<\/strong><\/p>\n<p><strong>Carga hor\u00e1ria: <\/strong>20h<\/p>\n<p><strong>Disciplina 3: Comunica\u00e7\u00e3o Acess\u00edvel<\/strong><\/p>\n<p><strong>Carga Hor\u00e1ria:<\/strong> 20h<\/p>\n<p><strong>Disciplina 4: Pr\u00e1ticas pedag\u00f3gicas aplicadas ao AEE do estudante com defici\u00eancia intelectual.\u00a0<\/strong><\/p>\n<p><strong>Carga hor\u00e1ria: <\/strong>40h<\/p>\n<p><strong>TRABALHO FINAL: Constru\u00e7\u00e3o de uma proposta de AEE (<\/strong>10h)<\/p>\n<p>&nbsp;<\/p>\n","protected":false},"excerpt":{"rendered":"<p>Modalidade: EAD Carga hor\u00e1ria: 180 horas P\u00fablico-alvo: professores das redes p\u00fablicas de ensino Objetivo: Ofertar forma\u00e7\u00e3o continuada de professores da educa\u00e7\u00e3o b\u00e1sica, em n\u00edvel de aperfei\u00e7oamento na \u00e1rea do Atendimento Educacional Especializado \u2013 Defici\u00eancia Intelectual, a qual possibilite a concretiza\u00e7\u00e3o de pol\u00edticas, programas e pr\u00e1ticas que atendam a diversidade e a educa\u00e7\u00e3o inclusiva. PROGRAMA\u00c7\u00c3O SEMIN\u00c1RIO [&hellip;]<\/p>\n","protected":false},"author":1031,"featured_media":0,"parent":0,"menu_order":0,"comment_status":"closed","ping_status":"closed","template":"","meta":{"footnotes":""},"class_list":["post-92","page","type-page","status-publish","hentry","post"],"yoast_head":"<!-- This site is optimized with the Yoast SEO plugin v26.7 - https:\/\/yoast.com\/wordpress\/plugins\/seo\/ -->\n<title>Curso de Aperfei\u00e7oamento em Servi\u00e7o de Atendimento Educacional Especializado (SAEE) - Defici\u00eancia Intelectual \/ 2020 - Forma\u00e7\u00e3o em Servi\u00e7o de Atendimento Educacional Especializado<\/title>\n<meta name=\"robots\" content=\"index, follow, max-snippet:-1, max-image-preview:large, max-video-preview:-1\" \/>\n<link rel=\"canonical\" href=\"https:\/\/wp.ufpel.edu.br\/aeeufpel\/curso-de-aperfeicoamento-em-servico-de-atendimento-educacional-especializado-saee-deficiencia-intelectual\/\" \/>\n<meta property=\"og:locale\" content=\"pt_BR\" \/>\n<meta property=\"og:type\" content=\"article\" \/>\n<meta property=\"og:title\" content=\"Curso de Aperfei\u00e7oamento em Servi\u00e7o de Atendimento Educacional Especializado (SAEE) - Defici\u00eancia Intelectual \/ 2020 - Forma\u00e7\u00e3o em Servi\u00e7o de Atendimento Educacional Especializado\" \/>\n<meta property=\"og:description\" content=\"Modalidade: EAD Carga hor\u00e1ria: 180 horas P\u00fablico-alvo: professores das redes p\u00fablicas de ensino Objetivo: Ofertar forma\u00e7\u00e3o continuada de professores da educa\u00e7\u00e3o b\u00e1sica, em n\u00edvel de aperfei\u00e7oamento na \u00e1rea do Atendimento Educacional Especializado \u2013 Defici\u00eancia Intelectual, a qual possibilite a concretiza\u00e7\u00e3o de pol\u00edticas, programas e pr\u00e1ticas que atendam a diversidade e a educa\u00e7\u00e3o inclusiva. PROGRAMA\u00c7\u00c3O SEMIN\u00c1RIO [&hellip;]\" \/>\n<meta property=\"og:url\" content=\"https:\/\/wp.ufpel.edu.br\/aeeufpel\/curso-de-aperfeicoamento-em-servico-de-atendimento-educacional-especializado-saee-deficiencia-intelectual\/\" \/>\n<meta property=\"og:site_name\" content=\"Forma\u00e7\u00e3o em Servi\u00e7o de Atendimento Educacional Especializado\" \/>\n<meta property=\"article:modified_time\" content=\"2021-07-23T17:30:23+00:00\" \/>\n<meta property=\"og:image\" content=\"https:\/\/wp.ufpel.edu.br\/aeeufpel\/files\/2020\/07\/banner-logos-ufpel_Prancheta-1-copia-5.jpg\" \/>\n<meta name=\"twitter:card\" content=\"summary_large_image\" \/>\n<meta name=\"twitter:label1\" content=\"Est. tempo de leitura\" \/>\n\t<meta name=\"twitter:data1\" content=\"1 minuto\" \/>\n<script type=\"application\/ld+json\" class=\"yoast-schema-graph\">{\"@context\":\"https:\/\/schema.org\",\"@graph\":[{\"@type\":\"WebPage\",\"@id\":\"https:\/\/wp.ufpel.edu.br\/aeeufpel\/curso-de-aperfeicoamento-em-servico-de-atendimento-educacional-especializado-saee-deficiencia-intelectual\/\",\"url\":\"https:\/\/wp.ufpel.edu.br\/aeeufpel\/curso-de-aperfeicoamento-em-servico-de-atendimento-educacional-especializado-saee-deficiencia-intelectual\/\",\"name\":\"Curso de Aperfei\u00e7oamento em Servi\u00e7o de Atendimento Educacional Especializado (SAEE) - Defici\u00eancia Intelectual \/ 2020 - Forma\u00e7\u00e3o em Servi\u00e7o de Atendimento Educacional Especializado\",\"isPartOf\":{\"@id\":\"https:\/\/wp.ufpel.edu.br\/aeeufpel\/#website\"},\"primaryImageOfPage\":{\"@id\":\"https:\/\/wp.ufpel.edu.br\/aeeufpel\/curso-de-aperfeicoamento-em-servico-de-atendimento-educacional-especializado-saee-deficiencia-intelectual\/#primaryimage\"},\"image\":{\"@id\":\"https:\/\/wp.ufpel.edu.br\/aeeufpel\/curso-de-aperfeicoamento-em-servico-de-atendimento-educacional-especializado-saee-deficiencia-intelectual\/#primaryimage\"},\"thumbnailUrl\":\"https:\/\/wp.ufpel.edu.br\/aeeufpel\/files\/2020\/07\/banner-logos-ufpel_Prancheta-1-copia-5.jpg\",\"datePublished\":\"2020-07-15T14:24:03+00:00\",\"dateModified\":\"2021-07-23T17:30:23+00:00\",\"breadcrumb\":{\"@id\":\"https:\/\/wp.ufpel.edu.br\/aeeufpel\/curso-de-aperfeicoamento-em-servico-de-atendimento-educacional-especializado-saee-deficiencia-intelectual\/#breadcrumb\"},\"inLanguage\":\"pt-BR\",\"potentialAction\":[{\"@type\":\"ReadAction\",\"target\":[\"https:\/\/wp.ufpel.edu.br\/aeeufpel\/curso-de-aperfeicoamento-em-servico-de-atendimento-educacional-especializado-saee-deficiencia-intelectual\/\"]}]},{\"@type\":\"ImageObject\",\"inLanguage\":\"pt-BR\",\"@id\":\"https:\/\/wp.ufpel.edu.br\/aeeufpel\/curso-de-aperfeicoamento-em-servico-de-atendimento-educacional-especializado-saee-deficiencia-intelectual\/#primaryimage\",\"url\":\"https:\/\/wp.ufpel.edu.br\/aeeufpel\/files\/2020\/07\/banner-logos-ufpel_Prancheta-1-copia-5.jpg\",\"contentUrl\":\"https:\/\/wp.ufpel.edu.br\/aeeufpel\/files\/2020\/07\/banner-logos-ufpel_Prancheta-1-copia-5.jpg\",\"width\":1772,\"height\":250},{\"@type\":\"BreadcrumbList\",\"@id\":\"https:\/\/wp.ufpel.edu.br\/aeeufpel\/curso-de-aperfeicoamento-em-servico-de-atendimento-educacional-especializado-saee-deficiencia-intelectual\/#breadcrumb\",\"itemListElement\":[{\"@type\":\"ListItem\",\"position\":1,\"name\":\"In\u00edcio\",\"item\":\"https:\/\/wp.ufpel.edu.br\/aeeufpel\/\"},{\"@type\":\"ListItem\",\"position\":2,\"name\":\"Curso de Aperfei\u00e7oamento em Servi\u00e7o de Atendimento Educacional Especializado (SAEE) &#8211; Defici\u00eancia Intelectual \/ 2020\"}]},{\"@type\":\"WebSite\",\"@id\":\"https:\/\/wp.ufpel.edu.br\/aeeufpel\/#website\",\"url\":\"https:\/\/wp.ufpel.edu.br\/aeeufpel\/\",\"name\":\"Forma\u00e7\u00e3o em Servi\u00e7o de Atendimento Educacional Especializado\",\"description\":\"Universidade Federal de Pelotas - UFPEL\",\"potentialAction\":[{\"@type\":\"SearchAction\",\"target\":{\"@type\":\"EntryPoint\",\"urlTemplate\":\"https:\/\/wp.ufpel.edu.br\/aeeufpel\/?s={search_term_string}\"},\"query-input\":{\"@type\":\"PropertyValueSpecification\",\"valueRequired\":true,\"valueName\":\"search_term_string\"}}],\"inLanguage\":\"pt-BR\"}]}<\/script>\n<!-- \/ Yoast SEO plugin. -->","yoast_head_json":{"title":"Curso de Aperfei\u00e7oamento em Servi\u00e7o de Atendimento Educacional Especializado (SAEE) - Defici\u00eancia Intelectual \/ 2020 - Forma\u00e7\u00e3o em Servi\u00e7o de Atendimento Educacional Especializado","robots":{"index":"index","follow":"follow","max-snippet":"max-snippet:-1","max-image-preview":"max-image-preview:large","max-video-preview":"max-video-preview:-1"},"canonical":"https:\/\/wp.ufpel.edu.br\/aeeufpel\/curso-de-aperfeicoamento-em-servico-de-atendimento-educacional-especializado-saee-deficiencia-intelectual\/","og_locale":"pt_BR","og_type":"article","og_title":"Curso de Aperfei\u00e7oamento em Servi\u00e7o de Atendimento Educacional Especializado (SAEE) - Defici\u00eancia Intelectual \/ 2020 - Forma\u00e7\u00e3o em Servi\u00e7o de Atendimento Educacional Especializado","og_description":"Modalidade: EAD Carga hor\u00e1ria: 180 horas P\u00fablico-alvo: professores das redes p\u00fablicas de ensino Objetivo: Ofertar forma\u00e7\u00e3o continuada de professores da educa\u00e7\u00e3o b\u00e1sica, em n\u00edvel de aperfei\u00e7oamento na \u00e1rea do Atendimento Educacional Especializado \u2013 Defici\u00eancia Intelectual, a qual possibilite a concretiza\u00e7\u00e3o de pol\u00edticas, programas e pr\u00e1ticas que atendam a diversidade e a educa\u00e7\u00e3o inclusiva. PROGRAMA\u00c7\u00c3O SEMIN\u00c1RIO [&hellip;]","og_url":"https:\/\/wp.ufpel.edu.br\/aeeufpel\/curso-de-aperfeicoamento-em-servico-de-atendimento-educacional-especializado-saee-deficiencia-intelectual\/","og_site_name":"Forma\u00e7\u00e3o em Servi\u00e7o de Atendimento Educacional Especializado","article_modified_time":"2021-07-23T17:30:23+00:00","og_image":[{"url":"https:\/\/wp.ufpel.edu.br\/aeeufpel\/files\/2020\/07\/banner-logos-ufpel_Prancheta-1-copia-5.jpg","type":"","width":"","height":""}],"twitter_card":"summary_large_image","twitter_misc":{"Est. tempo de leitura":"1 minuto"},"schema":{"@context":"https:\/\/schema.org","@graph":[{"@type":"WebPage","@id":"https:\/\/wp.ufpel.edu.br\/aeeufpel\/curso-de-aperfeicoamento-em-servico-de-atendimento-educacional-especializado-saee-deficiencia-intelectual\/","url":"https:\/\/wp.ufpel.edu.br\/aeeufpel\/curso-de-aperfeicoamento-em-servico-de-atendimento-educacional-especializado-saee-deficiencia-intelectual\/","name":"Curso de Aperfei\u00e7oamento em Servi\u00e7o de Atendimento Educacional Especializado (SAEE) - Defici\u00eancia Intelectual \/ 2020 - Forma\u00e7\u00e3o em Servi\u00e7o de Atendimento Educacional Especializado","isPartOf":{"@id":"https:\/\/wp.ufpel.edu.br\/aeeufpel\/#website"},"primaryImageOfPage":{"@id":"https:\/\/wp.ufpel.edu.br\/aeeufpel\/curso-de-aperfeicoamento-em-servico-de-atendimento-educacional-especializado-saee-deficiencia-intelectual\/#primaryimage"},"image":{"@id":"https:\/\/wp.ufpel.edu.br\/aeeufpel\/curso-de-aperfeicoamento-em-servico-de-atendimento-educacional-especializado-saee-deficiencia-intelectual\/#primaryimage"},"thumbnailUrl":"https:\/\/wp.ufpel.edu.br\/aeeufpel\/files\/2020\/07\/banner-logos-ufpel_Prancheta-1-copia-5.jpg","datePublished":"2020-07-15T14:24:03+00:00","dateModified":"2021-07-23T17:30:23+00:00","breadcrumb":{"@id":"https:\/\/wp.ufpel.edu.br\/aeeufpel\/curso-de-aperfeicoamento-em-servico-de-atendimento-educacional-especializado-saee-deficiencia-intelectual\/#breadcrumb"},"inLanguage":"pt-BR","potentialAction":[{"@type":"ReadAction","target":["https:\/\/wp.ufpel.edu.br\/aeeufpel\/curso-de-aperfeicoamento-em-servico-de-atendimento-educacional-especializado-saee-deficiencia-intelectual\/"]}]},{"@type":"ImageObject","inLanguage":"pt-BR","@id":"https:\/\/wp.ufpel.edu.br\/aeeufpel\/curso-de-aperfeicoamento-em-servico-de-atendimento-educacional-especializado-saee-deficiencia-intelectual\/#primaryimage","url":"https:\/\/wp.ufpel.edu.br\/aeeufpel\/files\/2020\/07\/banner-logos-ufpel_Prancheta-1-copia-5.jpg","contentUrl":"https:\/\/wp.ufpel.edu.br\/aeeufpel\/files\/2020\/07\/banner-logos-ufpel_Prancheta-1-copia-5.jpg","width":1772,"height":250},{"@type":"BreadcrumbList","@id":"https:\/\/wp.ufpel.edu.br\/aeeufpel\/curso-de-aperfeicoamento-em-servico-de-atendimento-educacional-especializado-saee-deficiencia-intelectual\/#breadcrumb","itemListElement":[{"@type":"ListItem","position":1,"name":"In\u00edcio","item":"https:\/\/wp.ufpel.edu.br\/aeeufpel\/"},{"@type":"ListItem","position":2,"name":"Curso de Aperfei\u00e7oamento em Servi\u00e7o de Atendimento Educacional Especializado (SAEE) &#8211; Defici\u00eancia Intelectual \/ 2020"}]},{"@type":"WebSite","@id":"https:\/\/wp.ufpel.edu.br\/aeeufpel\/#website","url":"https:\/\/wp.ufpel.edu.br\/aeeufpel\/","name":"Forma\u00e7\u00e3o em Servi\u00e7o de Atendimento Educacional Especializado","description":"Universidade Federal de Pelotas - UFPEL","potentialAction":[{"@type":"SearchAction","target":{"@type":"EntryPoint","urlTemplate":"https:\/\/wp.ufpel.edu.br\/aeeufpel\/?s={search_term_string}"},"query-input":{"@type":"PropertyValueSpecification","valueRequired":true,"valueName":"search_term_string"}}],"inLanguage":"pt-BR"}]}},"_links":{"self":[{"href":"https:\/\/wp.ufpel.edu.br\/aeeufpel\/wp-json\/wp\/v2\/pages\/92","targetHints":{"allow":["GET"]}}],"collection":[{"href":"https:\/\/wp.ufpel.edu.br\/aeeufpel\/wp-json\/wp\/v2\/pages"}],"about":[{"href":"https:\/\/wp.ufpel.edu.br\/aeeufpel\/wp-json\/wp\/v2\/types\/page"}],"author":[{"embeddable":true,"href":"https:\/\/wp.ufpel.edu.br\/aeeufpel\/wp-json\/wp\/v2\/users\/1031"}],"replies":[{"embeddable":true,"href":"https:\/\/wp.ufpel.edu.br\/aeeufpel\/wp-json\/wp\/v2\/comments?post=92"}],"version-history":[{"count":10,"href":"https:\/\/wp.ufpel.edu.br\/aeeufpel\/wp-json\/wp\/v2\/pages\/92\/revisions"}],"predecessor-version":[{"id":454,"href":"https:\/\/wp.ufpel.edu.br\/aeeufpel\/wp-json\/wp\/v2\/pages\/92\/revisions\/454"}],"wp:attachment":[{"href":"https:\/\/wp.ufpel.edu.br\/aeeufpel\/wp-json\/wp\/v2\/media?parent=92"}],"curies":[{"name":"wp","href":"https:\/\/api.w.org\/{rel}","templated":true}]}}