{"id":89,"date":"2020-07-15T11:23:44","date_gmt":"2020-07-15T14:23:44","guid":{"rendered":"https:\/\/wp.ufpel.edu.br\/aeeufpel\/?page_id=89"},"modified":"2021-07-23T14:30:34","modified_gmt":"2021-07-23T17:30:34","slug":"curso-de-aperfeicoamento-em-servico-de-atendimento-educacional-especializado-saee-transtorno-do-espectro-autista","status":"publish","type":"page","link":"https:\/\/wp.ufpel.edu.br\/aeeufpel\/curso-de-aperfeicoamento-em-servico-de-atendimento-educacional-especializado-saee-transtorno-do-espectro-autista\/","title":{"rendered":"Curso de Aperfei\u00e7oamento em Servi\u00e7o de Atendimento Educacional Especializado (SAEE) &#8211;  Transtorno do Espectro Autista \/ 2020"},"content":{"rendered":"<h3><strong><img loading=\"lazy\" decoding=\"async\" class=\"alignnone wp-image-152 size-full\" src=\"https:\/\/wp.ufpel.edu.br\/aeeufpel\/files\/2020\/07\/banner-logos-ufpel_Prancheta-1-copia-4.jpg\" alt=\"\" width=\"1772\" height=\"249\" srcset=\"https:\/\/wp.ufpel.edu.br\/aeeufpel\/files\/2020\/07\/banner-logos-ufpel_Prancheta-1-copia-4.jpg 1772w, https:\/\/wp.ufpel.edu.br\/aeeufpel\/files\/2020\/07\/banner-logos-ufpel_Prancheta-1-copia-4-400x56.jpg 400w, https:\/\/wp.ufpel.edu.br\/aeeufpel\/files\/2020\/07\/banner-logos-ufpel_Prancheta-1-copia-4-1024x144.jpg 1024w, https:\/\/wp.ufpel.edu.br\/aeeufpel\/files\/2020\/07\/banner-logos-ufpel_Prancheta-1-copia-4-768x108.jpg 768w, https:\/\/wp.ufpel.edu.br\/aeeufpel\/files\/2020\/07\/banner-logos-ufpel_Prancheta-1-copia-4-1536x216.jpg 1536w\" sizes=\"auto, (max-width: 1772px) 100vw, 1772px\" \/><\/strong><\/h3>\n<h3><strong>Modalidade: EAD<\/strong><\/h3>\n<p><strong>Carga hor\u00e1ria: 180 horas<\/strong><\/p>\n<p><strong>P\u00fablico-alvo: professores das redes p\u00fablicas de ensino<\/strong><\/p>\n<p>OBJETIVO: Proporcionar a forma\u00e7\u00e3o continuada de professores da educa\u00e7\u00e3o b\u00e1sica, como aperfei\u00e7oamento em Atendimento Educacional Especializado-TEA, que possibilite a concretiza\u00e7\u00e3o de pol\u00edticas, programas e pr\u00e1ticas que atendam a diversidade e a educa\u00e7\u00e3o inclusiva.<\/p>\n<h2>PROGRAMA\u00c7\u00c3O<\/h2>\n<p><strong>SEMIN\u00c1RIO DE ABERTURA <\/strong><\/p>\n<p><strong><u>M\u00d3DULO 1 &#8211; 80 HORAS<\/u><\/strong><\/p>\n<ol>\n<li><strong>Disciplina: TEA \u2013 MARCOS HIST\u00d3RICOS <\/strong><\/li>\n<\/ol>\n<p>Carga Hor\u00e1ria: 10 horas<\/p>\n<p><strong>Disciplina 2 \u2013\u00a0 POL\u00cdTICAS P\u00daBLICAS E ORDENAMENTOS LEGAIS DA EDUCA\u00c7\u00c3O ESPECIAL NO CONTEXTO DA EDUCA\u00c7\u00c3O INCLUSIVA<\/strong><\/p>\n<p><strong>\u00a0 <\/strong>Carga Hor\u00e1ria: 10 horas aulas<\/p>\n<p><strong>Disciplina 3 &#8211; TRANSTORNO DO ESPECTRO AUTISTA: PRINCIPAIS CARACTER\u00cdSTICAS 20 horas<\/strong><\/p>\n<p><strong>Disciplina 4 \u2013 PROCESSOS DE APRENDIZAGEM DA PESSOA COM<\/strong> <strong>TEA <\/strong>\u00a0\u2013 20 HORAS<\/p>\n<p>&nbsp;<\/p>\n<p><strong>AULA B\u00d4NUS \u2013 INTERVEN\u00c7\u00c3O PRECOCE PARA A CRIAN\u00c7A COM TEA<\/strong> \u2013 20 HORAS<\/p>\n<p>&nbsp;<\/p>\n<p><strong><u>M\u00d3DULO 2 &#8211; 100 Horas<\/u><\/strong><\/p>\n<p><strong>Disciplina 1: ESTRUTURA\u00c7\u00c3O DO SERVI\u00c7O DE ATENDIMENTO EDUCACIONAL ESPECIALIZADO: LEGISLA\u00c7\u00c3O, ORGANIZA\u00c7\u00c3O, ESTRUTURA, FORMAS DE ATENDIMENTO E APOIO<\/strong><\/p>\n<p>Carga Hor\u00e1ria: 20 horas<\/p>\n<p><strong>Disciplina 2- PROCESSO DE IDENTIFICA\u00c7\u00c3O, AVALIA\u00c7\u00c3O E PLANEJAMENTO DAS INTERVEN\u00c7\u00d5ES PEDAG\u00d3GICAS NO AEE<\/strong><\/p>\n<p>Carga Hor\u00e1ria: 20 horas<\/p>\n<p><strong>Disciplina 3: PR\u00c1TICAS PEDAG\u00d3GICAS APLICADAS AO AEE DO ESTUDANTE COM TRANSTORNO DO ESPECTRO AUTISTA<\/strong><\/p>\n<p>Carga Hor\u00e1ria: 20 horas<\/p>\n<p><strong>Disciplina 4 &#8211; Transtorno do Espectro Autista e a Tecnologia 10 horas<\/strong><\/p>\n<p><strong>Disciplina 5 &#8211; RECURSOS ADAPTADOS PARA ALUNOS COM TEA<\/strong> \u2013 20 HORAS<\/p>\n<p><strong>AULA B\u00d4NUS &#8211;\u00a0 ALTERA\u00c7\u00d5ES SENSORIAIS EM PESSOAS COM TEA<\/strong><\/p>\n<p><strong>AULA B\u00d4NUS &#8211; TERAPIA ASSISTIDA POR ANIMAIS PARA PESSOASL COM TEA<\/strong><\/p>\n<p><strong>TRABALHO FINAL &#8211; CONSTRU\u00c7\u00c3O DE UMA PROPOSTA DE AEE<\/strong><strong> &#8211; 10 horas<\/strong><\/p>\n<p>&nbsp;<\/p>\n","protected":false},"excerpt":{"rendered":"<p>Modalidade: EAD Carga hor\u00e1ria: 180 horas P\u00fablico-alvo: professores das redes p\u00fablicas de ensino OBJETIVO: Proporcionar a forma\u00e7\u00e3o continuada de professores da educa\u00e7\u00e3o b\u00e1sica, como aperfei\u00e7oamento em Atendimento Educacional Especializado-TEA, que possibilite a concretiza\u00e7\u00e3o de pol\u00edticas, programas e pr\u00e1ticas que atendam a diversidade e a educa\u00e7\u00e3o inclusiva. PROGRAMA\u00c7\u00c3O SEMIN\u00c1RIO DE ABERTURA M\u00d3DULO 1 &#8211; 80 HORAS [&hellip;]<\/p>\n","protected":false},"author":1031,"featured_media":0,"parent":0,"menu_order":0,"comment_status":"closed","ping_status":"closed","template":"","meta":{"footnotes":""},"class_list":["post-89","page","type-page","status-publish","hentry","post"],"yoast_head":"<!-- This site is optimized with the Yoast SEO plugin v26.7 - https:\/\/yoast.com\/wordpress\/plugins\/seo\/ -->\n<title>Curso de Aperfei\u00e7oamento em Servi\u00e7o de Atendimento Educacional Especializado (SAEE) - Transtorno do Espectro Autista \/ 2020 - Forma\u00e7\u00e3o em Servi\u00e7o de Atendimento Educacional Especializado<\/title>\n<meta name=\"robots\" content=\"index, follow, max-snippet:-1, max-image-preview:large, max-video-preview:-1\" \/>\n<link rel=\"canonical\" href=\"https:\/\/wp.ufpel.edu.br\/aeeufpel\/curso-de-aperfeicoamento-em-servico-de-atendimento-educacional-especializado-saee-transtorno-do-espectro-autista\/\" \/>\n<meta property=\"og:locale\" content=\"pt_BR\" \/>\n<meta property=\"og:type\" content=\"article\" \/>\n<meta property=\"og:title\" content=\"Curso de Aperfei\u00e7oamento em Servi\u00e7o de Atendimento Educacional Especializado (SAEE) - Transtorno do Espectro Autista \/ 2020 - Forma\u00e7\u00e3o em Servi\u00e7o de Atendimento Educacional Especializado\" \/>\n<meta property=\"og:description\" content=\"Modalidade: EAD Carga hor\u00e1ria: 180 horas P\u00fablico-alvo: professores das redes p\u00fablicas de ensino OBJETIVO: Proporcionar a forma\u00e7\u00e3o continuada de professores da educa\u00e7\u00e3o b\u00e1sica, como aperfei\u00e7oamento em Atendimento Educacional Especializado-TEA, que possibilite a concretiza\u00e7\u00e3o de pol\u00edticas, programas e pr\u00e1ticas que atendam a diversidade e a educa\u00e7\u00e3o inclusiva. PROGRAMA\u00c7\u00c3O SEMIN\u00c1RIO DE ABERTURA M\u00d3DULO 1 &#8211; 80 HORAS [&hellip;]\" \/>\n<meta property=\"og:url\" content=\"https:\/\/wp.ufpel.edu.br\/aeeufpel\/curso-de-aperfeicoamento-em-servico-de-atendimento-educacional-especializado-saee-transtorno-do-espectro-autista\/\" \/>\n<meta property=\"og:site_name\" content=\"Forma\u00e7\u00e3o em Servi\u00e7o de Atendimento Educacional Especializado\" \/>\n<meta property=\"article:modified_time\" content=\"2021-07-23T17:30:34+00:00\" \/>\n<meta property=\"og:image\" content=\"https:\/\/wp.ufpel.edu.br\/aeeufpel\/files\/2020\/07\/banner-logos-ufpel_Prancheta-1-copia-4.jpg\" \/>\n<meta name=\"twitter:card\" content=\"summary_large_image\" \/>\n<meta name=\"twitter:label1\" content=\"Est. tempo de leitura\" \/>\n\t<meta name=\"twitter:data1\" content=\"1 minuto\" \/>\n<script type=\"application\/ld+json\" class=\"yoast-schema-graph\">{\"@context\":\"https:\/\/schema.org\",\"@graph\":[{\"@type\":\"WebPage\",\"@id\":\"https:\/\/wp.ufpel.edu.br\/aeeufpel\/curso-de-aperfeicoamento-em-servico-de-atendimento-educacional-especializado-saee-transtorno-do-espectro-autista\/\",\"url\":\"https:\/\/wp.ufpel.edu.br\/aeeufpel\/curso-de-aperfeicoamento-em-servico-de-atendimento-educacional-especializado-saee-transtorno-do-espectro-autista\/\",\"name\":\"Curso de Aperfei\u00e7oamento em Servi\u00e7o de Atendimento Educacional Especializado (SAEE) - Transtorno do Espectro Autista \/ 2020 - Forma\u00e7\u00e3o em Servi\u00e7o de Atendimento Educacional Especializado\",\"isPartOf\":{\"@id\":\"https:\/\/wp.ufpel.edu.br\/aeeufpel\/#website\"},\"primaryImageOfPage\":{\"@id\":\"https:\/\/wp.ufpel.edu.br\/aeeufpel\/curso-de-aperfeicoamento-em-servico-de-atendimento-educacional-especializado-saee-transtorno-do-espectro-autista\/#primaryimage\"},\"image\":{\"@id\":\"https:\/\/wp.ufpel.edu.br\/aeeufpel\/curso-de-aperfeicoamento-em-servico-de-atendimento-educacional-especializado-saee-transtorno-do-espectro-autista\/#primaryimage\"},\"thumbnailUrl\":\"https:\/\/wp.ufpel.edu.br\/aeeufpel\/files\/2020\/07\/banner-logos-ufpel_Prancheta-1-copia-4.jpg\",\"datePublished\":\"2020-07-15T14:23:44+00:00\",\"dateModified\":\"2021-07-23T17:30:34+00:00\",\"breadcrumb\":{\"@id\":\"https:\/\/wp.ufpel.edu.br\/aeeufpel\/curso-de-aperfeicoamento-em-servico-de-atendimento-educacional-especializado-saee-transtorno-do-espectro-autista\/#breadcrumb\"},\"inLanguage\":\"pt-BR\",\"potentialAction\":[{\"@type\":\"ReadAction\",\"target\":[\"https:\/\/wp.ufpel.edu.br\/aeeufpel\/curso-de-aperfeicoamento-em-servico-de-atendimento-educacional-especializado-saee-transtorno-do-espectro-autista\/\"]}]},{\"@type\":\"ImageObject\",\"inLanguage\":\"pt-BR\",\"@id\":\"https:\/\/wp.ufpel.edu.br\/aeeufpel\/curso-de-aperfeicoamento-em-servico-de-atendimento-educacional-especializado-saee-transtorno-do-espectro-autista\/#primaryimage\",\"url\":\"https:\/\/wp.ufpel.edu.br\/aeeufpel\/files\/2020\/07\/banner-logos-ufpel_Prancheta-1-copia-4.jpg\",\"contentUrl\":\"https:\/\/wp.ufpel.edu.br\/aeeufpel\/files\/2020\/07\/banner-logos-ufpel_Prancheta-1-copia-4.jpg\",\"width\":1772,\"height\":249},{\"@type\":\"BreadcrumbList\",\"@id\":\"https:\/\/wp.ufpel.edu.br\/aeeufpel\/curso-de-aperfeicoamento-em-servico-de-atendimento-educacional-especializado-saee-transtorno-do-espectro-autista\/#breadcrumb\",\"itemListElement\":[{\"@type\":\"ListItem\",\"position\":1,\"name\":\"In\u00edcio\",\"item\":\"https:\/\/wp.ufpel.edu.br\/aeeufpel\/\"},{\"@type\":\"ListItem\",\"position\":2,\"name\":\"Curso de Aperfei\u00e7oamento em Servi\u00e7o de Atendimento Educacional Especializado (SAEE) &#8211; Transtorno do Espectro Autista \/ 2020\"}]},{\"@type\":\"WebSite\",\"@id\":\"https:\/\/wp.ufpel.edu.br\/aeeufpel\/#website\",\"url\":\"https:\/\/wp.ufpel.edu.br\/aeeufpel\/\",\"name\":\"Forma\u00e7\u00e3o em Servi\u00e7o de Atendimento Educacional Especializado\",\"description\":\"Universidade Federal de Pelotas - UFPEL\",\"potentialAction\":[{\"@type\":\"SearchAction\",\"target\":{\"@type\":\"EntryPoint\",\"urlTemplate\":\"https:\/\/wp.ufpel.edu.br\/aeeufpel\/?s={search_term_string}\"},\"query-input\":{\"@type\":\"PropertyValueSpecification\",\"valueRequired\":true,\"valueName\":\"search_term_string\"}}],\"inLanguage\":\"pt-BR\"}]}<\/script>\n<!-- \/ Yoast SEO plugin. -->","yoast_head_json":{"title":"Curso de Aperfei\u00e7oamento em Servi\u00e7o de Atendimento Educacional Especializado (SAEE) - Transtorno do Espectro Autista \/ 2020 - Forma\u00e7\u00e3o em Servi\u00e7o de Atendimento Educacional Especializado","robots":{"index":"index","follow":"follow","max-snippet":"max-snippet:-1","max-image-preview":"max-image-preview:large","max-video-preview":"max-video-preview:-1"},"canonical":"https:\/\/wp.ufpel.edu.br\/aeeufpel\/curso-de-aperfeicoamento-em-servico-de-atendimento-educacional-especializado-saee-transtorno-do-espectro-autista\/","og_locale":"pt_BR","og_type":"article","og_title":"Curso de Aperfei\u00e7oamento em Servi\u00e7o de Atendimento Educacional Especializado (SAEE) - Transtorno do Espectro Autista \/ 2020 - Forma\u00e7\u00e3o em Servi\u00e7o de Atendimento Educacional Especializado","og_description":"Modalidade: EAD Carga hor\u00e1ria: 180 horas P\u00fablico-alvo: professores das redes p\u00fablicas de ensino OBJETIVO: Proporcionar a forma\u00e7\u00e3o continuada de professores da educa\u00e7\u00e3o b\u00e1sica, como aperfei\u00e7oamento em Atendimento Educacional Especializado-TEA, que possibilite a concretiza\u00e7\u00e3o de pol\u00edticas, programas e pr\u00e1ticas que atendam a diversidade e a educa\u00e7\u00e3o inclusiva. PROGRAMA\u00c7\u00c3O SEMIN\u00c1RIO DE ABERTURA M\u00d3DULO 1 &#8211; 80 HORAS [&hellip;]","og_url":"https:\/\/wp.ufpel.edu.br\/aeeufpel\/curso-de-aperfeicoamento-em-servico-de-atendimento-educacional-especializado-saee-transtorno-do-espectro-autista\/","og_site_name":"Forma\u00e7\u00e3o em Servi\u00e7o de Atendimento Educacional Especializado","article_modified_time":"2021-07-23T17:30:34+00:00","og_image":[{"url":"https:\/\/wp.ufpel.edu.br\/aeeufpel\/files\/2020\/07\/banner-logos-ufpel_Prancheta-1-copia-4.jpg","type":"","width":"","height":""}],"twitter_card":"summary_large_image","twitter_misc":{"Est. tempo de leitura":"1 minuto"},"schema":{"@context":"https:\/\/schema.org","@graph":[{"@type":"WebPage","@id":"https:\/\/wp.ufpel.edu.br\/aeeufpel\/curso-de-aperfeicoamento-em-servico-de-atendimento-educacional-especializado-saee-transtorno-do-espectro-autista\/","url":"https:\/\/wp.ufpel.edu.br\/aeeufpel\/curso-de-aperfeicoamento-em-servico-de-atendimento-educacional-especializado-saee-transtorno-do-espectro-autista\/","name":"Curso de Aperfei\u00e7oamento em Servi\u00e7o de Atendimento Educacional Especializado (SAEE) - Transtorno do Espectro Autista \/ 2020 - Forma\u00e7\u00e3o em Servi\u00e7o de Atendimento Educacional Especializado","isPartOf":{"@id":"https:\/\/wp.ufpel.edu.br\/aeeufpel\/#website"},"primaryImageOfPage":{"@id":"https:\/\/wp.ufpel.edu.br\/aeeufpel\/curso-de-aperfeicoamento-em-servico-de-atendimento-educacional-especializado-saee-transtorno-do-espectro-autista\/#primaryimage"},"image":{"@id":"https:\/\/wp.ufpel.edu.br\/aeeufpel\/curso-de-aperfeicoamento-em-servico-de-atendimento-educacional-especializado-saee-transtorno-do-espectro-autista\/#primaryimage"},"thumbnailUrl":"https:\/\/wp.ufpel.edu.br\/aeeufpel\/files\/2020\/07\/banner-logos-ufpel_Prancheta-1-copia-4.jpg","datePublished":"2020-07-15T14:23:44+00:00","dateModified":"2021-07-23T17:30:34+00:00","breadcrumb":{"@id":"https:\/\/wp.ufpel.edu.br\/aeeufpel\/curso-de-aperfeicoamento-em-servico-de-atendimento-educacional-especializado-saee-transtorno-do-espectro-autista\/#breadcrumb"},"inLanguage":"pt-BR","potentialAction":[{"@type":"ReadAction","target":["https:\/\/wp.ufpel.edu.br\/aeeufpel\/curso-de-aperfeicoamento-em-servico-de-atendimento-educacional-especializado-saee-transtorno-do-espectro-autista\/"]}]},{"@type":"ImageObject","inLanguage":"pt-BR","@id":"https:\/\/wp.ufpel.edu.br\/aeeufpel\/curso-de-aperfeicoamento-em-servico-de-atendimento-educacional-especializado-saee-transtorno-do-espectro-autista\/#primaryimage","url":"https:\/\/wp.ufpel.edu.br\/aeeufpel\/files\/2020\/07\/banner-logos-ufpel_Prancheta-1-copia-4.jpg","contentUrl":"https:\/\/wp.ufpel.edu.br\/aeeufpel\/files\/2020\/07\/banner-logos-ufpel_Prancheta-1-copia-4.jpg","width":1772,"height":249},{"@type":"BreadcrumbList","@id":"https:\/\/wp.ufpel.edu.br\/aeeufpel\/curso-de-aperfeicoamento-em-servico-de-atendimento-educacional-especializado-saee-transtorno-do-espectro-autista\/#breadcrumb","itemListElement":[{"@type":"ListItem","position":1,"name":"In\u00edcio","item":"https:\/\/wp.ufpel.edu.br\/aeeufpel\/"},{"@type":"ListItem","position":2,"name":"Curso de Aperfei\u00e7oamento em Servi\u00e7o de Atendimento Educacional Especializado (SAEE) &#8211; Transtorno do Espectro Autista \/ 2020"}]},{"@type":"WebSite","@id":"https:\/\/wp.ufpel.edu.br\/aeeufpel\/#website","url":"https:\/\/wp.ufpel.edu.br\/aeeufpel\/","name":"Forma\u00e7\u00e3o em Servi\u00e7o de Atendimento Educacional Especializado","description":"Universidade Federal de Pelotas - UFPEL","potentialAction":[{"@type":"SearchAction","target":{"@type":"EntryPoint","urlTemplate":"https:\/\/wp.ufpel.edu.br\/aeeufpel\/?s={search_term_string}"},"query-input":{"@type":"PropertyValueSpecification","valueRequired":true,"valueName":"search_term_string"}}],"inLanguage":"pt-BR"}]}},"_links":{"self":[{"href":"https:\/\/wp.ufpel.edu.br\/aeeufpel\/wp-json\/wp\/v2\/pages\/89","targetHints":{"allow":["GET"]}}],"collection":[{"href":"https:\/\/wp.ufpel.edu.br\/aeeufpel\/wp-json\/wp\/v2\/pages"}],"about":[{"href":"https:\/\/wp.ufpel.edu.br\/aeeufpel\/wp-json\/wp\/v2\/types\/page"}],"author":[{"embeddable":true,"href":"https:\/\/wp.ufpel.edu.br\/aeeufpel\/wp-json\/wp\/v2\/users\/1031"}],"replies":[{"embeddable":true,"href":"https:\/\/wp.ufpel.edu.br\/aeeufpel\/wp-json\/wp\/v2\/comments?post=89"}],"version-history":[{"count":11,"href":"https:\/\/wp.ufpel.edu.br\/aeeufpel\/wp-json\/wp\/v2\/pages\/89\/revisions"}],"predecessor-version":[{"id":456,"href":"https:\/\/wp.ufpel.edu.br\/aeeufpel\/wp-json\/wp\/v2\/pages\/89\/revisions\/456"}],"wp:attachment":[{"href":"https:\/\/wp.ufpel.edu.br\/aeeufpel\/wp-json\/wp\/v2\/media?parent=89"}],"curies":[{"name":"wp","href":"https:\/\/api.w.org\/{rel}","templated":true}]}}