{"id":656,"date":"2022-04-26T12:31:07","date_gmt":"2022-04-26T15:31:07","guid":{"rendered":"https:\/\/wp.ufpel.edu.br\/aeeufpel\/?page_id=656"},"modified":"2022-07-01T13:11:41","modified_gmt":"2022-07-01T16:11:41","slug":"atendimento-educacional-especializado-e-as-tecnologias-para-a-mediacao-da-aprendizagem-aperfeicoamento-2022","status":"publish","type":"page","link":"https:\/\/wp.ufpel.edu.br\/aeeufpel\/atendimento-educacional-especializado-e-as-tecnologias-para-a-mediacao-da-aprendizagem-aperfeicoamento-2022\/","title":{"rendered":"ATENDIMENTO EDUCACIONAL ESPECIALIZADO E AS TECNOLOGIAS PARA A MEDIA\u00c7\u00c3O DA APRENDIZAGEM &#8211; APERFEI\u00c7OAMENTO &#8211; 2022"},"content":{"rendered":"<p><img loading=\"lazy\" decoding=\"async\" class=\"wp-image-658 size-large alignnone\" src=\"https:\/\/wp.ufpel.edu.br\/aeeufpel\/files\/2022\/04\/0071_2022_ufpel_marcas_cursos-aee_600x200px_abril_Prancheta-1-copia-4-1024x341.png\" alt=\"\" width=\"720\" height=\"240\" srcset=\"https:\/\/wp.ufpel.edu.br\/aeeufpel\/files\/2022\/04\/0071_2022_ufpel_marcas_cursos-aee_600x200px_abril_Prancheta-1-copia-4-1024x341.png 1024w, https:\/\/wp.ufpel.edu.br\/aeeufpel\/files\/2022\/04\/0071_2022_ufpel_marcas_cursos-aee_600x200px_abril_Prancheta-1-copia-4-400x133.png 400w, https:\/\/wp.ufpel.edu.br\/aeeufpel\/files\/2022\/04\/0071_2022_ufpel_marcas_cursos-aee_600x200px_abril_Prancheta-1-copia-4-768x256.png 768w, https:\/\/wp.ufpel.edu.br\/aeeufpel\/files\/2022\/04\/0071_2022_ufpel_marcas_cursos-aee_600x200px_abril_Prancheta-1-copia-4-1536x512.png 1536w, https:\/\/wp.ufpel.edu.br\/aeeufpel\/files\/2022\/04\/0071_2022_ufpel_marcas_cursos-aee_600x200px_abril_Prancheta-1-copia-4-2048x683.png 2048w\" sizes=\"auto, (max-width: 720px) 100vw, 720px\" \/><\/p>\n<p><span style=\"color: #ff0000; font-size: 24pt;\"><strong><span style=\"color: #ffffff; background-color: #ff0000;\">INSCRI\u00c7\u00d5ES ENCERRADAS PARA ESTE CURSO<\/span><\/strong><\/span><\/p>\n<p>&nbsp;<\/p>\n<p><span style=\"font-size: 18pt;\">Carga hor\u00e1ria: 180 horas<\/span><\/p>\n<p>&nbsp;<\/p>\n<p><span style=\"font-size: 18pt;\">O curso de aperfei\u00e7oamento em AEE e as tecnologias para a media\u00e7\u00e3o da aprendizagem pretende oportunizar a reflex\u00e3o sobre a realidade, fornecendo elementos que qualifiquem as pr\u00e1ticas atrav\u00e9s da acessibilidade por meio do uso de ferramentas e tecnologias. Ser\u00e1 desenvolvido em dois semin\u00e1rios,\u00a0 tr\u00eas m\u00f3dulos, 9 disciplinas\u00a0 al\u00e9m de aulas b\u00f4nus, lives e :<\/span><\/p>\n<p>&nbsp;<\/p>\n<p><span style=\"font-size: 18pt;\"><strong>M\u00d3DULO 1: A OFERTA DO SERVI\u00c7O DE ATENDIMENTO EDUCACIONAL ESPECIALIZADO FOCADO NA UTILIZA\u00c7\u00c3O DAS TECNOLOGIAS E ADAPTA\u00c7\u00c3O DE MATERIAIS E ATIVIDADES <\/strong><\/span><\/p>\n<p><span style=\"font-size: 18pt;\">DISCIPLINA I &#8211; TECNOLOGIA ASSISTIVA<\/span><\/p>\n<p><span style=\"font-size: 18pt;\">LIVE B\u00d4NUS\u00a0 &#8211; POL\u00cdTICAS P\u00daBLICAS E ORDENAMENTOS LEGAIS DA EDUCA\u00c7\u00c3O ESPECIAL NO CONTEXTO DA EDUCA\u00c7\u00c3O INCLUSIVA E A UTILIZA\u00c7\u00c3O DA TECNOLOGIA ASSISTIVA<\/span><\/p>\n<p><span style=\"font-size: 18pt;\">DISCIPLINA II &#8211; O SERVI\u00c7O DE ATENDIMENTO EDUCACIONAL ESPECIALIZADO (SAEE) E A<\/span><\/p>\n<p><span style=\"font-size: 18pt;\">UTILIZA\u00c7\u00c3O DA TECNOLOGIA ASSISTIVA<\/span><\/p>\n<p><span style=\"font-size: 18pt;\">LIVE B\u00d4NUS- DESENHO UNIVERSAL PARA A APRENDIZAGEM (DUA)<\/span><\/p>\n<p>&nbsp;<\/p>\n<p><span style=\"font-size: 18pt;\"><strong>M\u00d3DULO 2: PROCESSO DE IDENTIFICA\u00c7\u00c3O, AVALIA\u00c7\u00c3O E PRODU\u00c7\u00c3O DE INTERVEN\u00c7\u00d5ES PEDAG\u00d3GICAS NO SERVI\u00c7O DE ATENDIMENTO EDUCACIONAL ESPECIALIZADO (SAEE) PARA A ACESSIBILIDADE ESCOLAR <\/strong><\/span><\/p>\n<p><span style=\"font-size: 18pt;\">DISCIPLINA I- PRODU\u00c7\u00c3O E ADAPTA\u00c7\u00c3O DE MATERIAIS NA PERSPECTIVA DO DESENHO UNIVERSAL PARA A APRENDIZAGEM (DUA)<\/span><\/p>\n<p><span style=\"font-size: 18pt;\">LIVE B\u00d4NUS JOGOS E MATERIAIS PARA O ENSINO DE QU\u00cdMICA NA PERSPECTIVA DO DUA<\/span><\/p>\n<p><span style=\"font-size: 18pt;\">DISCIPLINA II- CONSTRU\u00c7\u00c3O DE RECURSOS PEDAG\u00d3GICOS ACESS\u00cdVEIS<\/span><\/p>\n<p><span style=\"font-size: 18pt;\">LIVE B\u00d4NUS- CARTOGRAFIA T\u00c1TIL<\/span><\/p>\n<p><span style=\"font-size: 18pt;\">DISCIPLINA III- A AUDIODESCRI\u00c7\u00c3O NO CONTEXTO ESCOLAR<\/span><\/p>\n<p><span style=\"font-size: 18pt;\">LIVE B\u00d4NUS- DESCRI\u00c7\u00c3O DE IMAGENS E TEXTO ALTERNATIVO<\/span><\/p>\n<p>&nbsp;<\/p>\n<p><span style=\"font-size: 18pt;\"><strong>M\u00d3DULO 3: O SERVI\u00c7O DE ATENDIMENTO EDUCACIONAL ESPECIALIZADO (SAEE) E AS PR\u00c1TICAS PEDAG\u00d3GICAS OFERTADAS ATRAV\u00c9S DAS TECNOLOGIAS <\/strong><\/span><\/p>\n<p><span style=\"font-size: 18pt;\">DISCIPLINA I &#8211; LEITURA E EDI\u00c7\u00c3O DE ATIVIDADES ATRAV\u00c9S DO NVDA E DOSVOX<\/span><\/p>\n<p><span style=\"font-size: 18pt;\">DISCIPLINA II &#8211; PRODU\u00c7\u00c3O DE MATERIAL DIGITAIS ACESS\u00cdVEIS<\/span><\/p>\n<p><span style=\"font-size: 18pt;\">DISCIPLINA III &#8211; PRODU\u00c7\u00c3O DE ATIVIDADES INTERATIVAS<\/span><\/p>\n<p><span style=\"font-size: 18pt;\">LIVE B\u00d4NUS PRODU\u00c7\u00c3O DE PODCAST<\/span><\/p>\n<p><span style=\"font-size: 18pt;\">DISCIPLINA IV &#8211; ELABORA\u00c7\u00c3O DE JOGOS E V\u00cdDEOS EDUCATIVOS<\/span><\/p>\n","protected":false},"excerpt":{"rendered":"<p>INSCRI\u00c7\u00d5ES ENCERRADAS PARA ESTE CURSO &nbsp; Carga hor\u00e1ria: 180 horas &nbsp; O curso de aperfei\u00e7oamento em AEE e as tecnologias para a media\u00e7\u00e3o da aprendizagem pretende oportunizar a reflex\u00e3o sobre a realidade, fornecendo elementos que qualifiquem as pr\u00e1ticas atrav\u00e9s da acessibilidade por meio do uso de ferramentas e tecnologias. Ser\u00e1 desenvolvido em dois semin\u00e1rios,\u00a0 tr\u00eas [&hellip;]<\/p>\n","protected":false},"author":1031,"featured_media":0,"parent":0,"menu_order":0,"comment_status":"closed","ping_status":"closed","template":"","meta":{"footnotes":""},"class_list":["post-656","page","type-page","status-publish","hentry","post"],"yoast_head":"<!-- This site is optimized with the Yoast SEO plugin v26.7 - https:\/\/yoast.com\/wordpress\/plugins\/seo\/ -->\n<title>ATENDIMENTO EDUCACIONAL ESPECIALIZADO E AS TECNOLOGIAS PARA A MEDIA\u00c7\u00c3O DA APRENDIZAGEM - APERFEI\u00c7OAMENTO - 2022 - Forma\u00e7\u00e3o em Servi\u00e7o de Atendimento Educacional Especializado<\/title>\n<meta name=\"robots\" content=\"index, follow, max-snippet:-1, max-image-preview:large, max-video-preview:-1\" \/>\n<link rel=\"canonical\" href=\"https:\/\/wp.ufpel.edu.br\/aeeufpel\/atendimento-educacional-especializado-e-as-tecnologias-para-a-mediacao-da-aprendizagem-aperfeicoamento-2022\/\" \/>\n<meta property=\"og:locale\" content=\"pt_BR\" \/>\n<meta property=\"og:type\" content=\"article\" \/>\n<meta property=\"og:title\" content=\"ATENDIMENTO EDUCACIONAL ESPECIALIZADO E AS TECNOLOGIAS PARA A MEDIA\u00c7\u00c3O DA APRENDIZAGEM - APERFEI\u00c7OAMENTO - 2022 - Forma\u00e7\u00e3o em Servi\u00e7o de Atendimento Educacional Especializado\" \/>\n<meta property=\"og:description\" content=\"INSCRI\u00c7\u00d5ES ENCERRADAS PARA ESTE CURSO &nbsp; Carga hor\u00e1ria: 180 horas &nbsp; O curso de aperfei\u00e7oamento em AEE e as tecnologias para a media\u00e7\u00e3o da aprendizagem pretende oportunizar a reflex\u00e3o sobre a realidade, fornecendo elementos que qualifiquem as pr\u00e1ticas atrav\u00e9s da acessibilidade por meio do uso de ferramentas e tecnologias. Ser\u00e1 desenvolvido em dois semin\u00e1rios,\u00a0 tr\u00eas [&hellip;]\" \/>\n<meta property=\"og:url\" content=\"https:\/\/wp.ufpel.edu.br\/aeeufpel\/atendimento-educacional-especializado-e-as-tecnologias-para-a-mediacao-da-aprendizagem-aperfeicoamento-2022\/\" \/>\n<meta property=\"og:site_name\" content=\"Forma\u00e7\u00e3o em Servi\u00e7o de Atendimento Educacional Especializado\" \/>\n<meta property=\"article:modified_time\" content=\"2022-07-01T16:11:41+00:00\" \/>\n<meta property=\"og:image\" content=\"https:\/\/wp.ufpel.edu.br\/aeeufpel\/files\/2022\/04\/0071_2022_ufpel_marcas_cursos-aee_600x200px_abril_Prancheta-1-copia-4-1024x341.png\" \/>\n<meta name=\"twitter:card\" content=\"summary_large_image\" \/>\n<meta name=\"twitter:label1\" content=\"Est. tempo de leitura\" \/>\n\t<meta name=\"twitter:data1\" content=\"2 minutos\" \/>\n<script type=\"application\/ld+json\" class=\"yoast-schema-graph\">{\"@context\":\"https:\/\/schema.org\",\"@graph\":[{\"@type\":\"WebPage\",\"@id\":\"https:\/\/wp.ufpel.edu.br\/aeeufpel\/atendimento-educacional-especializado-e-as-tecnologias-para-a-mediacao-da-aprendizagem-aperfeicoamento-2022\/\",\"url\":\"https:\/\/wp.ufpel.edu.br\/aeeufpel\/atendimento-educacional-especializado-e-as-tecnologias-para-a-mediacao-da-aprendizagem-aperfeicoamento-2022\/\",\"name\":\"ATENDIMENTO EDUCACIONAL ESPECIALIZADO E AS TECNOLOGIAS PARA A MEDIA\u00c7\u00c3O DA APRENDIZAGEM - APERFEI\u00c7OAMENTO - 2022 - Forma\u00e7\u00e3o em Servi\u00e7o de Atendimento Educacional Especializado\",\"isPartOf\":{\"@id\":\"https:\/\/wp.ufpel.edu.br\/aeeufpel\/#website\"},\"primaryImageOfPage\":{\"@id\":\"https:\/\/wp.ufpel.edu.br\/aeeufpel\/atendimento-educacional-especializado-e-as-tecnologias-para-a-mediacao-da-aprendizagem-aperfeicoamento-2022\/#primaryimage\"},\"image\":{\"@id\":\"https:\/\/wp.ufpel.edu.br\/aeeufpel\/atendimento-educacional-especializado-e-as-tecnologias-para-a-mediacao-da-aprendizagem-aperfeicoamento-2022\/#primaryimage\"},\"thumbnailUrl\":\"https:\/\/wp.ufpel.edu.br\/aeeufpel\/files\/2022\/04\/0071_2022_ufpel_marcas_cursos-aee_600x200px_abril_Prancheta-1-copia-4-1024x341.png\",\"datePublished\":\"2022-04-26T15:31:07+00:00\",\"dateModified\":\"2022-07-01T16:11:41+00:00\",\"breadcrumb\":{\"@id\":\"https:\/\/wp.ufpel.edu.br\/aeeufpel\/atendimento-educacional-especializado-e-as-tecnologias-para-a-mediacao-da-aprendizagem-aperfeicoamento-2022\/#breadcrumb\"},\"inLanguage\":\"pt-BR\",\"potentialAction\":[{\"@type\":\"ReadAction\",\"target\":[\"https:\/\/wp.ufpel.edu.br\/aeeufpel\/atendimento-educacional-especializado-e-as-tecnologias-para-a-mediacao-da-aprendizagem-aperfeicoamento-2022\/\"]}]},{\"@type\":\"ImageObject\",\"inLanguage\":\"pt-BR\",\"@id\":\"https:\/\/wp.ufpel.edu.br\/aeeufpel\/atendimento-educacional-especializado-e-as-tecnologias-para-a-mediacao-da-aprendizagem-aperfeicoamento-2022\/#primaryimage\",\"url\":\"https:\/\/wp.ufpel.edu.br\/aeeufpel\/files\/2022\/04\/0071_2022_ufpel_marcas_cursos-aee_600x200px_abril_Prancheta-1-copia-4.png\",\"contentUrl\":\"https:\/\/wp.ufpel.edu.br\/aeeufpel\/files\/2022\/04\/0071_2022_ufpel_marcas_cursos-aee_600x200px_abril_Prancheta-1-copia-4.png\",\"width\":2501,\"height\":834},{\"@type\":\"BreadcrumbList\",\"@id\":\"https:\/\/wp.ufpel.edu.br\/aeeufpel\/atendimento-educacional-especializado-e-as-tecnologias-para-a-mediacao-da-aprendizagem-aperfeicoamento-2022\/#breadcrumb\",\"itemListElement\":[{\"@type\":\"ListItem\",\"position\":1,\"name\":\"In\u00edcio\",\"item\":\"https:\/\/wp.ufpel.edu.br\/aeeufpel\/\"},{\"@type\":\"ListItem\",\"position\":2,\"name\":\"ATENDIMENTO EDUCACIONAL ESPECIALIZADO E AS TECNOLOGIAS PARA A MEDIA\u00c7\u00c3O DA APRENDIZAGEM &#8211; APERFEI\u00c7OAMENTO &#8211; 2022\"}]},{\"@type\":\"WebSite\",\"@id\":\"https:\/\/wp.ufpel.edu.br\/aeeufpel\/#website\",\"url\":\"https:\/\/wp.ufpel.edu.br\/aeeufpel\/\",\"name\":\"Forma\u00e7\u00e3o em Servi\u00e7o de Atendimento Educacional Especializado\",\"description\":\"Universidade Federal de Pelotas - UFPEL\",\"potentialAction\":[{\"@type\":\"SearchAction\",\"target\":{\"@type\":\"EntryPoint\",\"urlTemplate\":\"https:\/\/wp.ufpel.edu.br\/aeeufpel\/?s={search_term_string}\"},\"query-input\":{\"@type\":\"PropertyValueSpecification\",\"valueRequired\":true,\"valueName\":\"search_term_string\"}}],\"inLanguage\":\"pt-BR\"}]}<\/script>\n<!-- \/ Yoast SEO plugin. -->","yoast_head_json":{"title":"ATENDIMENTO EDUCACIONAL ESPECIALIZADO E AS TECNOLOGIAS PARA A MEDIA\u00c7\u00c3O DA APRENDIZAGEM - APERFEI\u00c7OAMENTO - 2022 - Forma\u00e7\u00e3o em Servi\u00e7o de Atendimento Educacional Especializado","robots":{"index":"index","follow":"follow","max-snippet":"max-snippet:-1","max-image-preview":"max-image-preview:large","max-video-preview":"max-video-preview:-1"},"canonical":"https:\/\/wp.ufpel.edu.br\/aeeufpel\/atendimento-educacional-especializado-e-as-tecnologias-para-a-mediacao-da-aprendizagem-aperfeicoamento-2022\/","og_locale":"pt_BR","og_type":"article","og_title":"ATENDIMENTO EDUCACIONAL ESPECIALIZADO E AS TECNOLOGIAS PARA A MEDIA\u00c7\u00c3O DA APRENDIZAGEM - APERFEI\u00c7OAMENTO - 2022 - Forma\u00e7\u00e3o em Servi\u00e7o de Atendimento Educacional Especializado","og_description":"INSCRI\u00c7\u00d5ES ENCERRADAS PARA ESTE CURSO &nbsp; Carga hor\u00e1ria: 180 horas &nbsp; O curso de aperfei\u00e7oamento em AEE e as tecnologias para a media\u00e7\u00e3o da aprendizagem pretende oportunizar a reflex\u00e3o sobre a realidade, fornecendo elementos que qualifiquem as pr\u00e1ticas atrav\u00e9s da acessibilidade por meio do uso de ferramentas e tecnologias. Ser\u00e1 desenvolvido em dois semin\u00e1rios,\u00a0 tr\u00eas [&hellip;]","og_url":"https:\/\/wp.ufpel.edu.br\/aeeufpel\/atendimento-educacional-especializado-e-as-tecnologias-para-a-mediacao-da-aprendizagem-aperfeicoamento-2022\/","og_site_name":"Forma\u00e7\u00e3o em Servi\u00e7o de Atendimento Educacional Especializado","article_modified_time":"2022-07-01T16:11:41+00:00","og_image":[{"url":"https:\/\/wp.ufpel.edu.br\/aeeufpel\/files\/2022\/04\/0071_2022_ufpel_marcas_cursos-aee_600x200px_abril_Prancheta-1-copia-4-1024x341.png","type":"","width":"","height":""}],"twitter_card":"summary_large_image","twitter_misc":{"Est. tempo de leitura":"2 minutos"},"schema":{"@context":"https:\/\/schema.org","@graph":[{"@type":"WebPage","@id":"https:\/\/wp.ufpel.edu.br\/aeeufpel\/atendimento-educacional-especializado-e-as-tecnologias-para-a-mediacao-da-aprendizagem-aperfeicoamento-2022\/","url":"https:\/\/wp.ufpel.edu.br\/aeeufpel\/atendimento-educacional-especializado-e-as-tecnologias-para-a-mediacao-da-aprendizagem-aperfeicoamento-2022\/","name":"ATENDIMENTO EDUCACIONAL ESPECIALIZADO E AS TECNOLOGIAS PARA A MEDIA\u00c7\u00c3O DA APRENDIZAGEM - APERFEI\u00c7OAMENTO - 2022 - Forma\u00e7\u00e3o em Servi\u00e7o de Atendimento Educacional Especializado","isPartOf":{"@id":"https:\/\/wp.ufpel.edu.br\/aeeufpel\/#website"},"primaryImageOfPage":{"@id":"https:\/\/wp.ufpel.edu.br\/aeeufpel\/atendimento-educacional-especializado-e-as-tecnologias-para-a-mediacao-da-aprendizagem-aperfeicoamento-2022\/#primaryimage"},"image":{"@id":"https:\/\/wp.ufpel.edu.br\/aeeufpel\/atendimento-educacional-especializado-e-as-tecnologias-para-a-mediacao-da-aprendizagem-aperfeicoamento-2022\/#primaryimage"},"thumbnailUrl":"https:\/\/wp.ufpel.edu.br\/aeeufpel\/files\/2022\/04\/0071_2022_ufpel_marcas_cursos-aee_600x200px_abril_Prancheta-1-copia-4-1024x341.png","datePublished":"2022-04-26T15:31:07+00:00","dateModified":"2022-07-01T16:11:41+00:00","breadcrumb":{"@id":"https:\/\/wp.ufpel.edu.br\/aeeufpel\/atendimento-educacional-especializado-e-as-tecnologias-para-a-mediacao-da-aprendizagem-aperfeicoamento-2022\/#breadcrumb"},"inLanguage":"pt-BR","potentialAction":[{"@type":"ReadAction","target":["https:\/\/wp.ufpel.edu.br\/aeeufpel\/atendimento-educacional-especializado-e-as-tecnologias-para-a-mediacao-da-aprendizagem-aperfeicoamento-2022\/"]}]},{"@type":"ImageObject","inLanguage":"pt-BR","@id":"https:\/\/wp.ufpel.edu.br\/aeeufpel\/atendimento-educacional-especializado-e-as-tecnologias-para-a-mediacao-da-aprendizagem-aperfeicoamento-2022\/#primaryimage","url":"https:\/\/wp.ufpel.edu.br\/aeeufpel\/files\/2022\/04\/0071_2022_ufpel_marcas_cursos-aee_600x200px_abril_Prancheta-1-copia-4.png","contentUrl":"https:\/\/wp.ufpel.edu.br\/aeeufpel\/files\/2022\/04\/0071_2022_ufpel_marcas_cursos-aee_600x200px_abril_Prancheta-1-copia-4.png","width":2501,"height":834},{"@type":"BreadcrumbList","@id":"https:\/\/wp.ufpel.edu.br\/aeeufpel\/atendimento-educacional-especializado-e-as-tecnologias-para-a-mediacao-da-aprendizagem-aperfeicoamento-2022\/#breadcrumb","itemListElement":[{"@type":"ListItem","position":1,"name":"In\u00edcio","item":"https:\/\/wp.ufpel.edu.br\/aeeufpel\/"},{"@type":"ListItem","position":2,"name":"ATENDIMENTO EDUCACIONAL ESPECIALIZADO E AS TECNOLOGIAS PARA A MEDIA\u00c7\u00c3O DA APRENDIZAGEM &#8211; APERFEI\u00c7OAMENTO &#8211; 2022"}]},{"@type":"WebSite","@id":"https:\/\/wp.ufpel.edu.br\/aeeufpel\/#website","url":"https:\/\/wp.ufpel.edu.br\/aeeufpel\/","name":"Forma\u00e7\u00e3o em Servi\u00e7o de Atendimento Educacional Especializado","description":"Universidade Federal de Pelotas - UFPEL","potentialAction":[{"@type":"SearchAction","target":{"@type":"EntryPoint","urlTemplate":"https:\/\/wp.ufpel.edu.br\/aeeufpel\/?s={search_term_string}"},"query-input":{"@type":"PropertyValueSpecification","valueRequired":true,"valueName":"search_term_string"}}],"inLanguage":"pt-BR"}]}},"_links":{"self":[{"href":"https:\/\/wp.ufpel.edu.br\/aeeufpel\/wp-json\/wp\/v2\/pages\/656","targetHints":{"allow":["GET"]}}],"collection":[{"href":"https:\/\/wp.ufpel.edu.br\/aeeufpel\/wp-json\/wp\/v2\/pages"}],"about":[{"href":"https:\/\/wp.ufpel.edu.br\/aeeufpel\/wp-json\/wp\/v2\/types\/page"}],"author":[{"embeddable":true,"href":"https:\/\/wp.ufpel.edu.br\/aeeufpel\/wp-json\/wp\/v2\/users\/1031"}],"replies":[{"embeddable":true,"href":"https:\/\/wp.ufpel.edu.br\/aeeufpel\/wp-json\/wp\/v2\/comments?post=656"}],"version-history":[{"count":16,"href":"https:\/\/wp.ufpel.edu.br\/aeeufpel\/wp-json\/wp\/v2\/pages\/656\/revisions"}],"predecessor-version":[{"id":817,"href":"https:\/\/wp.ufpel.edu.br\/aeeufpel\/wp-json\/wp\/v2\/pages\/656\/revisions\/817"}],"wp:attachment":[{"href":"https:\/\/wp.ufpel.edu.br\/aeeufpel\/wp-json\/wp\/v2\/media?parent=656"}],"curies":[{"name":"wp","href":"https:\/\/api.w.org\/{rel}","templated":true}]}}