{"id":415,"date":"2021-07-10T10:27:59","date_gmt":"2021-07-10T13:27:59","guid":{"rendered":"https:\/\/wp.ufpel.edu.br\/aeeufpel\/?page_id=415"},"modified":"2021-07-24T22:12:04","modified_gmt":"2021-07-25T01:12:04","slug":"2021-2","status":"publish","type":"page","link":"https:\/\/wp.ufpel.edu.br\/aeeufpel\/2021-2\/","title":{"rendered":"2021"},"content":{"rendered":"<p><a href=\"https:\/\/wp.ufpel.edu.br\/aeeufpel\/extensao-servico-de-atendimento-educacional-especializado-e-a-utilizacao-das-tecnologias-como-acesso-a-aprendizagem\/\"><img loading=\"lazy\" decoding=\"async\" class=\"alignnone wp-image-482 size-full\" src=\"https:\/\/wp.ufpel.edu.br\/aeeufpel\/files\/2021\/07\/0263_2021_ufpel_banners-site_cursos-2021_1120x220pc_julho_Prancheta-1.png\" alt=\"\" width=\"2334\" height=\"459\" srcset=\"https:\/\/wp.ufpel.edu.br\/aeeufpel\/files\/2021\/07\/0263_2021_ufpel_banners-site_cursos-2021_1120x220pc_julho_Prancheta-1.png 2334w, https:\/\/wp.ufpel.edu.br\/aeeufpel\/files\/2021\/07\/0263_2021_ufpel_banners-site_cursos-2021_1120x220pc_julho_Prancheta-1-400x79.png 400w, https:\/\/wp.ufpel.edu.br\/aeeufpel\/files\/2021\/07\/0263_2021_ufpel_banners-site_cursos-2021_1120x220pc_julho_Prancheta-1-1024x201.png 1024w, https:\/\/wp.ufpel.edu.br\/aeeufpel\/files\/2021\/07\/0263_2021_ufpel_banners-site_cursos-2021_1120x220pc_julho_Prancheta-1-768x151.png 768w, https:\/\/wp.ufpel.edu.br\/aeeufpel\/files\/2021\/07\/0263_2021_ufpel_banners-site_cursos-2021_1120x220pc_julho_Prancheta-1-1536x302.png 1536w, https:\/\/wp.ufpel.edu.br\/aeeufpel\/files\/2021\/07\/0263_2021_ufpel_banners-site_cursos-2021_1120x220pc_julho_Prancheta-1-2048x403.png 2048w\" sizes=\"auto, (max-width: 2334px) 100vw, 2334px\" \/><\/a><\/p>\n<p><a href=\"https:\/\/wp.ufpel.edu.br\/aeeufpel\/gestao-em-educacao-especial-e-educacao-inclusiva\/\"><img loading=\"lazy\" decoding=\"async\" class=\"alignnone wp-image-488 size-full\" src=\"https:\/\/wp.ufpel.edu.br\/aeeufpel\/files\/2021\/07\/0263_2021_ufpel_banners-site_cursos-2021_1120x220pc_julho_Prancheta-1-copia-1.png\" alt=\"\" width=\"2334\" height=\"459\" srcset=\"https:\/\/wp.ufpel.edu.br\/aeeufpel\/files\/2021\/07\/0263_2021_ufpel_banners-site_cursos-2021_1120x220pc_julho_Prancheta-1-copia-1.png 2334w, https:\/\/wp.ufpel.edu.br\/aeeufpel\/files\/2021\/07\/0263_2021_ufpel_banners-site_cursos-2021_1120x220pc_julho_Prancheta-1-copia-1-400x79.png 400w, https:\/\/wp.ufpel.edu.br\/aeeufpel\/files\/2021\/07\/0263_2021_ufpel_banners-site_cursos-2021_1120x220pc_julho_Prancheta-1-copia-1-1024x201.png 1024w, https:\/\/wp.ufpel.edu.br\/aeeufpel\/files\/2021\/07\/0263_2021_ufpel_banners-site_cursos-2021_1120x220pc_julho_Prancheta-1-copia-1-768x151.png 768w, https:\/\/wp.ufpel.edu.br\/aeeufpel\/files\/2021\/07\/0263_2021_ufpel_banners-site_cursos-2021_1120x220pc_julho_Prancheta-1-copia-1-1536x302.png 1536w, https:\/\/wp.ufpel.edu.br\/aeeufpel\/files\/2021\/07\/0263_2021_ufpel_banners-site_cursos-2021_1120x220pc_julho_Prancheta-1-copia-1-2048x403.png 2048w\" sizes=\"auto, (max-width: 2334px) 100vw, 2334px\" \/><\/a><\/p>\n<p><a href=\"https:\/\/wp.ufpel.edu.br\/aeeufpel\/servico-de-atendimento-educacional-especializado-em-contexto-de-pandemia\/\"><img loading=\"lazy\" decoding=\"async\" class=\"alignnone wp-image-489 size-full\" src=\"https:\/\/wp.ufpel.edu.br\/aeeufpel\/files\/2021\/07\/0263_2021_ufpel_banners-site_cursos-2021_1120x220pc_julho_Prancheta-1-copia-2-1.png\" alt=\"\" width=\"2334\" height=\"459\" srcset=\"https:\/\/wp.ufpel.edu.br\/aeeufpel\/files\/2021\/07\/0263_2021_ufpel_banners-site_cursos-2021_1120x220pc_julho_Prancheta-1-copia-2-1.png 2334w, https:\/\/wp.ufpel.edu.br\/aeeufpel\/files\/2021\/07\/0263_2021_ufpel_banners-site_cursos-2021_1120x220pc_julho_Prancheta-1-copia-2-1-400x79.png 400w, https:\/\/wp.ufpel.edu.br\/aeeufpel\/files\/2021\/07\/0263_2021_ufpel_banners-site_cursos-2021_1120x220pc_julho_Prancheta-1-copia-2-1-1024x201.png 1024w, https:\/\/wp.ufpel.edu.br\/aeeufpel\/files\/2021\/07\/0263_2021_ufpel_banners-site_cursos-2021_1120x220pc_julho_Prancheta-1-copia-2-1-768x151.png 768w, https:\/\/wp.ufpel.edu.br\/aeeufpel\/files\/2021\/07\/0263_2021_ufpel_banners-site_cursos-2021_1120x220pc_julho_Prancheta-1-copia-2-1-1536x302.png 1536w, https:\/\/wp.ufpel.edu.br\/aeeufpel\/files\/2021\/07\/0263_2021_ufpel_banners-site_cursos-2021_1120x220pc_julho_Prancheta-1-copia-2-1-2048x403.png 2048w\" sizes=\"auto, (max-width: 2334px) 100vw, 2334px\" \/><\/a><\/p>\n<p><a href=\"https:\/\/wp.ufpel.edu.br\/aeeufpel\/altas-habilidades-ou-superdotacao-identificacao-e-atendimento-educacional-especializado\/\"><img loading=\"lazy\" decoding=\"async\" class=\"alignnone wp-image-490 size-full\" src=\"https:\/\/wp.ufpel.edu.br\/aeeufpel\/files\/2021\/07\/0263_2021_ufpel_banners-site_cursos-2021_1120x220pc_julho_Prancheta-1-copia-3-1.png\" alt=\"\" width=\"2334\" height=\"459\" srcset=\"https:\/\/wp.ufpel.edu.br\/aeeufpel\/files\/2021\/07\/0263_2021_ufpel_banners-site_cursos-2021_1120x220pc_julho_Prancheta-1-copia-3-1.png 2334w, https:\/\/wp.ufpel.edu.br\/aeeufpel\/files\/2021\/07\/0263_2021_ufpel_banners-site_cursos-2021_1120x220pc_julho_Prancheta-1-copia-3-1-400x79.png 400w, https:\/\/wp.ufpel.edu.br\/aeeufpel\/files\/2021\/07\/0263_2021_ufpel_banners-site_cursos-2021_1120x220pc_julho_Prancheta-1-copia-3-1-1024x201.png 1024w, https:\/\/wp.ufpel.edu.br\/aeeufpel\/files\/2021\/07\/0263_2021_ufpel_banners-site_cursos-2021_1120x220pc_julho_Prancheta-1-copia-3-1-768x151.png 768w, https:\/\/wp.ufpel.edu.br\/aeeufpel\/files\/2021\/07\/0263_2021_ufpel_banners-site_cursos-2021_1120x220pc_julho_Prancheta-1-copia-3-1-1536x302.png 1536w, https:\/\/wp.ufpel.edu.br\/aeeufpel\/files\/2021\/07\/0263_2021_ufpel_banners-site_cursos-2021_1120x220pc_julho_Prancheta-1-copia-3-1-2048x403.png 2048w\" sizes=\"auto, (max-width: 2334px) 100vw, 2334px\" \/><\/a><\/p>\n<p><a href=\"https:\/\/wp.ufpel.edu.br\/aeeufpel\/servico-de-atendimento-educacional-especializado-deficiencia-intelectual\/\"><img loading=\"lazy\" decoding=\"async\" class=\"alignnone wp-image-491 size-full\" src=\"https:\/\/wp.ufpel.edu.br\/aeeufpel\/files\/2021\/07\/0263_2021_ufpel_banners-site_cursos-2021_1120x220pc_julho_Prancheta-1-copia-4-1.png\" alt=\"\" width=\"2334\" height=\"459\" srcset=\"https:\/\/wp.ufpel.edu.br\/aeeufpel\/files\/2021\/07\/0263_2021_ufpel_banners-site_cursos-2021_1120x220pc_julho_Prancheta-1-copia-4-1.png 2334w, https:\/\/wp.ufpel.edu.br\/aeeufpel\/files\/2021\/07\/0263_2021_ufpel_banners-site_cursos-2021_1120x220pc_julho_Prancheta-1-copia-4-1-400x79.png 400w, https:\/\/wp.ufpel.edu.br\/aeeufpel\/files\/2021\/07\/0263_2021_ufpel_banners-site_cursos-2021_1120x220pc_julho_Prancheta-1-copia-4-1-1024x201.png 1024w, https:\/\/wp.ufpel.edu.br\/aeeufpel\/files\/2021\/07\/0263_2021_ufpel_banners-site_cursos-2021_1120x220pc_julho_Prancheta-1-copia-4-1-768x151.png 768w, https:\/\/wp.ufpel.edu.br\/aeeufpel\/files\/2021\/07\/0263_2021_ufpel_banners-site_cursos-2021_1120x220pc_julho_Prancheta-1-copia-4-1-1536x302.png 1536w, https:\/\/wp.ufpel.edu.br\/aeeufpel\/files\/2021\/07\/0263_2021_ufpel_banners-site_cursos-2021_1120x220pc_julho_Prancheta-1-copia-4-1-2048x403.png 2048w\" sizes=\"auto, (max-width: 2334px) 100vw, 2334px\" \/><\/a><\/p>\n<p><a href=\"https:\/\/wp.ufpel.edu.br\/aeeufpel\/servico-de-atendimento-educacional-especializado-transtorno-do-espectro-autista\/\"><img loading=\"lazy\" decoding=\"async\" class=\"alignnone wp-image-492 size-full\" src=\"https:\/\/wp.ufpel.edu.br\/aeeufpel\/files\/2021\/07\/0263_2021_ufpel_banners-site_cursos-2021_1120x220pc_julho_Prancheta-1-copia-5-1.png\" alt=\"\" width=\"2334\" height=\"460\" srcset=\"https:\/\/wp.ufpel.edu.br\/aeeufpel\/files\/2021\/07\/0263_2021_ufpel_banners-site_cursos-2021_1120x220pc_julho_Prancheta-1-copia-5-1.png 2334w, https:\/\/wp.ufpel.edu.br\/aeeufpel\/files\/2021\/07\/0263_2021_ufpel_banners-site_cursos-2021_1120x220pc_julho_Prancheta-1-copia-5-1-400x79.png 400w, https:\/\/wp.ufpel.edu.br\/aeeufpel\/files\/2021\/07\/0263_2021_ufpel_banners-site_cursos-2021_1120x220pc_julho_Prancheta-1-copia-5-1-1024x202.png 1024w, https:\/\/wp.ufpel.edu.br\/aeeufpel\/files\/2021\/07\/0263_2021_ufpel_banners-site_cursos-2021_1120x220pc_julho_Prancheta-1-copia-5-1-768x151.png 768w, https:\/\/wp.ufpel.edu.br\/aeeufpel\/files\/2021\/07\/0263_2021_ufpel_banners-site_cursos-2021_1120x220pc_julho_Prancheta-1-copia-5-1-1536x303.png 1536w, https:\/\/wp.ufpel.edu.br\/aeeufpel\/files\/2021\/07\/0263_2021_ufpel_banners-site_cursos-2021_1120x220pc_julho_Prancheta-1-copia-5-1-2048x404.png 2048w\" sizes=\"auto, (max-width: 2334px) 100vw, 2334px\" \/><\/a><\/p>\n","protected":false},"excerpt":{"rendered":"","protected":false},"author":1031,"featured_media":0,"parent":0,"menu_order":0,"comment_status":"closed","ping_status":"closed","template":"","meta":{"footnotes":""},"class_list":["post-415","page","type-page","status-publish","hentry","post"],"yoast_head":"<!-- This site is optimized with the Yoast SEO plugin v26.7 - https:\/\/yoast.com\/wordpress\/plugins\/seo\/ -->\n<title>2021 - Forma\u00e7\u00e3o em Servi\u00e7o de Atendimento Educacional Especializado<\/title>\n<meta name=\"robots\" content=\"index, follow, max-snippet:-1, max-image-preview:large, max-video-preview:-1\" \/>\n<link rel=\"canonical\" href=\"https:\/\/wp.ufpel.edu.br\/aeeufpel\/2021-2\/\" \/>\n<meta property=\"og:locale\" content=\"pt_BR\" \/>\n<meta property=\"og:type\" content=\"article\" \/>\n<meta property=\"og:title\" content=\"2021 - Forma\u00e7\u00e3o em Servi\u00e7o de Atendimento Educacional Especializado\" \/>\n<meta property=\"og:url\" content=\"https:\/\/wp.ufpel.edu.br\/aeeufpel\/2021-2\/\" \/>\n<meta property=\"og:site_name\" content=\"Forma\u00e7\u00e3o em Servi\u00e7o de Atendimento Educacional Especializado\" \/>\n<meta property=\"article:modified_time\" content=\"2021-07-25T01:12:04+00:00\" \/>\n<meta property=\"og:image\" content=\"https:\/\/wp.ufpel.edu.br\/aeeufpel\/files\/2021\/07\/0263_2021_ufpel_banners-site_cursos-2021_1120x220pc_julho_Prancheta-1.png\" \/>\n<meta name=\"twitter:card\" content=\"summary_large_image\" \/>\n<meta name=\"twitter:label1\" content=\"Est. tempo de leitura\" \/>\n\t<meta name=\"twitter:data1\" content=\"2 minutos\" \/>\n<script type=\"application\/ld+json\" class=\"yoast-schema-graph\">{\"@context\":\"https:\/\/schema.org\",\"@graph\":[{\"@type\":\"WebPage\",\"@id\":\"https:\/\/wp.ufpel.edu.br\/aeeufpel\/2021-2\/\",\"url\":\"https:\/\/wp.ufpel.edu.br\/aeeufpel\/2021-2\/\",\"name\":\"2021 - Forma\u00e7\u00e3o em Servi\u00e7o de Atendimento Educacional Especializado\",\"isPartOf\":{\"@id\":\"https:\/\/wp.ufpel.edu.br\/aeeufpel\/#website\"},\"primaryImageOfPage\":{\"@id\":\"https:\/\/wp.ufpel.edu.br\/aeeufpel\/2021-2\/#primaryimage\"},\"image\":{\"@id\":\"https:\/\/wp.ufpel.edu.br\/aeeufpel\/2021-2\/#primaryimage\"},\"thumbnailUrl\":\"https:\/\/wp.ufpel.edu.br\/aeeufpel\/files\/2021\/07\/0263_2021_ufpel_banners-site_cursos-2021_1120x220pc_julho_Prancheta-1.png\",\"datePublished\":\"2021-07-10T13:27:59+00:00\",\"dateModified\":\"2021-07-25T01:12:04+00:00\",\"breadcrumb\":{\"@id\":\"https:\/\/wp.ufpel.edu.br\/aeeufpel\/2021-2\/#breadcrumb\"},\"inLanguage\":\"pt-BR\",\"potentialAction\":[{\"@type\":\"ReadAction\",\"target\":[\"https:\/\/wp.ufpel.edu.br\/aeeufpel\/2021-2\/\"]}]},{\"@type\":\"ImageObject\",\"inLanguage\":\"pt-BR\",\"@id\":\"https:\/\/wp.ufpel.edu.br\/aeeufpel\/2021-2\/#primaryimage\",\"url\":\"https:\/\/wp.ufpel.edu.br\/aeeufpel\/files\/2021\/07\/0263_2021_ufpel_banners-site_cursos-2021_1120x220pc_julho_Prancheta-1.png\",\"contentUrl\":\"https:\/\/wp.ufpel.edu.br\/aeeufpel\/files\/2021\/07\/0263_2021_ufpel_banners-site_cursos-2021_1120x220pc_julho_Prancheta-1.png\",\"width\":2334,\"height\":459,\"caption\":\"Banner retangular na cor vermelha, centralizado \u00e0 esquerda logo circular do curso.\"},{\"@type\":\"BreadcrumbList\",\"@id\":\"https:\/\/wp.ufpel.edu.br\/aeeufpel\/2021-2\/#breadcrumb\",\"itemListElement\":[{\"@type\":\"ListItem\",\"position\":1,\"name\":\"In\u00edcio\",\"item\":\"https:\/\/wp.ufpel.edu.br\/aeeufpel\/\"},{\"@type\":\"ListItem\",\"position\":2,\"name\":\"2021\"}]},{\"@type\":\"WebSite\",\"@id\":\"https:\/\/wp.ufpel.edu.br\/aeeufpel\/#website\",\"url\":\"https:\/\/wp.ufpel.edu.br\/aeeufpel\/\",\"name\":\"Forma\u00e7\u00e3o em Servi\u00e7o de Atendimento Educacional Especializado\",\"description\":\"Universidade Federal de Pelotas - UFPEL\",\"potentialAction\":[{\"@type\":\"SearchAction\",\"target\":{\"@type\":\"EntryPoint\",\"urlTemplate\":\"https:\/\/wp.ufpel.edu.br\/aeeufpel\/?s={search_term_string}\"},\"query-input\":{\"@type\":\"PropertyValueSpecification\",\"valueRequired\":true,\"valueName\":\"search_term_string\"}}],\"inLanguage\":\"pt-BR\"}]}<\/script>\n<!-- \/ Yoast SEO plugin. -->","yoast_head_json":{"title":"2021 - Forma\u00e7\u00e3o em Servi\u00e7o de Atendimento Educacional Especializado","robots":{"index":"index","follow":"follow","max-snippet":"max-snippet:-1","max-image-preview":"max-image-preview:large","max-video-preview":"max-video-preview:-1"},"canonical":"https:\/\/wp.ufpel.edu.br\/aeeufpel\/2021-2\/","og_locale":"pt_BR","og_type":"article","og_title":"2021 - Forma\u00e7\u00e3o em Servi\u00e7o de Atendimento Educacional Especializado","og_url":"https:\/\/wp.ufpel.edu.br\/aeeufpel\/2021-2\/","og_site_name":"Forma\u00e7\u00e3o em Servi\u00e7o de Atendimento Educacional Especializado","article_modified_time":"2021-07-25T01:12:04+00:00","og_image":[{"url":"https:\/\/wp.ufpel.edu.br\/aeeufpel\/files\/2021\/07\/0263_2021_ufpel_banners-site_cursos-2021_1120x220pc_julho_Prancheta-1.png","type":"","width":"","height":""}],"twitter_card":"summary_large_image","twitter_misc":{"Est. tempo de leitura":"2 minutos"},"schema":{"@context":"https:\/\/schema.org","@graph":[{"@type":"WebPage","@id":"https:\/\/wp.ufpel.edu.br\/aeeufpel\/2021-2\/","url":"https:\/\/wp.ufpel.edu.br\/aeeufpel\/2021-2\/","name":"2021 - Forma\u00e7\u00e3o em Servi\u00e7o de Atendimento Educacional Especializado","isPartOf":{"@id":"https:\/\/wp.ufpel.edu.br\/aeeufpel\/#website"},"primaryImageOfPage":{"@id":"https:\/\/wp.ufpel.edu.br\/aeeufpel\/2021-2\/#primaryimage"},"image":{"@id":"https:\/\/wp.ufpel.edu.br\/aeeufpel\/2021-2\/#primaryimage"},"thumbnailUrl":"https:\/\/wp.ufpel.edu.br\/aeeufpel\/files\/2021\/07\/0263_2021_ufpel_banners-site_cursos-2021_1120x220pc_julho_Prancheta-1.png","datePublished":"2021-07-10T13:27:59+00:00","dateModified":"2021-07-25T01:12:04+00:00","breadcrumb":{"@id":"https:\/\/wp.ufpel.edu.br\/aeeufpel\/2021-2\/#breadcrumb"},"inLanguage":"pt-BR","potentialAction":[{"@type":"ReadAction","target":["https:\/\/wp.ufpel.edu.br\/aeeufpel\/2021-2\/"]}]},{"@type":"ImageObject","inLanguage":"pt-BR","@id":"https:\/\/wp.ufpel.edu.br\/aeeufpel\/2021-2\/#primaryimage","url":"https:\/\/wp.ufpel.edu.br\/aeeufpel\/files\/2021\/07\/0263_2021_ufpel_banners-site_cursos-2021_1120x220pc_julho_Prancheta-1.png","contentUrl":"https:\/\/wp.ufpel.edu.br\/aeeufpel\/files\/2021\/07\/0263_2021_ufpel_banners-site_cursos-2021_1120x220pc_julho_Prancheta-1.png","width":2334,"height":459,"caption":"Banner retangular na cor vermelha, centralizado \u00e0 esquerda logo circular do curso."},{"@type":"BreadcrumbList","@id":"https:\/\/wp.ufpel.edu.br\/aeeufpel\/2021-2\/#breadcrumb","itemListElement":[{"@type":"ListItem","position":1,"name":"In\u00edcio","item":"https:\/\/wp.ufpel.edu.br\/aeeufpel\/"},{"@type":"ListItem","position":2,"name":"2021"}]},{"@type":"WebSite","@id":"https:\/\/wp.ufpel.edu.br\/aeeufpel\/#website","url":"https:\/\/wp.ufpel.edu.br\/aeeufpel\/","name":"Forma\u00e7\u00e3o em Servi\u00e7o de Atendimento Educacional Especializado","description":"Universidade Federal de Pelotas - UFPEL","potentialAction":[{"@type":"SearchAction","target":{"@type":"EntryPoint","urlTemplate":"https:\/\/wp.ufpel.edu.br\/aeeufpel\/?s={search_term_string}"},"query-input":{"@type":"PropertyValueSpecification","valueRequired":true,"valueName":"search_term_string"}}],"inLanguage":"pt-BR"}]}},"_links":{"self":[{"href":"https:\/\/wp.ufpel.edu.br\/aeeufpel\/wp-json\/wp\/v2\/pages\/415","targetHints":{"allow":["GET"]}}],"collection":[{"href":"https:\/\/wp.ufpel.edu.br\/aeeufpel\/wp-json\/wp\/v2\/pages"}],"about":[{"href":"https:\/\/wp.ufpel.edu.br\/aeeufpel\/wp-json\/wp\/v2\/types\/page"}],"author":[{"embeddable":true,"href":"https:\/\/wp.ufpel.edu.br\/aeeufpel\/wp-json\/wp\/v2\/users\/1031"}],"replies":[{"embeddable":true,"href":"https:\/\/wp.ufpel.edu.br\/aeeufpel\/wp-json\/wp\/v2\/comments?post=415"}],"version-history":[{"count":4,"href":"https:\/\/wp.ufpel.edu.br\/aeeufpel\/wp-json\/wp\/v2\/pages\/415\/revisions"}],"predecessor-version":[{"id":544,"href":"https:\/\/wp.ufpel.edu.br\/aeeufpel\/wp-json\/wp\/v2\/pages\/415\/revisions\/544"}],"wp:attachment":[{"href":"https:\/\/wp.ufpel.edu.br\/aeeufpel\/wp-json\/wp\/v2\/media?parent=415"}],"curies":[{"name":"wp","href":"https:\/\/api.w.org\/{rel}","templated":true}]}}