{"id":348,"date":"2020-09-15T13:35:48","date_gmt":"2020-09-15T16:35:48","guid":{"rendered":"https:\/\/wp.ufpel.edu.br\/aeeufpel\/?page_id=348"},"modified":"2025-06-06T16:18:02","modified_gmt":"2025-06-06T19:18:02","slug":"editais","status":"publish","type":"page","link":"https:\/\/wp.ufpel.edu.br\/aeeufpel\/editais\/","title":{"rendered":"Editais"},"content":{"rendered":"<p><span style=\"font-size: 18pt;\"><strong><span style=\"color: #ff0000;\"><span style=\"color: #000000;\">JUNHO DE 2025<\/span><\/span><\/strong><\/span><\/p>\n<p><span style=\"color: #ffffff; background-color: #ff0000;\"><strong>NOVO &#8211; <span style=\"background-color: #ffffff; color: #999999;\">\u00a0<\/span><span style=\"background-color: #ffffff;\"><a style=\"background-color: #ffffff;\" href=\"https:\/\/wp.ufpel.edu.br\/aeeufpel\/files\/2025\/06\/LISTA-DE-CURSISTAS-COM-INSCRICAO-HOMOLOGADA-E-LISTA-DE-CURSISTAS-SUPLENTES-DO-CURSO-DE-APERFEICOAMENTO-EM-GESTAO-DEMOCRATICA.pdf\">LISTA DE CURSISTAS COM INSCRI\u00c7\u00c3O HOMOLOGADA E LISTA DE CURSISTAS SUPLENTES DO CURSO DE APERFEI\u00c7OAMENTO EM GEST\u00c3O DEMOCR\u00c1TICA<\/a><br \/>\n<\/span><br \/>\nNOVO &#8211; <span style=\"background-color: #ffffff; color: #999999;\">\u00a0&#8211;<a href=\"https:\/\/wp.ufpel.edu.br\/aeeufpel\/files\/2025\/06\/LISTA-DE-CURSISTAS-COM-INSCRICAO-HOMOLOGADA-E-LISTA-DE-CURSISTAS-SUPLENTES-DO-CURSO-DE-APERFEICOAMENTO-EM-GESTAO-DA-EDUCACAO-ESPECIAL-NA-PERSPECTIVA-DA-EDUCACAO-INCLUSIVA.pdf\">LISTA DE CURSISTAS COM INSCRI\u00c7\u00c3O HOMOLOGADA E LISTA DE CURSISTAS SUPLENTES DO CURSO DE APERFEI\u00c7OAMENTO EM GEST\u00c3O DA EDUCA\u00c7\u00c3O ESPECIAL NA PERSPECTIVA DA EDUCA\u00c7\u00c3O INCLUSIVA<\/a><\/span><\/strong><\/span><\/p>\n<p><span style=\"color: #ffffff; background-color: #ff0000;\"><strong>NOVO &#8211; <span style=\"background-color: #ffffff; color: #999999;\">\u00a0&#8211;<a href=\"https:\/\/wp.ufpel.edu.br\/aeeufpel\/files\/2025\/06\/LISTA-DE-CURSISTAS-COM-INSCRICAO-HOMOLOGADA-E-LISTA-DE-CURSISTAS-SUPLENTES-DO-CURSO-DE-APERFEICOAMENTO-EM-INTERVENCAO-PRECOCE-NA-INFANCIA-1.pdf\">LISTA DE CURSISTAS COM INSCRI\u00c7\u00c3O HOMOLOGADA E LISTA DE CURSISTAS SUPLENTES DO CURSO DE APERFEI\u00c7OAMENTO EM INTERVEN\u00c7\u00c3O PRECOCE NA INF\u00c2NCIA<\/a><\/span><\/strong><\/span><\/p>\n<p><span style=\"color: #ffffff; background-color: #ff0000;\"><strong>NOVO &#8211; <span style=\"background-color: #ffffff; color: #999999;\">\u00a0&#8211;<a href=\"https:\/\/wp.ufpel.edu.br\/aeeufpel\/files\/2025\/06\/LISTA-DE-CURSISTAS-COM-INSCRICAO-HOMOLOGADA-E-LISTA-DE-CURSISTAS-SUPLENTES-DO-CURSO-DE-APERFEICOAMENTO-EM-TECNOLOGIAS-PARA-MEDIACAO-DA-APRENDIZAGEM-2.pdf\">LISTA DE CURSISTAS COM INSCRI\u00c7\u00c3O HOMOLOGADA E LISTA DE CURSISTAS SUPLENTES DO CURSO DE APERFEI\u00c7OAMENTO EM TECNOLOGIAS PARA MEDIA\u00c7\u00c3O DA APRENDIZAGEM<\/a><\/span><\/strong><\/span><\/p>\n<p><span style=\"font-size: 18pt;\"><strong><span style=\"color: #ff0000;\"><span style=\"color: #000000;\">MAIO DE 2025<\/span><\/span><\/strong><\/span><\/p>\n<p><span style=\"color: #ffffff; background-color: #ff0000;\"><strong><span style=\"background-color: #ffffff; color: #999999;\"><a href=\"https:\/\/wp.ufpel.edu.br\/aeeufpel\/files\/2025\/05\/CHAMADA-PUBLICA-3-CURSOS-2025.pdf\">CHAMADA P\u00daBLICA DE SELE\u00c7\u00c3O SIMPLIFICADA PARA OS CURSOS: CURSO DE APERFEI\u00c7OAMENTO EM INTERVEN\u00c7\u00c3O PRECOCE NA INF\u00c2NCIA &#8211; APERFEI\u00c7OAMENTO EM TECNOLOGIAS PARA A MEDIA\u00c7\u00c3O DA APRENDIZAGEM NO CONTEXTO DA EDUCA\u00c7\u00c3O INCLUSIVA &#8211; APERFEI\u00c7OAMENTO EM GEST\u00c3O DEMOCR\u00c1TICA: A CONSTRU\u00c7\u00c3O DA ESCOLA INCLUSIVA<\/a><\/span><\/strong><\/span><\/p>\n<p><span style=\"color: #ffffff; background-color: #ff0000;\"><strong><span style=\"background-color: #ffffff;\"><a style=\"background-color: #ffffff;\" href=\"https:\/\/wp.ufpel.edu.br\/aeeufpel\/files\/2025\/05\/gestao_final_assinado.pdf\">CHAMADA P\u00daBLICA DE SELE\u00c7\u00c3O &#8211; CURSO DE APERFEI\u00c7OAMENTO EM GEST\u00c3O DA EDUCA\u00c7\u00c3O ESPECIAL NA PERSPECTIVA INCLUSIVA-SECADI-MEC-UFPEL<\/a><\/span><\/strong><\/span><\/p>\n<p><span style=\"font-size: 18pt;\"><strong><span style=\"color: #ff0000;\"><span style=\"color: #000000;\">ABRIL DE 2025<\/span><\/span><\/strong><\/span><\/p>\n<p><a href=\"https:\/\/wp.ufpel.edu.br\/aeeufpel\/files\/2025\/04\/Lista-de-Selecionados-Tutores.pdf\">LISTA DE TUTORES SELECIONADOS &#8211; Curso de Aperfei\u00e7oamento em Gest\u00e3o Democr\u00e1tica: a constru\u00e7\u00e3o da escola inclusiva, no \u00e2mbito do RENAFOR\/MEC\/UFPel<\/a><\/p>\n<p><strong><a href=\"http:\/\/CRONOGRAMA DE ENTREVISTAS PARA SELE\u00c7\u00c3O DE TUTORES - Curso de Aperfei\u00e7oamento em Gest\u00e3o Democr\u00e1tica: a constru\u00e7\u00e3o da escola inclusiva, no \u00e2mbito do RENAFOR\/MEC\/UFPel\">CRONOGRAMA DE ENTREVISTAS PARA SELE\u00c7\u00c3O DE TUTORES &#8211; Curso de Aperfei\u00e7oamento em Gest\u00e3o Democr\u00e1tica: a constru\u00e7\u00e3o da escola inclusiva, no \u00e2mbito do RENAFOR\/MEC\/UFPel<\/a><\/strong><\/p>\n<p><span style=\"color: #000000;\"><a style=\"color: #000000;\" href=\"https:\/\/wp.ufpel.edu.br\/aeeufpel\/files\/2025\/04\/CHAMADA-PUBLICA-RENAFOR.pdf\"><strong>PRORROGADO AT\u00c9 6\/4\/25<\/strong> &#8211; CHAMADA P\u00daBLICA PARA SELE\u00c7\u00c3O DE TUTORES &#8211; Curso de Aperfei\u00e7oamento em Gest\u00e3o Democr\u00e1tica: a constru\u00e7\u00e3o da escola inclusiva, no \u00e2mbito do RENAFOR\/MEC\/UFPel\u00a0<\/a><\/span><\/p>\n<p>&nbsp;<\/p>\n<p><span style=\"font-size: 18pt; color: #000000;\"><strong>JULHO DE 2024<\/strong><\/span><\/p>\n<p><span style=\"color: #000000;\"><a class=\"ow-icon-placement-left ow-button-hover\" style=\"color: #000000;\" href=\"https:\/\/wp.ufpel.edu.br\/aeeufpel\/files\/2024\/06\/CURSISTAS-HOMOLOGADOS-DUA-CIEN.pdf\" target=\"_blank\" rel=\"noopener noreferrer\">LISTA DE HOMOLOGADOS: CURSO DE EXTENS\u00c3O DESENHO UNIVERSAL PARA A APRENDIZAGEM E RECURSOS PEDAG\u00d3GICOS ACESS\u00cdVEIS PARA O ENSINO DE CI\u00caNCIAS<\/a><\/span><\/p>\n<p><span style=\"color: #000000;\"><a class=\"ow-icon-placement-left ow-button-hover\" style=\"color: #000000;\" href=\"https:\/\/wp.ufpel.edu.br\/aeeufpel\/files\/2024\/06\/CURSISTAS-HOMOLOGADOS-GESTAO.pdf\" target=\"_blank\" rel=\"noopener noreferrer\">LISTA DE HOMOLOGADOS: CURSO DE APERFEI\u00c7OAMENTO EM GEST\u00c3O DA EDUCA\u00c7\u00c3O ESPECIAL NA PERSPECTIVA INCLUSIVA &#8211; EAD<\/a><\/span><\/p>\n<div id=\"panel-120-0-0-2\" class=\"so-panel widget widget_sow-button\" data-index=\"2\">\n<div class=\"so-widget-sow-button so-widget-sow-button-atom-e7cfb6c767ef-120\">\n<div class=\"ow-button-base ow-button-align-center\"><span style=\"color: #000000;\"><a class=\"ow-icon-placement-left ow-button-hover\" style=\"color: #000000;\" href=\"https:\/\/wp.ufpel.edu.br\/aeeufpel\/files\/2024\/06\/CURSISTAS-HOMOLOGADOS-IPI.pdf\" target=\"_blank\" rel=\"noopener noreferrer\">LISTA DE HOMOLOGADOS: CURSO DE APERFEI\u00c7OAMENTO EM INTERVEN\u00c7\u00c3O PRECOCE NA INF\u00c2NCIA<\/a><\/span><\/div>\n<\/div>\n<\/div>\n<p>&nbsp;<\/p>\n<p><span style=\"font-size: 18pt; color: #000000;\"><strong>JULHO DE 2023<\/strong><\/span><\/p>\n<p><span style=\"color: #000000;\"><a style=\"color: #000000;\" href=\"https:\/\/wp.ufpel.edu.br\/aeeufpel\/files\/2023\/07\/HOMOLOGADOS-GESTAO.pdf\">HOMOLOGADOS GEST\u00c3O<\/a><\/span><\/p>\n<p><span style=\"color: #000000;\"><a style=\"color: #000000;\" href=\"https:\/\/wp.ufpel.edu.br\/aeeufpel\/files\/2023\/07\/HOMOLOGADOS-TEA.pdf\">HOMOLOGADOS TEA<\/a><\/span><\/p>\n<p><span style=\"color: #000000;\"><a style=\"color: #000000;\" href=\"https:\/\/wp.ufpel.edu.br\/aeeufpel\/files\/2023\/07\/HOMOLOGADOS-TECNOLOGIAS.pdf\">HOMOLOGADOS TECNOLOGIAS<\/a><\/span><\/p>\n<p>&nbsp;<\/p>\n<p><span style=\"font-size: 18pt; color: #000000;\"><strong>MAIO DE 2023<\/strong><\/span><\/p>\n<ul>\n<li><span style=\"color: #000000;\"><a style=\"color: #000000;\" href=\"https:\/\/wp.ufpel.edu.br\/aeeufpel\/files\/2023\/05\/resultdo-recursos.pdf\"><strong>RESULTADO DOS RECURSOS<\/strong><\/a><\/span><\/li>\n<\/ul>\n<p>&nbsp;<\/p>\n<ul>\n<li><span style=\"font-size: 12pt; color: #000000;\"><span style=\"font-size: 12pt;\"><span style=\"font-size: 12pt;\"><span style=\"font-size: 12pt;\"><strong><a style=\"color: #000000;\" href=\"https:\/\/wp.ufpel.edu.br\/aeeufpel\/files\/2023\/05\/LISTA-DE-HOMOLOGADOS-IPI.pdf\">LISTA DE HOMOLOGADOS IPI<\/a><\/strong><\/span><\/span><\/span><\/span><\/li>\n<li><span style=\"font-size: 12pt; color: #000000;\"><strong><a style=\"color: #000000;\" href=\"https:\/\/wp.ufpel.edu.br\/aeeufpel\/files\/2023\/05\/modelo-recurso-IPI-1.pdf\">FICHA DE SOLICITA\u00c7\u00c3O DE RECURSO<\/a><\/strong><\/span><\/li>\n<li><span style=\"font-size: 12pt; color: #000000;\"><a style=\"color: #000000;\" href=\"https:\/\/wp.ufpel.edu.br\/pre\/files\/2023\/05\/SEI_UFPel-2153751-Edital.pdf\"><strong>EDITAL DO PROCESSO SELETIVO PARA INGRESSO NO CURSO DE APERFEI\u00c7OAMENTO EM INTERVEN\u00c7\u00c3O PRECOCE NA INF\u00c2NCIA, NA MODALIDADE EDUCA\u00c7\u00c3O \u00c0 DIST\u00c2NCIA<\/strong><\/a><br \/>\n<\/span><\/li>\n<li><span style=\"font-size: 12pt; color: #000000;\"><strong><a style=\"color: #000000;\" href=\"https:\/\/forms.gle\/TMaq4mHvd4q3aeXJA\">INSCRI\u00c7\u00d5ES PARA O CURSO DE APERFEI\u00c7OAMENTO EM INTERVEN\u00c7\u00c3O PRECOCE NA INF\u00c2NCIA- 2023<\/a><\/strong><\/span><\/li>\n<\/ul>\n<p>&nbsp;<\/p>\n<p><span style=\"font-size: 18pt; color: #000000;\"><strong>NOVEMBRO 2023<\/strong><\/span><br \/>\n<span style=\"color: #000000;\"><strong><span style=\"font-size: 12pt;\"><a style=\"color: #000000;\" href=\"https:\/\/wp.ufpel.edu.br\/aeeufpel\/files\/2022\/11\/HOMOLOGADOS-DO-CURSO-DE-APERFEICOAMENTO-EM-AEE-EDUCACAO-INFANTIL-2022.pdf\">HOMOLOGADOS DO CURSO DE APERFEI\u00c7OAMENTO EM AEE EDUCA\u00c7\u00c3O INFANTIL &#8211; 2022<\/a><\/span><\/strong><\/span><\/p>\n<p>&nbsp;<\/p>\n<p><span style=\"font-size: 18pt; color: #000000;\"><strong>AGOSTO DE 2022<\/strong><\/span><\/p>\n<p><span style=\"color: #000000;\"><strong><a style=\"color: #000000;\" href=\"https:\/\/wp.ufpel.edu.br\/aeeufpel\/files\/2022\/08\/INSCRICOES-HOMOLOGADAS-ESTRATEGIAS-E-PRATICAS-DE-ENSINO-PARA-EDUCANDOS-COM-TRANSTORNOS-DE-APRENDIZAGEM-2022.pdf\">INSCRI\u00c7\u00d5ES HOMOLOGADAS &#8211; ESTRAT\u00c9GIAS E PR\u00c1TICAS DE ENSINO PARA EDUCANDOS COM TRANSTORNOS DE APRENDIZAGEM &#8211; 2022<\/a><\/strong><\/span><\/p>\n<p>&nbsp;<\/p>\n<p><span style=\"font-size: 18pt; color: #000000;\"><strong>JULHO 2022<\/strong><\/span><\/p>\n<p><span style=\"color: #000000;\"><strong><a style=\"color: #000000;\" href=\"https:\/\/wp.ufpel.edu.br\/aeeufpel\/files\/2022\/07\/INSCRICOES-HOMOLOGADAS-GESTAO-DA-EDUCACAO-ESPECIAL-NA-PERSPECTIVA-INCLUSIVA.pdf\">INSCRI\u00c7\u00d5ES HOMOLOGADAS &#8211; GEST\u00c3O DA EDUCA\u00c7\u00c3O ESPECIAL NA PERSPECTIVA INCLUSIVA &#8211; 2022<\/a><\/strong><\/span><\/p>\n<p>&nbsp;<\/p>\n<p><span style=\"font-size: 18pt; color: #000000;\"><strong>MAIO DE 2022<\/strong><\/span><\/p>\n<p><span style=\"color: #000000;\"><strong><a style=\"color: #000000;\" href=\"https:\/\/wp.ufpel.edu.br\/aeeufpel\/files\/2022\/05\/INSCRICOES-HOMOLOGADAS-AEE-NO-CONTEXTO-DA-EDUCACAO-DE-JOVENS-E-ADULTOS-2022.pdf\">INSCRI\u00c7\u00d5ES HOMOLOGADAS &#8211; AEE NO CONTEXTO DA EDUCA\u00c7\u00c3O DE JOVENS E ADULTOS &#8211; 2022<\/a><\/strong><\/span><\/p>\n<p><span style=\"color: #000000;\"><strong><a style=\"color: #000000;\" href=\"https:\/\/wp.ufpel.edu.br\/aeeufpel\/files\/2022\/05\/INSCRICOES-HOMOLOGADAS-AEE-E-AS-TECNOLOGIAS-PARA-A-MEDIACAO-DA-APRENDIZAGEM-2022.pdf\">INSCRI\u00c7\u00d5ES HOMOLOGADAS &#8211; AEE E AS TECNOLOGIAS PARA A MEDIA\u00c7\u00c3O DA APRENDIZAGEM &#8211; 2022<\/a><\/strong><\/span><\/p>\n<p><span style=\"color: #000000;\"><strong><a style=\"color: #000000;\" href=\"https:\/\/wp.ufpel.edu.br\/aeeufpel\/files\/2022\/05\/INSCRICOES-HOMOLOGADAS-PRATICAS-PEDAGOGICAS-PARA-O-SERVICO-DE-AEE-2022.pdf\">INSCRI\u00c7\u00d5ES HOMOLOGADAS &#8211; PR\u00c1TICAS PEDAG\u00d3GICAS PARA O SERVI\u00c7O DE AEE &#8211; 2022<\/a><\/strong><\/span><\/p>\n<p>&nbsp;<\/p>\n<p><span style=\"color: #000000;\"><strong>SETEMBRO 2021<\/strong><\/span><\/p>\n<p><span style=\"color: #000000;\"><a style=\"color: #000000;\" href=\"https:\/\/wp.ufpel.edu.br\/aeeufpel\/files\/2021\/09\/Lista-de-homologados-AEE-TEA.pdf\">Lista de homologados AEE TEA<\/a><\/span><\/p>\n<p><span style=\"color: #000000;\"><a style=\"color: #000000;\" href=\"https:\/\/wp.ufpel.edu.br\/aeeufpel\/files\/2021\/09\/Lista-de-homologados-DI.pdf\">Lista de homologados DI<\/a><\/span><\/p>\n<p><span style=\"color: #000000;\"><a style=\"color: #000000;\" href=\"https:\/\/wp.ufpel.edu.br\/aeeufpel\/files\/2021\/09\/Lista-de-homologados-AHS.pdf\">Lista de homologados AHS<\/a><\/span><\/p>\n<p>&nbsp;<\/p>\n<p><span style=\"color: #000000;\"><strong>AGOSTO 2021<\/strong><\/span><\/p>\n<p><span style=\"color: #000000;\"><a style=\"color: #000000;\" href=\"https:\/\/wp.ufpel.edu.br\/aeeufpel\/files\/2021\/08\/INSCRICOES-HOMOLOGADAS-EXTENSAO-EM-SAEE-E-A-UTILIZACAO-DAS-TEC.-COMO-ACESSO-A-APRENDIZAGEM.pdf\">INSCRI\u00c7\u00d5ES HOMOLOGADAS &#8211; EXTENS\u00c3O EM SAEE E A UTILIZA\u00c7\u00c3O DAS TEC. COMO ACESSO \u00c0 APRENDIZAGEM<\/a><\/span><\/p>\n<p><span style=\"color: #000000;\"><a style=\"color: #000000;\" href=\"https:\/\/wp.ufpel.edu.br\/aeeufpel\/files\/2021\/08\/INSCRICOES-HOMOLOGADAS-EXTENSAO-EM-GESTAO-EDUCACAO-ESPECIAL-E-EDUCACAO-INCLUSIVA.pdf\">INSCRI\u00c7\u00d5ES HOMOLOGADAS &#8211; EXTENS\u00c3O EM GEST\u00c3O EDUCA\u00c7\u00c3O ESPECIAL E EDUCA\u00c7\u00c3O INCLUSIVA<\/a><\/span><\/p>\n<p><span style=\"color: #000000;\"><a style=\"color: #000000;\" href=\"https:\/\/wp.ufpel.edu.br\/aeeufpel\/files\/2021\/08\/INSCRICOES-HOMOLOGADAS-CURSO-EXTENSAO-EM-AEE-EM-CONTEXTO-DE-PANDEMIA.pdf\">INSCRI\u00c7\u00d5ES HOMOLOGADAS &#8211; CURSO EXTENS\u00c3O EM AEE EM CONTEXTO DE PANDEMIA<\/a><\/span><\/p>\n<p>&nbsp;<\/p>\n<p><span style=\"color: #000000;\"><a style=\"color: #000000;\" href=\"https:\/\/wp.ufpel.edu.br\/aeeufpel\/files\/2020\/09\/FICHA-DE-INSCRICAO-EDITAL-010-2020.pdf\">FICHA DE INSCRI\u00c7\u00c3O &#8211; EDITAL 010-2020<\/a><\/span><\/p>\n<p><span style=\"color: #000000;\"><a style=\"color: #000000;\" href=\"https:\/\/wp.ufpel.edu.br\/aeeufpel\/files\/2020\/09\/EDITAL-0102020-PREIBAEE.pdf\">EDITAL 010-2020 PRE-IB-AEE<\/a><\/span><\/p>\n<p><span style=\"color: #000000;\"><a style=\"color: #000000;\" href=\"https:\/\/wp.ufpel.edu.br\/aeeufpel\/files\/2020\/09\/EDITAL-0102020-DIAS-E-HORARIOS-PARA-ENTREVISTAS.pdf\">EDITAL 0102020 &#8211; DIAS E HOR\u00c1RIOS PARA ENTREVISTAS<\/a><\/span><\/p>\n<p><span style=\"color: #000000;\"><a style=\"color: #000000;\" href=\"https:\/\/wp.ufpel.edu.br\/aeeufpel\/files\/2020\/09\/RESULTADO-DA-SELECAO-DOS-CONTRATOS-TEMPORARIOS.pdf\">EDITAL 0102020 &#8211; RESULTADO DA SELE\u00c7\u00c3O DOS CONTRATOS TEMPOR\u00c1RIOS<\/a><\/span><\/p>\n<p><span style=\"color: #000000;\"><a style=\"color: #000000;\" href=\"https:\/\/wp.ufpel.edu.br\/aeeufpel\/files\/2021\/06\/EDITAL-No.-012021.pdf\">EDITAL N\u00ba. 012021<\/a><\/span><\/p>\n<p><span style=\"color: #000000;\"><a style=\"color: #000000;\" href=\"https:\/\/wp.ufpel.edu.br\/aeeufpel\/files\/2021\/06\/EDITAL-01-entrevistas-1.pdf\">EDITAL-01-entrevistas<\/a><\/span><\/p>\n<p><span style=\"color: #000000;\"><a style=\"color: #000000;\" href=\"https:\/\/wp.ufpel.edu.br\/aeeufpel\/files\/2021\/06\/SEI_UFPel-1343813-Ata-de-Reuniao-1.pdf\">SEI_UFPel &#8211; 1343813 &#8211; Ata de Reuni\u00e3o<\/a><\/span><\/p>\n<p><span style=\"color: #000000;\"><a style=\"color: #000000;\" href=\"https:\/\/wp.ufpel.edu.br\/aeeufpel\/files\/2021\/06\/EDITAL_01___resultado_final-2.pdf\">EDITAL_01___resultado_final<\/a><\/span><\/p>\n<p>&nbsp;<\/p>\n<p>&nbsp;<\/p>\n<p>&nbsp;<\/p>\n<p>&nbsp;<\/p>\n","protected":false},"excerpt":{"rendered":"<p>JUNHO DE 2025 NOVO &#8211; \u00a0LISTA DE CURSISTAS COM INSCRI\u00c7\u00c3O HOMOLOGADA E LISTA DE CURSISTAS SUPLENTES DO CURSO DE APERFEI\u00c7OAMENTO EM GEST\u00c3O DEMOCR\u00c1TICA NOVO &#8211; \u00a0&#8211;LISTA DE CURSISTAS COM INSCRI\u00c7\u00c3O HOMOLOGADA E LISTA DE CURSISTAS SUPLENTES DO CURSO DE APERFEI\u00c7OAMENTO EM GEST\u00c3O DA EDUCA\u00c7\u00c3O ESPECIAL NA PERSPECTIVA DA EDUCA\u00c7\u00c3O INCLUSIVA NOVO &#8211; \u00a0&#8211;LISTA DE CURSISTAS [&hellip;]<\/p>\n","protected":false},"author":1031,"featured_media":0,"parent":0,"menu_order":0,"comment_status":"closed","ping_status":"closed","template":"","meta":{"footnotes":""},"class_list":["post-348","page","type-page","status-publish","hentry","post"],"yoast_head":"<!-- This site is optimized with the Yoast SEO plugin v26.7 - https:\/\/yoast.com\/wordpress\/plugins\/seo\/ -->\n<title>Editais - Forma\u00e7\u00e3o em Servi\u00e7o de Atendimento Educacional Especializado<\/title>\n<meta name=\"robots\" content=\"index, follow, max-snippet:-1, max-image-preview:large, max-video-preview:-1\" \/>\n<link rel=\"canonical\" href=\"https:\/\/wp.ufpel.edu.br\/aeeufpel\/editais\/\" \/>\n<meta property=\"og:locale\" content=\"pt_BR\" \/>\n<meta property=\"og:type\" content=\"article\" \/>\n<meta property=\"og:title\" content=\"Editais - Forma\u00e7\u00e3o em Servi\u00e7o de Atendimento Educacional Especializado\" \/>\n<meta property=\"og:description\" content=\"JUNHO DE 2025 NOVO &#8211; \u00a0LISTA DE CURSISTAS COM INSCRI\u00c7\u00c3O HOMOLOGADA E LISTA DE CURSISTAS SUPLENTES DO CURSO DE APERFEI\u00c7OAMENTO EM GEST\u00c3O DEMOCR\u00c1TICA NOVO &#8211; \u00a0&#8211;LISTA DE CURSISTAS COM INSCRI\u00c7\u00c3O HOMOLOGADA E LISTA DE CURSISTAS SUPLENTES DO CURSO DE APERFEI\u00c7OAMENTO EM GEST\u00c3O DA EDUCA\u00c7\u00c3O ESPECIAL NA PERSPECTIVA DA EDUCA\u00c7\u00c3O INCLUSIVA NOVO &#8211; \u00a0&#8211;LISTA DE CURSISTAS [&hellip;]\" \/>\n<meta property=\"og:url\" content=\"https:\/\/wp.ufpel.edu.br\/aeeufpel\/editais\/\" \/>\n<meta property=\"og:site_name\" content=\"Forma\u00e7\u00e3o em Servi\u00e7o de Atendimento Educacional Especializado\" \/>\n<meta property=\"article:modified_time\" content=\"2025-06-06T19:18:02+00:00\" \/>\n<meta name=\"twitter:card\" content=\"summary_large_image\" \/>\n<meta name=\"twitter:label1\" content=\"Est. tempo de leitura\" \/>\n\t<meta name=\"twitter:data1\" content=\"3 minutos\" \/>\n<script type=\"application\/ld+json\" class=\"yoast-schema-graph\">{\"@context\":\"https:\/\/schema.org\",\"@graph\":[{\"@type\":\"WebPage\",\"@id\":\"https:\/\/wp.ufpel.edu.br\/aeeufpel\/editais\/\",\"url\":\"https:\/\/wp.ufpel.edu.br\/aeeufpel\/editais\/\",\"name\":\"Editais - Forma\u00e7\u00e3o em Servi\u00e7o de Atendimento Educacional Especializado\",\"isPartOf\":{\"@id\":\"https:\/\/wp.ufpel.edu.br\/aeeufpel\/#website\"},\"datePublished\":\"2020-09-15T16:35:48+00:00\",\"dateModified\":\"2025-06-06T19:18:02+00:00\",\"breadcrumb\":{\"@id\":\"https:\/\/wp.ufpel.edu.br\/aeeufpel\/editais\/#breadcrumb\"},\"inLanguage\":\"pt-BR\",\"potentialAction\":[{\"@type\":\"ReadAction\",\"target\":[\"https:\/\/wp.ufpel.edu.br\/aeeufpel\/editais\/\"]}]},{\"@type\":\"BreadcrumbList\",\"@id\":\"https:\/\/wp.ufpel.edu.br\/aeeufpel\/editais\/#breadcrumb\",\"itemListElement\":[{\"@type\":\"ListItem\",\"position\":1,\"name\":\"In\u00edcio\",\"item\":\"https:\/\/wp.ufpel.edu.br\/aeeufpel\/\"},{\"@type\":\"ListItem\",\"position\":2,\"name\":\"Editais\"}]},{\"@type\":\"WebSite\",\"@id\":\"https:\/\/wp.ufpel.edu.br\/aeeufpel\/#website\",\"url\":\"https:\/\/wp.ufpel.edu.br\/aeeufpel\/\",\"name\":\"Forma\u00e7\u00e3o em Servi\u00e7o de Atendimento Educacional Especializado\",\"description\":\"Universidade Federal de Pelotas - UFPEL\",\"potentialAction\":[{\"@type\":\"SearchAction\",\"target\":{\"@type\":\"EntryPoint\",\"urlTemplate\":\"https:\/\/wp.ufpel.edu.br\/aeeufpel\/?s={search_term_string}\"},\"query-input\":{\"@type\":\"PropertyValueSpecification\",\"valueRequired\":true,\"valueName\":\"search_term_string\"}}],\"inLanguage\":\"pt-BR\"}]}<\/script>\n<!-- \/ Yoast SEO plugin. -->","yoast_head_json":{"title":"Editais - Forma\u00e7\u00e3o em Servi\u00e7o de Atendimento Educacional Especializado","robots":{"index":"index","follow":"follow","max-snippet":"max-snippet:-1","max-image-preview":"max-image-preview:large","max-video-preview":"max-video-preview:-1"},"canonical":"https:\/\/wp.ufpel.edu.br\/aeeufpel\/editais\/","og_locale":"pt_BR","og_type":"article","og_title":"Editais - Forma\u00e7\u00e3o em Servi\u00e7o de Atendimento Educacional Especializado","og_description":"JUNHO DE 2025 NOVO &#8211; \u00a0LISTA DE CURSISTAS COM INSCRI\u00c7\u00c3O HOMOLOGADA E LISTA DE CURSISTAS SUPLENTES DO CURSO DE APERFEI\u00c7OAMENTO EM GEST\u00c3O DEMOCR\u00c1TICA NOVO &#8211; \u00a0&#8211;LISTA DE CURSISTAS COM INSCRI\u00c7\u00c3O HOMOLOGADA E LISTA DE CURSISTAS SUPLENTES DO CURSO DE APERFEI\u00c7OAMENTO EM GEST\u00c3O DA EDUCA\u00c7\u00c3O ESPECIAL NA PERSPECTIVA DA EDUCA\u00c7\u00c3O INCLUSIVA NOVO &#8211; \u00a0&#8211;LISTA DE CURSISTAS [&hellip;]","og_url":"https:\/\/wp.ufpel.edu.br\/aeeufpel\/editais\/","og_site_name":"Forma\u00e7\u00e3o em Servi\u00e7o de Atendimento Educacional Especializado","article_modified_time":"2025-06-06T19:18:02+00:00","twitter_card":"summary_large_image","twitter_misc":{"Est. tempo de leitura":"3 minutos"},"schema":{"@context":"https:\/\/schema.org","@graph":[{"@type":"WebPage","@id":"https:\/\/wp.ufpel.edu.br\/aeeufpel\/editais\/","url":"https:\/\/wp.ufpel.edu.br\/aeeufpel\/editais\/","name":"Editais - Forma\u00e7\u00e3o em Servi\u00e7o de Atendimento Educacional Especializado","isPartOf":{"@id":"https:\/\/wp.ufpel.edu.br\/aeeufpel\/#website"},"datePublished":"2020-09-15T16:35:48+00:00","dateModified":"2025-06-06T19:18:02+00:00","breadcrumb":{"@id":"https:\/\/wp.ufpel.edu.br\/aeeufpel\/editais\/#breadcrumb"},"inLanguage":"pt-BR","potentialAction":[{"@type":"ReadAction","target":["https:\/\/wp.ufpel.edu.br\/aeeufpel\/editais\/"]}]},{"@type":"BreadcrumbList","@id":"https:\/\/wp.ufpel.edu.br\/aeeufpel\/editais\/#breadcrumb","itemListElement":[{"@type":"ListItem","position":1,"name":"In\u00edcio","item":"https:\/\/wp.ufpel.edu.br\/aeeufpel\/"},{"@type":"ListItem","position":2,"name":"Editais"}]},{"@type":"WebSite","@id":"https:\/\/wp.ufpel.edu.br\/aeeufpel\/#website","url":"https:\/\/wp.ufpel.edu.br\/aeeufpel\/","name":"Forma\u00e7\u00e3o em Servi\u00e7o de Atendimento Educacional Especializado","description":"Universidade Federal de Pelotas - UFPEL","potentialAction":[{"@type":"SearchAction","target":{"@type":"EntryPoint","urlTemplate":"https:\/\/wp.ufpel.edu.br\/aeeufpel\/?s={search_term_string}"},"query-input":{"@type":"PropertyValueSpecification","valueRequired":true,"valueName":"search_term_string"}}],"inLanguage":"pt-BR"}]}},"_links":{"self":[{"href":"https:\/\/wp.ufpel.edu.br\/aeeufpel\/wp-json\/wp\/v2\/pages\/348","targetHints":{"allow":["GET"]}}],"collection":[{"href":"https:\/\/wp.ufpel.edu.br\/aeeufpel\/wp-json\/wp\/v2\/pages"}],"about":[{"href":"https:\/\/wp.ufpel.edu.br\/aeeufpel\/wp-json\/wp\/v2\/types\/page"}],"author":[{"embeddable":true,"href":"https:\/\/wp.ufpel.edu.br\/aeeufpel\/wp-json\/wp\/v2\/users\/1031"}],"replies":[{"embeddable":true,"href":"https:\/\/wp.ufpel.edu.br\/aeeufpel\/wp-json\/wp\/v2\/comments?post=348"}],"version-history":[{"count":79,"href":"https:\/\/wp.ufpel.edu.br\/aeeufpel\/wp-json\/wp\/v2\/pages\/348\/revisions"}],"predecessor-version":[{"id":1375,"href":"https:\/\/wp.ufpel.edu.br\/aeeufpel\/wp-json\/wp\/v2\/pages\/348\/revisions\/1375"}],"wp:attachment":[{"href":"https:\/\/wp.ufpel.edu.br\/aeeufpel\/wp-json\/wp\/v2\/media?parent=348"}],"curies":[{"name":"wp","href":"https:\/\/api.w.org\/{rel}","templated":true}]}}