{"id":144,"date":"2020-07-16T15:03:35","date_gmt":"2020-07-16T18:03:35","guid":{"rendered":"https:\/\/wp.ufpel.edu.br\/aeeufpel\/?page_id=144"},"modified":"2021-07-24T21:58:24","modified_gmt":"2021-07-25T00:58:24","slug":"extensao-em-servico-de-atendimento-educacional-especializado-em-tempos-de-pandemia","status":"publish","type":"page","link":"https:\/\/wp.ufpel.edu.br\/aeeufpel\/extensao-em-servico-de-atendimento-educacional-especializado-em-tempos-de-pandemia\/","title":{"rendered":"Extens\u00e3o em Servi\u00e7o de Atendimento Educacional Especializado em tempos de pandemia \/ 2020"},"content":{"rendered":"<h3><strong><img loading=\"lazy\" decoding=\"async\" class=\"alignnone wp-image-156 size-full\" src=\"https:\/\/wp.ufpel.edu.br\/aeeufpel\/files\/2020\/07\/banner-logos-ufpel_Prancheta-1-copia-7.jpg\" alt=\"\" width=\"1772\" height=\"250\" srcset=\"https:\/\/wp.ufpel.edu.br\/aeeufpel\/files\/2020\/07\/banner-logos-ufpel_Prancheta-1-copia-7.jpg 1772w, https:\/\/wp.ufpel.edu.br\/aeeufpel\/files\/2020\/07\/banner-logos-ufpel_Prancheta-1-copia-7-400x56.jpg 400w, https:\/\/wp.ufpel.edu.br\/aeeufpel\/files\/2020\/07\/banner-logos-ufpel_Prancheta-1-copia-7-1024x144.jpg 1024w, https:\/\/wp.ufpel.edu.br\/aeeufpel\/files\/2020\/07\/banner-logos-ufpel_Prancheta-1-copia-7-768x108.jpg 768w, https:\/\/wp.ufpel.edu.br\/aeeufpel\/files\/2020\/07\/banner-logos-ufpel_Prancheta-1-copia-7-1536x217.jpg 1536w\" sizes=\"auto, (max-width: 1772px) 100vw, 1772px\" \/><\/strong><\/h3>\n<h3><strong>Modalidade: EAD<\/strong><\/h3>\n<p><strong>Carga hor\u00e1ria: 90 horas<\/strong><\/p>\n<p><strong>P\u00fablico-alvo: professores das redes p\u00fablicas de ensino<\/strong><\/p>\n<p>Objetivo: Ofertar forma\u00e7\u00e3o continuada de professores da educa\u00e7\u00e3o b\u00e1sica, em n\u00edvel de extens\u00e3o na \u00e1rea do Atendimento Educacional Especializado em tempos de pandemia, a qual possibilite programas e pr\u00e1ticas que atendam a diversidade do AEE para o ensino remoto.<\/p>\n<h2><\/h2>\n<h2><strong>PROGRAMA\u00c7\u00c3O:<\/strong><\/h2>\n<p><strong>SEMIN\u00c1RIO DE ABERTURA<\/strong><\/p>\n<p><strong><u>M\u00f3dulo 1<\/u><\/strong><strong>: Revendo conceitos e pr\u00e1ticas para o Atendimento Educacional Especializado para alunos do p\u00fablico-alvo da Educa\u00e7\u00e3o Especial. <\/strong><\/p>\n<p><strong>Carga Hor\u00e1ria:<\/strong> 10 horas<strong>\u00a0<\/strong><\/p>\n<p>&nbsp;<\/p>\n<p><strong><u>M\u00f3dulo 2:<\/u><\/strong><strong> Alunos p\u00fablico-alvo da Educa\u00e7\u00e3o Especial: singularidades e desafios para o ensino remoto<\/strong><\/p>\n<p><strong>Carga Hor\u00e1ria:<\/strong> 20 horas<\/p>\n<p>&nbsp;<\/p>\n<p><strong><u>M\u00f3dulo 3<\/u><\/strong><strong>: Desenho Universal para a Aprendizagem e o trabalho colaborativo para inclus\u00e3o na sala de aula comum e o papel do AEE <\/strong><\/p>\n<p><strong>Carga Hor\u00e1ria:<\/strong> 20 horas<strong>\u00a0<\/strong><\/p>\n<p>&nbsp;<\/p>\n<p><strong><u>M\u00f3dulo 4:<\/u><\/strong><strong> Processo de identifica\u00e7\u00e3o, avalia\u00e7\u00e3o e planejamento das interven\u00e7\u00f5es pedag\u00f3gicas no AEE<\/strong><\/p>\n<p><strong>Carga Hor\u00e1ria:<\/strong> 10 horas<strong>\u00a0<\/strong><\/p>\n<p><strong><u>M\u00f3dulo 5:<\/u><\/strong><strong> Tecnologia Assistiva: metodologia e recursos adaptados <\/strong><\/p>\n<p><strong>Carga Hor\u00e1ria:<\/strong> 30 horas<strong>\u00a0<\/strong><\/p>\n<p>&nbsp;<\/p>\n","protected":false},"excerpt":{"rendered":"<p>Modalidade: EAD Carga hor\u00e1ria: 90 horas P\u00fablico-alvo: professores das redes p\u00fablicas de ensino Objetivo: Ofertar forma\u00e7\u00e3o continuada de professores da educa\u00e7\u00e3o b\u00e1sica, em n\u00edvel de extens\u00e3o na \u00e1rea do Atendimento Educacional Especializado em tempos de pandemia, a qual possibilite programas e pr\u00e1ticas que atendam a diversidade do AEE para o ensino remoto. PROGRAMA\u00c7\u00c3O: SEMIN\u00c1RIO DE [&hellip;]<\/p>\n","protected":false},"author":1031,"featured_media":0,"parent":0,"menu_order":0,"comment_status":"closed","ping_status":"closed","template":"","meta":{"footnotes":""},"class_list":["post-144","page","type-page","status-publish","hentry","post"],"yoast_head":"<!-- This site is optimized with the Yoast SEO plugin v26.7 - https:\/\/yoast.com\/wordpress\/plugins\/seo\/ -->\n<title>Extens\u00e3o em Servi\u00e7o de Atendimento Educacional Especializado em tempos de pandemia \/ 2020 - Forma\u00e7\u00e3o em Servi\u00e7o de Atendimento Educacional Especializado<\/title>\n<meta name=\"robots\" content=\"index, follow, max-snippet:-1, max-image-preview:large, max-video-preview:-1\" \/>\n<link rel=\"canonical\" href=\"https:\/\/wp.ufpel.edu.br\/aeeufpel\/extensao-em-servico-de-atendimento-educacional-especializado-em-tempos-de-pandemia\/\" \/>\n<meta property=\"og:locale\" content=\"pt_BR\" \/>\n<meta property=\"og:type\" content=\"article\" \/>\n<meta property=\"og:title\" content=\"Extens\u00e3o em Servi\u00e7o de Atendimento Educacional Especializado em tempos de pandemia \/ 2020 - Forma\u00e7\u00e3o em Servi\u00e7o de Atendimento Educacional Especializado\" \/>\n<meta property=\"og:description\" content=\"Modalidade: EAD Carga hor\u00e1ria: 90 horas P\u00fablico-alvo: professores das redes p\u00fablicas de ensino Objetivo: Ofertar forma\u00e7\u00e3o continuada de professores da educa\u00e7\u00e3o b\u00e1sica, em n\u00edvel de extens\u00e3o na \u00e1rea do Atendimento Educacional Especializado em tempos de pandemia, a qual possibilite programas e pr\u00e1ticas que atendam a diversidade do AEE para o ensino remoto. PROGRAMA\u00c7\u00c3O: SEMIN\u00c1RIO DE [&hellip;]\" \/>\n<meta property=\"og:url\" content=\"https:\/\/wp.ufpel.edu.br\/aeeufpel\/extensao-em-servico-de-atendimento-educacional-especializado-em-tempos-de-pandemia\/\" \/>\n<meta property=\"og:site_name\" content=\"Forma\u00e7\u00e3o em Servi\u00e7o de Atendimento Educacional Especializado\" \/>\n<meta property=\"article:modified_time\" content=\"2021-07-25T00:58:24+00:00\" \/>\n<meta property=\"og:image\" content=\"https:\/\/wp.ufpel.edu.br\/aeeufpel\/files\/2020\/07\/banner-logos-ufpel_Prancheta-1-copia-7.jpg\" \/>\n<meta name=\"twitter:card\" content=\"summary_large_image\" \/>\n<meta name=\"twitter:label1\" content=\"Est. tempo de leitura\" \/>\n\t<meta name=\"twitter:data1\" content=\"1 minuto\" \/>\n<script type=\"application\/ld+json\" class=\"yoast-schema-graph\">{\"@context\":\"https:\/\/schema.org\",\"@graph\":[{\"@type\":\"WebPage\",\"@id\":\"https:\/\/wp.ufpel.edu.br\/aeeufpel\/extensao-em-servico-de-atendimento-educacional-especializado-em-tempos-de-pandemia\/\",\"url\":\"https:\/\/wp.ufpel.edu.br\/aeeufpel\/extensao-em-servico-de-atendimento-educacional-especializado-em-tempos-de-pandemia\/\",\"name\":\"Extens\u00e3o em Servi\u00e7o de Atendimento Educacional Especializado em tempos de pandemia \/ 2020 - Forma\u00e7\u00e3o em Servi\u00e7o de Atendimento Educacional Especializado\",\"isPartOf\":{\"@id\":\"https:\/\/wp.ufpel.edu.br\/aeeufpel\/#website\"},\"primaryImageOfPage\":{\"@id\":\"https:\/\/wp.ufpel.edu.br\/aeeufpel\/extensao-em-servico-de-atendimento-educacional-especializado-em-tempos-de-pandemia\/#primaryimage\"},\"image\":{\"@id\":\"https:\/\/wp.ufpel.edu.br\/aeeufpel\/extensao-em-servico-de-atendimento-educacional-especializado-em-tempos-de-pandemia\/#primaryimage\"},\"thumbnailUrl\":\"https:\/\/wp.ufpel.edu.br\/aeeufpel\/files\/2020\/07\/banner-logos-ufpel_Prancheta-1-copia-7.jpg\",\"datePublished\":\"2020-07-16T18:03:35+00:00\",\"dateModified\":\"2021-07-25T00:58:24+00:00\",\"breadcrumb\":{\"@id\":\"https:\/\/wp.ufpel.edu.br\/aeeufpel\/extensao-em-servico-de-atendimento-educacional-especializado-em-tempos-de-pandemia\/#breadcrumb\"},\"inLanguage\":\"pt-BR\",\"potentialAction\":[{\"@type\":\"ReadAction\",\"target\":[\"https:\/\/wp.ufpel.edu.br\/aeeufpel\/extensao-em-servico-de-atendimento-educacional-especializado-em-tempos-de-pandemia\/\"]}]},{\"@type\":\"ImageObject\",\"inLanguage\":\"pt-BR\",\"@id\":\"https:\/\/wp.ufpel.edu.br\/aeeufpel\/extensao-em-servico-de-atendimento-educacional-especializado-em-tempos-de-pandemia\/#primaryimage\",\"url\":\"https:\/\/wp.ufpel.edu.br\/aeeufpel\/files\/2020\/07\/banner-logos-ufpel_Prancheta-1-copia-7.jpg\",\"contentUrl\":\"https:\/\/wp.ufpel.edu.br\/aeeufpel\/files\/2020\/07\/banner-logos-ufpel_Prancheta-1-copia-7.jpg\",\"width\":1772,\"height\":250},{\"@type\":\"BreadcrumbList\",\"@id\":\"https:\/\/wp.ufpel.edu.br\/aeeufpel\/extensao-em-servico-de-atendimento-educacional-especializado-em-tempos-de-pandemia\/#breadcrumb\",\"itemListElement\":[{\"@type\":\"ListItem\",\"position\":1,\"name\":\"In\u00edcio\",\"item\":\"https:\/\/wp.ufpel.edu.br\/aeeufpel\/\"},{\"@type\":\"ListItem\",\"position\":2,\"name\":\"Extens\u00e3o em Servi\u00e7o de Atendimento Educacional Especializado em tempos de pandemia \/ 2020\"}]},{\"@type\":\"WebSite\",\"@id\":\"https:\/\/wp.ufpel.edu.br\/aeeufpel\/#website\",\"url\":\"https:\/\/wp.ufpel.edu.br\/aeeufpel\/\",\"name\":\"Forma\u00e7\u00e3o em Servi\u00e7o de Atendimento Educacional Especializado\",\"description\":\"Universidade Federal de Pelotas - UFPEL\",\"potentialAction\":[{\"@type\":\"SearchAction\",\"target\":{\"@type\":\"EntryPoint\",\"urlTemplate\":\"https:\/\/wp.ufpel.edu.br\/aeeufpel\/?s={search_term_string}\"},\"query-input\":{\"@type\":\"PropertyValueSpecification\",\"valueRequired\":true,\"valueName\":\"search_term_string\"}}],\"inLanguage\":\"pt-BR\"}]}<\/script>\n<!-- \/ Yoast SEO plugin. -->","yoast_head_json":{"title":"Extens\u00e3o em Servi\u00e7o de Atendimento Educacional Especializado em tempos de pandemia \/ 2020 - Forma\u00e7\u00e3o em Servi\u00e7o de Atendimento Educacional Especializado","robots":{"index":"index","follow":"follow","max-snippet":"max-snippet:-1","max-image-preview":"max-image-preview:large","max-video-preview":"max-video-preview:-1"},"canonical":"https:\/\/wp.ufpel.edu.br\/aeeufpel\/extensao-em-servico-de-atendimento-educacional-especializado-em-tempos-de-pandemia\/","og_locale":"pt_BR","og_type":"article","og_title":"Extens\u00e3o em Servi\u00e7o de Atendimento Educacional Especializado em tempos de pandemia \/ 2020 - Forma\u00e7\u00e3o em Servi\u00e7o de Atendimento Educacional Especializado","og_description":"Modalidade: EAD Carga hor\u00e1ria: 90 horas P\u00fablico-alvo: professores das redes p\u00fablicas de ensino Objetivo: Ofertar forma\u00e7\u00e3o continuada de professores da educa\u00e7\u00e3o b\u00e1sica, em n\u00edvel de extens\u00e3o na \u00e1rea do Atendimento Educacional Especializado em tempos de pandemia, a qual possibilite programas e pr\u00e1ticas que atendam a diversidade do AEE para o ensino remoto. PROGRAMA\u00c7\u00c3O: SEMIN\u00c1RIO DE [&hellip;]","og_url":"https:\/\/wp.ufpel.edu.br\/aeeufpel\/extensao-em-servico-de-atendimento-educacional-especializado-em-tempos-de-pandemia\/","og_site_name":"Forma\u00e7\u00e3o em Servi\u00e7o de Atendimento Educacional Especializado","article_modified_time":"2021-07-25T00:58:24+00:00","og_image":[{"url":"https:\/\/wp.ufpel.edu.br\/aeeufpel\/files\/2020\/07\/banner-logos-ufpel_Prancheta-1-copia-7.jpg","type":"","width":"","height":""}],"twitter_card":"summary_large_image","twitter_misc":{"Est. tempo de leitura":"1 minuto"},"schema":{"@context":"https:\/\/schema.org","@graph":[{"@type":"WebPage","@id":"https:\/\/wp.ufpel.edu.br\/aeeufpel\/extensao-em-servico-de-atendimento-educacional-especializado-em-tempos-de-pandemia\/","url":"https:\/\/wp.ufpel.edu.br\/aeeufpel\/extensao-em-servico-de-atendimento-educacional-especializado-em-tempos-de-pandemia\/","name":"Extens\u00e3o em Servi\u00e7o de Atendimento Educacional Especializado em tempos de pandemia \/ 2020 - Forma\u00e7\u00e3o em Servi\u00e7o de Atendimento Educacional Especializado","isPartOf":{"@id":"https:\/\/wp.ufpel.edu.br\/aeeufpel\/#website"},"primaryImageOfPage":{"@id":"https:\/\/wp.ufpel.edu.br\/aeeufpel\/extensao-em-servico-de-atendimento-educacional-especializado-em-tempos-de-pandemia\/#primaryimage"},"image":{"@id":"https:\/\/wp.ufpel.edu.br\/aeeufpel\/extensao-em-servico-de-atendimento-educacional-especializado-em-tempos-de-pandemia\/#primaryimage"},"thumbnailUrl":"https:\/\/wp.ufpel.edu.br\/aeeufpel\/files\/2020\/07\/banner-logos-ufpel_Prancheta-1-copia-7.jpg","datePublished":"2020-07-16T18:03:35+00:00","dateModified":"2021-07-25T00:58:24+00:00","breadcrumb":{"@id":"https:\/\/wp.ufpel.edu.br\/aeeufpel\/extensao-em-servico-de-atendimento-educacional-especializado-em-tempos-de-pandemia\/#breadcrumb"},"inLanguage":"pt-BR","potentialAction":[{"@type":"ReadAction","target":["https:\/\/wp.ufpel.edu.br\/aeeufpel\/extensao-em-servico-de-atendimento-educacional-especializado-em-tempos-de-pandemia\/"]}]},{"@type":"ImageObject","inLanguage":"pt-BR","@id":"https:\/\/wp.ufpel.edu.br\/aeeufpel\/extensao-em-servico-de-atendimento-educacional-especializado-em-tempos-de-pandemia\/#primaryimage","url":"https:\/\/wp.ufpel.edu.br\/aeeufpel\/files\/2020\/07\/banner-logos-ufpel_Prancheta-1-copia-7.jpg","contentUrl":"https:\/\/wp.ufpel.edu.br\/aeeufpel\/files\/2020\/07\/banner-logos-ufpel_Prancheta-1-copia-7.jpg","width":1772,"height":250},{"@type":"BreadcrumbList","@id":"https:\/\/wp.ufpel.edu.br\/aeeufpel\/extensao-em-servico-de-atendimento-educacional-especializado-em-tempos-de-pandemia\/#breadcrumb","itemListElement":[{"@type":"ListItem","position":1,"name":"In\u00edcio","item":"https:\/\/wp.ufpel.edu.br\/aeeufpel\/"},{"@type":"ListItem","position":2,"name":"Extens\u00e3o em Servi\u00e7o de Atendimento Educacional Especializado em tempos de pandemia \/ 2020"}]},{"@type":"WebSite","@id":"https:\/\/wp.ufpel.edu.br\/aeeufpel\/#website","url":"https:\/\/wp.ufpel.edu.br\/aeeufpel\/","name":"Forma\u00e7\u00e3o em Servi\u00e7o de Atendimento Educacional Especializado","description":"Universidade Federal de Pelotas - UFPEL","potentialAction":[{"@type":"SearchAction","target":{"@type":"EntryPoint","urlTemplate":"https:\/\/wp.ufpel.edu.br\/aeeufpel\/?s={search_term_string}"},"query-input":{"@type":"PropertyValueSpecification","valueRequired":true,"valueName":"search_term_string"}}],"inLanguage":"pt-BR"}]}},"_links":{"self":[{"href":"https:\/\/wp.ufpel.edu.br\/aeeufpel\/wp-json\/wp\/v2\/pages\/144","targetHints":{"allow":["GET"]}}],"collection":[{"href":"https:\/\/wp.ufpel.edu.br\/aeeufpel\/wp-json\/wp\/v2\/pages"}],"about":[{"href":"https:\/\/wp.ufpel.edu.br\/aeeufpel\/wp-json\/wp\/v2\/types\/page"}],"author":[{"embeddable":true,"href":"https:\/\/wp.ufpel.edu.br\/aeeufpel\/wp-json\/wp\/v2\/users\/1031"}],"replies":[{"embeddable":true,"href":"https:\/\/wp.ufpel.edu.br\/aeeufpel\/wp-json\/wp\/v2\/comments?post=144"}],"version-history":[{"count":6,"href":"https:\/\/wp.ufpel.edu.br\/aeeufpel\/wp-json\/wp\/v2\/pages\/144\/revisions"}],"predecessor-version":[{"id":539,"href":"https:\/\/wp.ufpel.edu.br\/aeeufpel\/wp-json\/wp\/v2\/pages\/144\/revisions\/539"}],"wp:attachment":[{"href":"https:\/\/wp.ufpel.edu.br\/aeeufpel\/wp-json\/wp\/v2\/media?parent=144"}],"curies":[{"name":"wp","href":"https:\/\/api.w.org\/{rel}","templated":true}]}}