{"id":1159,"date":"2024-06-14T22:07:03","date_gmt":"2024-06-15T01:07:03","guid":{"rendered":"https:\/\/wp.ufpel.edu.br\/aeeufpel\/?page_id=1159"},"modified":"2024-06-14T22:07:57","modified_gmt":"2024-06-15T01:07:57","slug":"curso-extensao-em-desenho-universal-para-a-aprendizagem-e-recursos-pedagogicos-acessiveis-para-o-ensino-de-ciencias-2024","status":"publish","type":"page","link":"https:\/\/wp.ufpel.edu.br\/aeeufpel\/curso-extensao-em-desenho-universal-para-a-aprendizagem-e-recursos-pedagogicos-acessiveis-para-o-ensino-de-ciencias-2024\/","title":{"rendered":"\u00a0CURSO EXTENS\u00c3O EM DESENHO UNIVERSAL PARA A APRENDIZAGEM E RECURSOS PEDAG\u00d3GICOS ACESS\u00cdVEIS PARA O ENSINO DE CI\u00caNCIAS &#8211; 2024"},"content":{"rendered":"<p><img loading=\"lazy\" decoding=\"async\" class=\"alignnone size-medium wp-image-1161\" src=\"https:\/\/wp.ufpel.edu.br\/aeeufpel\/files\/2024\/06\/0109_2024_ufpel_card_abertura-inscricoes_600x600px_junho_Prancheta-1-copia-4-2-400x157.png\" alt=\"\" width=\"400\" height=\"157\" srcset=\"https:\/\/wp.ufpel.edu.br\/aeeufpel\/files\/2024\/06\/0109_2024_ufpel_card_abertura-inscricoes_600x600px_junho_Prancheta-1-copia-4-2-400x157.png 400w, https:\/\/wp.ufpel.edu.br\/aeeufpel\/files\/2024\/06\/0109_2024_ufpel_card_abertura-inscricoes_600x600px_junho_Prancheta-1-copia-4-2-1024x403.png 1024w, https:\/\/wp.ufpel.edu.br\/aeeufpel\/files\/2024\/06\/0109_2024_ufpel_card_abertura-inscricoes_600x600px_junho_Prancheta-1-copia-4-2-768x302.png 768w, https:\/\/wp.ufpel.edu.br\/aeeufpel\/files\/2024\/06\/0109_2024_ufpel_card_abertura-inscricoes_600x600px_junho_Prancheta-1-copia-4-2.png 1250w\" sizes=\"auto, (max-width: 400px) 100vw, 400px\" \/><\/p>\n<p><strong><u>\u00a0CURSO <\/u><\/strong><strong><u>EXTENS\u00c3O EM DESENHO UNIVERSAL PARA A APRENDIZAGEM E RECURSOS PEDAG\u00d3GICOS ACESS\u00cdVEIS PARA O ENSINO DE CI\u00caNCIAS<br \/>\n<\/u><\/strong><\/p>\n<p>&nbsp;<\/p>\n<p><strong>OBJETIVO GERAL<\/strong><\/p>\n<p>Proporcionar forma\u00e7\u00e3o aos profissionais da educa\u00e7\u00e3o b\u00e1sica,mais especificamente,aos professores que atuam na \u00e1rea das Ci\u00eancias da Natureza e profissionais do Atendimento Educacional Especializado, em n\u00edvel de extens\u00e3o, no \u00e2mbito do desenvolvimento de estrat\u00e9gias e recursos pedag\u00f3gicos acess\u00edveis na perspectiva do Desenho Universal para a Aprendizagem visando a efetiva inclus\u00e3o e aprendizagem dos alunos apoiados pela Educa\u00e7\u00e3o Especial em contexto de sala de aula comum.<\/p>\n<p>&nbsp;<\/p>\n<p><strong>OBJETIVOS ESPEC\u00cdFICOS<\/strong><\/p>\n<ul>\n<li>Oportunizar aos professores conhecimentos sobre o Desenho Universal para a<\/li>\n<\/ul>\n<p>Aprendizagem que permitam a concretiza\u00e7\u00e3o da inclus\u00e3o numa perspectiva de<\/p>\n<p>qualidade, sucesso e avan\u00e7o educativo;<\/p>\n<ul>\n<li>Proporcionar aos professores a constru\u00e7\u00e3o de estrat\u00e9gias e recursos pedag\u00f3gicos<\/li>\n<\/ul>\n<p>acess\u00edveis para o ensino de ci\u00eancias que referenciem as propostas e subsidiem as<\/p>\n<p>pr\u00e1ticas posteriores ao curso;<\/p>\n<ul>\n<li>Possibilitar a reflex\u00e3o sobre os referenciais te\u00f3rico-pr\u00e1ticos relacionados ao ensino<\/li>\n<\/ul>\n<p>de ci\u00eancias em um contexto acess\u00edvel e inclusivo;<\/p>\n<ul>\n<li>Estabelecer as interfaces entre a sala de aula comum, o ensino de ci\u00eancias e o<\/li>\n<\/ul>\n<p>Atendimento Educacional Especializado no contexto do ensino colaborativo;<\/p>\n<ul>\n<li>Oportunizar a troca de saberes, experi\u00eancias e materiais entre os cursistas;<\/li>\n<li>Promover articula\u00e7\u00e3o entre os cursos de licenciatura da \u00e1rea das Ci\u00eancias da<\/li>\n<\/ul>\n<p>Natureza, o Programa de P\u00f3s Gradua\u00e7\u00e3o em Ensino de Ci\u00eancias e Matem\u00e1tica e a<\/p>\n<p>forma\u00e7\u00e3o do futuro professor de ci\u00eancias atrav\u00e9s de uma rela\u00e7\u00e3o dial\u00f3gica e dial\u00e9tica;<\/p>\n<ul>\n<li>Socializar as produ\u00e7\u00f5es por meio de publica\u00e7\u00f5es.<\/li>\n<\/ul>\n<p>&nbsp;<\/p>\n<p><strong><u>CRONOGRAMA<\/u><\/strong><\/p>\n<p><strong><u>\u00a0<\/u><\/strong><\/p>\n<table width=\"746\">\n<thead>\n<tr>\n<td width=\"746\"><strong>Abertura do Curso: <\/strong><strong>05\/09\/24 \u00e0s 19h<\/strong><\/td>\n<\/tr>\n<tr>\n<td width=\"746\"><strong>M\u00d3DULO 1: <\/strong><strong>CONCEITOS E PR\u00c1TICAS PARA O ENSINO DE CI\u00caNCIAS NA PERSPECTIVA DO DESENHO UNIVERSAL PARA A APRENDIZAGEM &#8211; 20h\/a<\/strong><\/td>\n<\/tr>\n<tr>\n<td width=\"746\">\n<p><strong>Disciplina 1: Desenho Universa<\/strong><strong>l para a Aprendizagem e o Ensino de Ci\u00eancias <\/strong><\/p>\n<p>Formadora:<\/p>\n<p>Carga hor\u00e1ria: 20h<\/p>\n<p>In\u00edcio:<strong> 06\/09\/24<\/strong><\/p>\n<p>Aula S\u00edncrona (online): <strong>14\/09\/24 \u00e0s 10h<\/strong><\/p>\n<p>Encerramento da disciplina: <strong>15\/09\/24<\/strong><\/p>\n<p><strong>Material Complementar:05h <\/strong><\/td>\n<\/tr>\n<tr>\n<td width=\"746\">\n<p><strong>AULA B\u00d4NUS: <\/strong><\/p>\n<p>Tema<strong>: <\/strong>Flexibiliza\u00e7\u00e3o Curricular e Ensino de Ci\u00eancias Colaborativo<\/p>\n<p>Formadora:<\/p>\n<p>Aula S\u00edncrona (online): <strong>21\/09\/24 \u00e0s 10h<\/strong><\/td>\n<\/tr>\n<tr>\n<td width=\"746\">\n<p><strong>Avalia\u00e7\u00e3o do M\u00f3dulo 1<\/strong><\/p>\n<p>In\u00edcio: <strong>16\/09\/24<\/strong><\/p>\n<p>Encerramento: <strong>22\/09\/24<\/strong><\/td>\n<\/tr>\n<tr>\n<td width=\"746\"><strong>M\u00d3DULO 2: <\/strong><strong>Tecnologia Assistiva e o Ensino de Ci\u00eancias &#8211; 20h\/a<\/strong><\/td>\n<\/tr>\n<tr>\n<td width=\"746\">\n<p><strong>Disciplina <\/strong><strong>2: Aspectos Gerais da Tecnologia Assistiva <\/strong><\/p>\n<p>Formadora:<\/p>\n<p>Carga hor\u00e1ria: <strong>20h<\/strong><\/p>\n<p>In\u00edcio: <strong>23\/09\/24<\/strong><\/p>\n<p>Aula S\u00edncrona (online):<strong> 28<\/strong><strong>\/09\/24 \u00e0s 10h<\/strong><\/p>\n<p>Encerramento da disciplina: <strong>06\/10\/24<\/strong><\/td>\n<\/tr>\n<tr>\n<td width=\"746\">\n<p><strong>AULA B\u00d4NUS: <\/strong><\/p>\n<p>Tema<strong>: <\/strong>Cria\u00e7\u00e3o de recursos de baixo custo para o ensino de ci\u00eancias<\/p>\n<p>Formadora:<\/p>\n<p>Aula S\u00edncrona (online)::<strong>05\/10\/24 \u00e0s 10h<\/strong><\/td>\n<\/tr>\n<tr>\n<td width=\"746\">\n<p><strong>Avalia\u00e7\u00e3o do M\u00f3dulo 2 <\/strong><\/p>\n<p>In\u00edcio: <strong>07\/10\/24<\/strong><\/p>\n<p>Encerramento: <strong>13\/10\/24<\/strong><\/td>\n<\/tr>\n<tr>\n<td width=\"746\"><strong>M\u00d3DULO 3: \u2013 Organiza\u00e7\u00e3o, Planejamento e Desenvolvimento de Estrat\u00e9gias e Recursos Pedag\u00f3gicos Acess\u00edveis para o Ensino de Ci\u00eancias \u2013 60h<\/strong><\/td>\n<\/tr>\n<tr>\n<td width=\"746\">\n<p><strong>Disciplina 3: Planejamento e Avalia\u00e7\u00e3o de Materiais Educacionais para o Ensino de Ci\u00eancias a partir do Desenho Universal para a Aprendizagem (DUA)<\/strong><\/p>\n<p>Formador:<\/p>\n<p>Carga hor\u00e1ria: <strong>30h<\/strong><\/p>\n<p>In\u00edcio:<strong> 14\/10\/24<\/strong><\/p>\n<p>Aula S\u00edncrona (online)::<strong> 19\/10\/24 \u00e0s 10h<\/strong><\/p>\n<p>Encerramento da disciplina: <strong>27\/10\/24<\/strong><\/p>\n<p><strong>Material Complementar:10h <\/strong><\/td>\n<\/tr>\n<tr>\n<td width=\"746\">\n<p><strong>AULA B\u00d4NUS<\/strong><\/p>\n<p>Tema: <strong>Ensino de Qu\u00edmica na Perspectiva do DUA<\/strong><\/p>\n<p>Formador:<\/p>\n<p>Aula S\u00edncrona (online):: <strong>26\/10\/24 \u00e0s 10h<\/strong><\/td>\n<\/tr>\n<tr>\n<td width=\"746\">\n<p><strong>Disciplina 4: Ensino de Biologia na perspectiva do DUA<\/strong><\/p>\n<p>Formadora:<\/p>\n<p>Carga hor\u00e1ria: <strong>30h<\/strong><\/p>\n<p>In\u00edcio:<strong> 28\/10\/24<\/strong><\/p>\n<p>Aula S\u00edncrona (online): <strong>09\/11\/24 \u00e0s 10h<\/strong><\/p>\n<p>Encerramento da disciplina: <strong>\u00a010\/11\/24<\/strong><\/p>\n<p><strong>Material Complementar:10h <\/strong><\/td>\n<\/tr>\n<tr>\n<td width=\"746\">\n<p><strong>AULA B\u00d4NUS<\/strong><\/p>\n<p>Tema: Ensino de F\u00edsica na Perspectiva do DUA<\/p>\n<p>Formador:<\/p>\n<p>Aula S\u00edncrona (online): <strong>23\/11\/24 \u00e0s 10h<\/strong><\/td>\n<\/tr>\n<tr>\n<td width=\"746\">\n<p><strong>Avalia\u00e7\u00e3o Final do Curso: <\/strong><\/p>\n<p>In\u00edcio: <strong>11\/11\/24<\/strong><\/p>\n<p>Encerramento:<strong>24\/11\/24<\/strong><\/td>\n<\/tr>\n<tr>\n<td width=\"746\">\n<p><strong>Recupera\u00e7\u00e3o das atividades dos m\u00f3dulos<\/strong><\/p>\n<p>In\u00edcio: <strong>2<\/strong><strong>5\/11\/24<\/strong><\/p>\n<p>Encerramento:<strong>01\/12\/24<\/strong><\/td>\n<\/tr>\n<tr>\n<td width=\"746\">\n<p><strong>Avalia\u00e7\u00e3o do Curso<\/strong><\/p>\n<p>In\u00edcio: <strong>11\/11\/24<\/strong><\/p>\n<p>Encerramento: <strong>01\/12\/24<\/strong><\/td>\n<\/tr>\n<tr>\n<td width=\"746\">\n<p><strong>Semin\u00e1rio Encerramento <\/strong><\/p>\n<p><strong>Encontro S\u00edncrono (online)<\/strong><\/p>\n<p>Data: <strong>07\/12\/24 \u00e0s 10h<\/strong><\/td>\n<\/tr>\n<\/thead>\n<\/table>\n<p>&nbsp;<\/p>\n","protected":false},"excerpt":{"rendered":"<p>\u00a0CURSO EXTENS\u00c3O EM DESENHO UNIVERSAL PARA A APRENDIZAGEM E RECURSOS PEDAG\u00d3GICOS ACESS\u00cdVEIS PARA O ENSINO DE CI\u00caNCIAS &nbsp; OBJETIVO GERAL Proporcionar forma\u00e7\u00e3o aos profissionais da educa\u00e7\u00e3o b\u00e1sica,mais especificamente,aos professores que atuam na \u00e1rea das Ci\u00eancias da Natureza e profissionais do Atendimento Educacional Especializado, em n\u00edvel de extens\u00e3o, no \u00e2mbito do desenvolvimento de estrat\u00e9gias e recursos [&hellip;]<\/p>\n","protected":false},"author":1031,"featured_media":0,"parent":0,"menu_order":0,"comment_status":"closed","ping_status":"closed","template":"","meta":{"footnotes":""},"class_list":["post-1159","page","type-page","status-publish","hentry","post"],"yoast_head":"<!-- This site is optimized with the Yoast SEO plugin v26.7 - https:\/\/yoast.com\/wordpress\/plugins\/seo\/ -->\n<title>\u00a0CURSO EXTENS\u00c3O EM DESENHO UNIVERSAL PARA A APRENDIZAGEM E RECURSOS PEDAG\u00d3GICOS ACESS\u00cdVEIS PARA O ENSINO DE CI\u00caNCIAS - 2024 - Forma\u00e7\u00e3o em Servi\u00e7o de Atendimento Educacional Especializado<\/title>\n<meta name=\"robots\" content=\"index, follow, max-snippet:-1, max-image-preview:large, max-video-preview:-1\" \/>\n<link rel=\"canonical\" href=\"https:\/\/wp.ufpel.edu.br\/aeeufpel\/curso-extensao-em-desenho-universal-para-a-aprendizagem-e-recursos-pedagogicos-acessiveis-para-o-ensino-de-ciencias-2024\/\" \/>\n<meta property=\"og:locale\" content=\"pt_BR\" \/>\n<meta property=\"og:type\" content=\"article\" \/>\n<meta property=\"og:title\" content=\"\u00a0CURSO EXTENS\u00c3O EM DESENHO UNIVERSAL PARA A APRENDIZAGEM E RECURSOS PEDAG\u00d3GICOS ACESS\u00cdVEIS PARA O ENSINO DE CI\u00caNCIAS - 2024 - Forma\u00e7\u00e3o em Servi\u00e7o de Atendimento Educacional Especializado\" \/>\n<meta property=\"og:description\" content=\"\u00a0CURSO EXTENS\u00c3O EM DESENHO UNIVERSAL PARA A APRENDIZAGEM E RECURSOS PEDAG\u00d3GICOS ACESS\u00cdVEIS PARA O ENSINO DE CI\u00caNCIAS &nbsp; OBJETIVO GERAL Proporcionar forma\u00e7\u00e3o aos profissionais da educa\u00e7\u00e3o b\u00e1sica,mais especificamente,aos professores que atuam na \u00e1rea das Ci\u00eancias da Natureza e profissionais do Atendimento Educacional Especializado, em n\u00edvel de extens\u00e3o, no \u00e2mbito do desenvolvimento de estrat\u00e9gias e recursos [&hellip;]\" \/>\n<meta property=\"og:url\" content=\"https:\/\/wp.ufpel.edu.br\/aeeufpel\/curso-extensao-em-desenho-universal-para-a-aprendizagem-e-recursos-pedagogicos-acessiveis-para-o-ensino-de-ciencias-2024\/\" \/>\n<meta property=\"og:site_name\" content=\"Forma\u00e7\u00e3o em Servi\u00e7o de Atendimento Educacional Especializado\" \/>\n<meta property=\"article:modified_time\" content=\"2024-06-15T01:07:57+00:00\" \/>\n<meta property=\"og:image\" content=\"https:\/\/wp.ufpel.edu.br\/aeeufpel\/files\/2024\/06\/0109_2024_ufpel_card_abertura-inscricoes_600x600px_junho_Prancheta-1-copia-4-2-400x157.png\" \/>\n<meta name=\"twitter:card\" content=\"summary_large_image\" \/>\n<meta name=\"twitter:label1\" content=\"Est. tempo de leitura\" \/>\n\t<meta name=\"twitter:data1\" content=\"4 minutos\" \/>\n<script type=\"application\/ld+json\" class=\"yoast-schema-graph\">{\"@context\":\"https:\/\/schema.org\",\"@graph\":[{\"@type\":\"WebPage\",\"@id\":\"https:\/\/wp.ufpel.edu.br\/aeeufpel\/curso-extensao-em-desenho-universal-para-a-aprendizagem-e-recursos-pedagogicos-acessiveis-para-o-ensino-de-ciencias-2024\/\",\"url\":\"https:\/\/wp.ufpel.edu.br\/aeeufpel\/curso-extensao-em-desenho-universal-para-a-aprendizagem-e-recursos-pedagogicos-acessiveis-para-o-ensino-de-ciencias-2024\/\",\"name\":\"\u00a0CURSO EXTENS\u00c3O EM DESENHO UNIVERSAL PARA A APRENDIZAGEM E RECURSOS PEDAG\u00d3GICOS ACESS\u00cdVEIS PARA O ENSINO DE CI\u00caNCIAS - 2024 - Forma\u00e7\u00e3o em Servi\u00e7o de Atendimento Educacional Especializado\",\"isPartOf\":{\"@id\":\"https:\/\/wp.ufpel.edu.br\/aeeufpel\/#website\"},\"primaryImageOfPage\":{\"@id\":\"https:\/\/wp.ufpel.edu.br\/aeeufpel\/curso-extensao-em-desenho-universal-para-a-aprendizagem-e-recursos-pedagogicos-acessiveis-para-o-ensino-de-ciencias-2024\/#primaryimage\"},\"image\":{\"@id\":\"https:\/\/wp.ufpel.edu.br\/aeeufpel\/curso-extensao-em-desenho-universal-para-a-aprendizagem-e-recursos-pedagogicos-acessiveis-para-o-ensino-de-ciencias-2024\/#primaryimage\"},\"thumbnailUrl\":\"https:\/\/wp.ufpel.edu.br\/aeeufpel\/files\/2024\/06\/0109_2024_ufpel_card_abertura-inscricoes_600x600px_junho_Prancheta-1-copia-4-2-400x157.png\",\"datePublished\":\"2024-06-15T01:07:03+00:00\",\"dateModified\":\"2024-06-15T01:07:57+00:00\",\"breadcrumb\":{\"@id\":\"https:\/\/wp.ufpel.edu.br\/aeeufpel\/curso-extensao-em-desenho-universal-para-a-aprendizagem-e-recursos-pedagogicos-acessiveis-para-o-ensino-de-ciencias-2024\/#breadcrumb\"},\"inLanguage\":\"pt-BR\",\"potentialAction\":[{\"@type\":\"ReadAction\",\"target\":[\"https:\/\/wp.ufpel.edu.br\/aeeufpel\/curso-extensao-em-desenho-universal-para-a-aprendizagem-e-recursos-pedagogicos-acessiveis-para-o-ensino-de-ciencias-2024\/\"]}]},{\"@type\":\"ImageObject\",\"inLanguage\":\"pt-BR\",\"@id\":\"https:\/\/wp.ufpel.edu.br\/aeeufpel\/curso-extensao-em-desenho-universal-para-a-aprendizagem-e-recursos-pedagogicos-acessiveis-para-o-ensino-de-ciencias-2024\/#primaryimage\",\"url\":\"https:\/\/wp.ufpel.edu.br\/aeeufpel\/files\/2024\/06\/0109_2024_ufpel_card_abertura-inscricoes_600x600px_junho_Prancheta-1-copia-4-2.png\",\"contentUrl\":\"https:\/\/wp.ufpel.edu.br\/aeeufpel\/files\/2024\/06\/0109_2024_ufpel_card_abertura-inscricoes_600x600px_junho_Prancheta-1-copia-4-2.png\",\"width\":1250,\"height\":492},{\"@type\":\"BreadcrumbList\",\"@id\":\"https:\/\/wp.ufpel.edu.br\/aeeufpel\/curso-extensao-em-desenho-universal-para-a-aprendizagem-e-recursos-pedagogicos-acessiveis-para-o-ensino-de-ciencias-2024\/#breadcrumb\",\"itemListElement\":[{\"@type\":\"ListItem\",\"position\":1,\"name\":\"In\u00edcio\",\"item\":\"https:\/\/wp.ufpel.edu.br\/aeeufpel\/\"},{\"@type\":\"ListItem\",\"position\":2,\"name\":\"\u00a0CURSO EXTENS\u00c3O EM DESENHO UNIVERSAL PARA A APRENDIZAGEM E RECURSOS PEDAG\u00d3GICOS ACESS\u00cdVEIS PARA O ENSINO DE CI\u00caNCIAS &#8211; 2024\"}]},{\"@type\":\"WebSite\",\"@id\":\"https:\/\/wp.ufpel.edu.br\/aeeufpel\/#website\",\"url\":\"https:\/\/wp.ufpel.edu.br\/aeeufpel\/\",\"name\":\"Forma\u00e7\u00e3o em Servi\u00e7o de Atendimento Educacional Especializado\",\"description\":\"Universidade Federal de Pelotas - UFPEL\",\"potentialAction\":[{\"@type\":\"SearchAction\",\"target\":{\"@type\":\"EntryPoint\",\"urlTemplate\":\"https:\/\/wp.ufpel.edu.br\/aeeufpel\/?s={search_term_string}\"},\"query-input\":{\"@type\":\"PropertyValueSpecification\",\"valueRequired\":true,\"valueName\":\"search_term_string\"}}],\"inLanguage\":\"pt-BR\"}]}<\/script>\n<!-- \/ Yoast SEO plugin. -->","yoast_head_json":{"title":"\u00a0CURSO EXTENS\u00c3O EM DESENHO UNIVERSAL PARA A APRENDIZAGEM E RECURSOS PEDAG\u00d3GICOS ACESS\u00cdVEIS PARA O ENSINO DE CI\u00caNCIAS - 2024 - Forma\u00e7\u00e3o em Servi\u00e7o de Atendimento Educacional Especializado","robots":{"index":"index","follow":"follow","max-snippet":"max-snippet:-1","max-image-preview":"max-image-preview:large","max-video-preview":"max-video-preview:-1"},"canonical":"https:\/\/wp.ufpel.edu.br\/aeeufpel\/curso-extensao-em-desenho-universal-para-a-aprendizagem-e-recursos-pedagogicos-acessiveis-para-o-ensino-de-ciencias-2024\/","og_locale":"pt_BR","og_type":"article","og_title":"\u00a0CURSO EXTENS\u00c3O EM DESENHO UNIVERSAL PARA A APRENDIZAGEM E RECURSOS PEDAG\u00d3GICOS ACESS\u00cdVEIS PARA O ENSINO DE CI\u00caNCIAS - 2024 - Forma\u00e7\u00e3o em Servi\u00e7o de Atendimento Educacional Especializado","og_description":"\u00a0CURSO EXTENS\u00c3O EM DESENHO UNIVERSAL PARA A APRENDIZAGEM E RECURSOS PEDAG\u00d3GICOS ACESS\u00cdVEIS PARA O ENSINO DE CI\u00caNCIAS &nbsp; OBJETIVO GERAL Proporcionar forma\u00e7\u00e3o aos profissionais da educa\u00e7\u00e3o b\u00e1sica,mais especificamente,aos professores que atuam na \u00e1rea das Ci\u00eancias da Natureza e profissionais do Atendimento Educacional Especializado, em n\u00edvel de extens\u00e3o, no \u00e2mbito do desenvolvimento de estrat\u00e9gias e recursos [&hellip;]","og_url":"https:\/\/wp.ufpel.edu.br\/aeeufpel\/curso-extensao-em-desenho-universal-para-a-aprendizagem-e-recursos-pedagogicos-acessiveis-para-o-ensino-de-ciencias-2024\/","og_site_name":"Forma\u00e7\u00e3o em Servi\u00e7o de Atendimento Educacional Especializado","article_modified_time":"2024-06-15T01:07:57+00:00","og_image":[{"url":"https:\/\/wp.ufpel.edu.br\/aeeufpel\/files\/2024\/06\/0109_2024_ufpel_card_abertura-inscricoes_600x600px_junho_Prancheta-1-copia-4-2-400x157.png","type":"","width":"","height":""}],"twitter_card":"summary_large_image","twitter_misc":{"Est. tempo de leitura":"4 minutos"},"schema":{"@context":"https:\/\/schema.org","@graph":[{"@type":"WebPage","@id":"https:\/\/wp.ufpel.edu.br\/aeeufpel\/curso-extensao-em-desenho-universal-para-a-aprendizagem-e-recursos-pedagogicos-acessiveis-para-o-ensino-de-ciencias-2024\/","url":"https:\/\/wp.ufpel.edu.br\/aeeufpel\/curso-extensao-em-desenho-universal-para-a-aprendizagem-e-recursos-pedagogicos-acessiveis-para-o-ensino-de-ciencias-2024\/","name":"\u00a0CURSO EXTENS\u00c3O EM DESENHO UNIVERSAL PARA A APRENDIZAGEM E RECURSOS PEDAG\u00d3GICOS ACESS\u00cdVEIS PARA O ENSINO DE CI\u00caNCIAS - 2024 - Forma\u00e7\u00e3o em Servi\u00e7o de Atendimento Educacional Especializado","isPartOf":{"@id":"https:\/\/wp.ufpel.edu.br\/aeeufpel\/#website"},"primaryImageOfPage":{"@id":"https:\/\/wp.ufpel.edu.br\/aeeufpel\/curso-extensao-em-desenho-universal-para-a-aprendizagem-e-recursos-pedagogicos-acessiveis-para-o-ensino-de-ciencias-2024\/#primaryimage"},"image":{"@id":"https:\/\/wp.ufpel.edu.br\/aeeufpel\/curso-extensao-em-desenho-universal-para-a-aprendizagem-e-recursos-pedagogicos-acessiveis-para-o-ensino-de-ciencias-2024\/#primaryimage"},"thumbnailUrl":"https:\/\/wp.ufpel.edu.br\/aeeufpel\/files\/2024\/06\/0109_2024_ufpel_card_abertura-inscricoes_600x600px_junho_Prancheta-1-copia-4-2-400x157.png","datePublished":"2024-06-15T01:07:03+00:00","dateModified":"2024-06-15T01:07:57+00:00","breadcrumb":{"@id":"https:\/\/wp.ufpel.edu.br\/aeeufpel\/curso-extensao-em-desenho-universal-para-a-aprendizagem-e-recursos-pedagogicos-acessiveis-para-o-ensino-de-ciencias-2024\/#breadcrumb"},"inLanguage":"pt-BR","potentialAction":[{"@type":"ReadAction","target":["https:\/\/wp.ufpel.edu.br\/aeeufpel\/curso-extensao-em-desenho-universal-para-a-aprendizagem-e-recursos-pedagogicos-acessiveis-para-o-ensino-de-ciencias-2024\/"]}]},{"@type":"ImageObject","inLanguage":"pt-BR","@id":"https:\/\/wp.ufpel.edu.br\/aeeufpel\/curso-extensao-em-desenho-universal-para-a-aprendizagem-e-recursos-pedagogicos-acessiveis-para-o-ensino-de-ciencias-2024\/#primaryimage","url":"https:\/\/wp.ufpel.edu.br\/aeeufpel\/files\/2024\/06\/0109_2024_ufpel_card_abertura-inscricoes_600x600px_junho_Prancheta-1-copia-4-2.png","contentUrl":"https:\/\/wp.ufpel.edu.br\/aeeufpel\/files\/2024\/06\/0109_2024_ufpel_card_abertura-inscricoes_600x600px_junho_Prancheta-1-copia-4-2.png","width":1250,"height":492},{"@type":"BreadcrumbList","@id":"https:\/\/wp.ufpel.edu.br\/aeeufpel\/curso-extensao-em-desenho-universal-para-a-aprendizagem-e-recursos-pedagogicos-acessiveis-para-o-ensino-de-ciencias-2024\/#breadcrumb","itemListElement":[{"@type":"ListItem","position":1,"name":"In\u00edcio","item":"https:\/\/wp.ufpel.edu.br\/aeeufpel\/"},{"@type":"ListItem","position":2,"name":"\u00a0CURSO EXTENS\u00c3O EM DESENHO UNIVERSAL PARA A APRENDIZAGEM E RECURSOS PEDAG\u00d3GICOS ACESS\u00cdVEIS PARA O ENSINO DE CI\u00caNCIAS &#8211; 2024"}]},{"@type":"WebSite","@id":"https:\/\/wp.ufpel.edu.br\/aeeufpel\/#website","url":"https:\/\/wp.ufpel.edu.br\/aeeufpel\/","name":"Forma\u00e7\u00e3o em Servi\u00e7o de Atendimento Educacional Especializado","description":"Universidade Federal de Pelotas - UFPEL","potentialAction":[{"@type":"SearchAction","target":{"@type":"EntryPoint","urlTemplate":"https:\/\/wp.ufpel.edu.br\/aeeufpel\/?s={search_term_string}"},"query-input":{"@type":"PropertyValueSpecification","valueRequired":true,"valueName":"search_term_string"}}],"inLanguage":"pt-BR"}]}},"_links":{"self":[{"href":"https:\/\/wp.ufpel.edu.br\/aeeufpel\/wp-json\/wp\/v2\/pages\/1159","targetHints":{"allow":["GET"]}}],"collection":[{"href":"https:\/\/wp.ufpel.edu.br\/aeeufpel\/wp-json\/wp\/v2\/pages"}],"about":[{"href":"https:\/\/wp.ufpel.edu.br\/aeeufpel\/wp-json\/wp\/v2\/types\/page"}],"author":[{"embeddable":true,"href":"https:\/\/wp.ufpel.edu.br\/aeeufpel\/wp-json\/wp\/v2\/users\/1031"}],"replies":[{"embeddable":true,"href":"https:\/\/wp.ufpel.edu.br\/aeeufpel\/wp-json\/wp\/v2\/comments?post=1159"}],"version-history":[{"count":4,"href":"https:\/\/wp.ufpel.edu.br\/aeeufpel\/wp-json\/wp\/v2\/pages\/1159\/revisions"}],"predecessor-version":[{"id":1165,"href":"https:\/\/wp.ufpel.edu.br\/aeeufpel\/wp-json\/wp\/v2\/pages\/1159\/revisions\/1165"}],"wp:attachment":[{"href":"https:\/\/wp.ufpel.edu.br\/aeeufpel\/wp-json\/wp\/v2\/media?parent=1159"}],"curies":[{"name":"wp","href":"https:\/\/api.w.org\/{rel}","templated":true}]}}