{"id":107,"date":"2015-11-04T20:38:08","date_gmt":"2015-11-04T22:38:08","guid":{"rendered":"https:\/\/wp.ufpel.edu.br\/aditeme\/?page_id=107"},"modified":"2018-02-06T18:19:58","modified_gmt":"2018-02-06T20:19:58","slug":"material-e-instrumental","status":"publish","type":"page","link":"https:\/\/wp.ufpel.edu.br\/aditeme\/atendimento-especial-de-pacientes-com-disfuncao-da-articulacao-temporomandibular-aditeme\/material-e-instrumental\/","title":{"rendered":"Material e Instrumental"},"content":{"rendered":"<p>Materiais e Instrumentais necess\u00e1rios para as pr\u00e1ticas laboratoriais e cl\u00ednicas:<\/p>\n<p><a href=\"https:\/\/wp.ufpel.edu.br\/aditeme\/files\/2018\/02\/ListaMaterial_ADITEME_2017-18.pdf\" target=\"_blank\" rel=\"noopener\">Clique aqui para acessar ListaMaterial_ADITEME_2017-18 (3 p.)<\/a><\/p>\n<p>&nbsp;<\/p>\n<p>&nbsp;<\/p>\n<p>&nbsp;<\/p>\n","protected":false},"excerpt":{"rendered":"<p>Materiais e Instrumentais necess\u00e1rios para as pr\u00e1ticas laboratoriais e cl\u00ednicas: Clique aqui para acessar ListaMaterial_ADITEME_2017-18 (3 p.) &nbsp; &nbsp; &nbsp;<\/p>\n","protected":false},"author":575,"featured_media":0,"parent":6,"menu_order":2,"comment_status":"closed","ping_status":"closed","template":"","meta":{"jetpack_post_was_ever_published":false,"footnotes":""},"class_list":["post-107","page","type-page","status-publish","hentry"],"jetpack_sharing_enabled":true,"jetpack_shortlink":"https:\/\/wp.me\/P6TkMU-1J","jetpack-related-posts":[],"_links":{"self":[{"href":"https:\/\/wp.ufpel.edu.br\/aditeme\/wp-json\/wp\/v2\/pages\/107","targetHints":{"allow":["GET"]}}],"collection":[{"href":"https:\/\/wp.ufpel.edu.br\/aditeme\/wp-json\/wp\/v2\/pages"}],"about":[{"href":"https:\/\/wp.ufpel.edu.br\/aditeme\/wp-json\/wp\/v2\/types\/page"}],"author":[{"embeddable":true,"href":"https:\/\/wp.ufpel.edu.br\/aditeme\/wp-json\/wp\/v2\/users\/575"}],"replies":[{"embeddable":true,"href":"https:\/\/wp.ufpel.edu.br\/aditeme\/wp-json\/wp\/v2\/comments?post=107"}],"version-history":[{"count":7,"href":"https:\/\/wp.ufpel.edu.br\/aditeme\/wp-json\/wp\/v2\/pages\/107\/revisions"}],"predecessor-version":[{"id":318,"href":"https:\/\/wp.ufpel.edu.br\/aditeme\/wp-json\/wp\/v2\/pages\/107\/revisions\/318"}],"up":[{"embeddable":true,"href":"https:\/\/wp.ufpel.edu.br\/aditeme\/wp-json\/wp\/v2\/pages\/6"}],"wp:attachment":[{"href":"https:\/\/wp.ufpel.edu.br\/aditeme\/wp-json\/wp\/v2\/media?parent=107"}],"curies":[{"name":"wp","href":"https:\/\/api.w.org\/{rel}","templated":true}]}}