{"id":921,"date":"2022-07-29T11:15:31","date_gmt":"2022-07-29T14:15:31","guid":{"rendered":"https:\/\/wp.ufpel.edu.br\/acessoainformacao\/?page_id=921"},"modified":"2022-08-11T16:36:56","modified_gmt":"2022-08-11T19:36:56","slug":"formularios","status":"publish","type":"page","link":"https:\/\/wp.ufpel.edu.br\/acessoainformacao\/formularios\/","title":{"rendered":"Formul\u00e1rios"},"content":{"rendered":"<p><span style=\"text-align: justify; font-family: arial, helvetica, sans-serif; font-size: 10pt;\">A seguir, lista dos formul\u00e1rios relacionados \u00e0 Lei de Acesso \u00e0 Informa\u00e7\u00e3o. <\/span><span style=\"text-align: justify; font-family: arial, helvetica, sans-serif; font-size: 10pt;\">Os arquivos est\u00e3o dispon\u00edveis em formato PDF, para posterior impress\u00e3o.<\/span><\/p>\n<p><span style=\"text-align: justify; font-family: arial, helvetica, sans-serif; font-size: 10pt;\"><a href=\"https:\/\/wp.ufpel.edu.br\/acessoainformacao\/files\/2022\/08\/Formulario_Pedido_de_Acesso_-a_Informacao_PJ.pdf\">Formul\u00e1rio Pedido de Acesso \u00e0 Informa\u00e7\u00e3o PJ<\/a><\/span><\/p>\n<p><span style=\"text-align: justify; font-family: arial, helvetica, sans-serif; font-size: 10pt;\"><a href=\"https:\/\/wp.ufpel.edu.br\/acessoainformacao\/files\/2022\/08\/Formulario_Pedido_de_Acesso_-a_Informacao_PN.pdf\">Formul\u00e1rio Pedido de Acesso \u00e0 Informa\u00e7\u00e3o PN<\/a><\/span><\/p>\n<p><span style=\"text-align: justify; font-family: arial, helvetica, sans-serif; font-size: 10pt;\"><a href=\"https:\/\/wp.ufpel.edu.br\/acessoainformacao\/files\/2022\/08\/Formulario_Pedido_de_Recurso_PJ.pdf\">Formul\u00e1rio Pedido de Recurso PJ<\/a><\/span><\/p>\n<p><span style=\"text-align: justify; font-family: arial, helvetica, sans-serif; font-size: 10pt;\"><a href=\"https:\/\/wp.ufpel.edu.br\/acessoainformacao\/files\/2022\/08\/Formulario_Pedido_de_Recurso_PN.pdf\">Formul\u00e1rio Pedido de Recurso PN<\/a><\/span><\/p>\n","protected":false},"excerpt":{"rendered":"<p>A seguir, lista dos formul\u00e1rios relacionados \u00e0 Lei de Acesso \u00e0 Informa\u00e7\u00e3o. Os arquivos est\u00e3o dispon\u00edveis em formato PDF, para posterior impress\u00e3o. Formul\u00e1rio Pedido de Acesso \u00e0 Informa\u00e7\u00e3o PJ Formul\u00e1rio Pedido de Acesso \u00e0 Informa\u00e7\u00e3o PN Formul\u00e1rio Pedido de Recurso PJ Formul\u00e1rio Pedido de Recurso PN<\/p>\n","protected":false},"author":254,"featured_media":0,"parent":0,"menu_order":0,"comment_status":"closed","ping_status":"closed","template":"","meta":{"_crdt_document":"","footnotes":""},"class_list":["post-921","page","type-page","status-publish","hentry"],"jetpack_sharing_enabled":true,"_links":{"self":[{"href":"https:\/\/wp.ufpel.edu.br\/acessoainformacao\/wp-json\/wp\/v2\/pages\/921","targetHints":{"allow":["GET"]}}],"collection":[{"href":"https:\/\/wp.ufpel.edu.br\/acessoainformacao\/wp-json\/wp\/v2\/pages"}],"about":[{"href":"https:\/\/wp.ufpel.edu.br\/acessoainformacao\/wp-json\/wp\/v2\/types\/page"}],"author":[{"embeddable":true,"href":"https:\/\/wp.ufpel.edu.br\/acessoainformacao\/wp-json\/wp\/v2\/users\/254"}],"replies":[{"embeddable":true,"href":"https:\/\/wp.ufpel.edu.br\/acessoainformacao\/wp-json\/wp\/v2\/comments?post=921"}],"version-history":[{"count":30,"href":"https:\/\/wp.ufpel.edu.br\/acessoainformacao\/wp-json\/wp\/v2\/pages\/921\/revisions"}],"predecessor-version":[{"id":1322,"href":"https:\/\/wp.ufpel.edu.br\/acessoainformacao\/wp-json\/wp\/v2\/pages\/921\/revisions\/1322"}],"wp:attachment":[{"href":"https:\/\/wp.ufpel.edu.br\/acessoainformacao\/wp-json\/wp\/v2\/media?parent=921"}],"curies":[{"name":"wp","href":"https:\/\/api.w.org\/{rel}","templated":true}]}}