{"id":621,"date":"2018-10-25T16:45:48","date_gmt":"2018-10-25T19:45:48","guid":{"rendered":"https:\/\/wp.ufpel.edu.br\/acessoainformacao\/?page_id=621"},"modified":"2018-11-07T15:11:33","modified_gmt":"2018-11-07T17:11:33","slug":"consulta-publica-ufpel-dados-abertos","status":"publish","type":"page","link":"https:\/\/wp.ufpel.edu.br\/acessoainformacao\/consulta-publica-ufpel-dados-abertos\/","title":{"rendered":"Consulta P\u00fablica &#8211; Dados Abertos UFPEL"},"content":{"rendered":"<h2><span style=\"font-family: arial, helvetica, sans-serif;font-size: 12pt\">Quais bases de dados, constantes do invent\u00e1rio de bases da UFPEL, voc\u00ea gostaria que fossem publicadas em formato aberto?<\/span><\/h2>\n<p><strong><span style=\"font-family: arial, helvetica, sans-serif;font-size: 12pt\">Antes de enviar sua sugest\u00e3o:<\/span><\/strong><\/p>\n<pre><span style=\"font-family: arial, helvetica, sans-serif;font-size: 10pt\">1. Entenda o que s\u00e3o dados abertos:\u00a0<a href=\"http:\/\/dados.gov.br\/pagina\/dados-abertos\">http:\/\/dados.gov.br\/pagina\/dados-abertos<\/a><\/span>\r\n<span style=\"font-family: arial, helvetica, sans-serif;font-size: 10pt\">2. Leia o <a href=\"https:\/\/wp.ufpel.edu.br\/acessoainformacao\/files\/2018\/04\/PDA-UFPEL-2018-2019.pdf\">Plano de Dados Abertos da UFPEL<\/a><\/span>\r\n<span style=\"font-family: arial, helvetica, sans-serif;font-size: 10pt\">3. Acesse o <a href=\"http:\/\/dados.ufpel.edu.br\/\">Portal de Dados Abertos da UFPEL<\/a>: conhe\u00e7a os conjuntos de dados j\u00e1 dispon\u00edveis em transpar\u00eancia ativa\r\n4. Acesso o <a href=\"https:\/\/wp.ufpel.edu.br\/acessoainformacao\/files\/2018\/11\/inventario-bases.pdf\">Invent\u00e1rio de bases de dados da UFPEL <\/a><\/span><\/pre>\n<p>&nbsp;<\/p>\n\n<div class=\"wpcf7 no-js\" id=\"wpcf7-f618-o1\" lang=\"pt-BR\" dir=\"ltr\" data-wpcf7-id=\"618\">\n<div class=\"screen-reader-response\"><p role=\"status\" aria-live=\"polite\" aria-atomic=\"true\"><\/p> <ul><\/ul><\/div>\n<form action=\"\/acessoainformacao\/wp-json\/wp\/v2\/pages\/621#wpcf7-f618-o1\" method=\"post\" class=\"wpcf7-form init\" aria-label=\"Formul\u00e1rios de contato\" novalidate=\"novalidate\" data-status=\"init\">\n<fieldset class=\"hidden-fields-container\"><input type=\"hidden\" name=\"_wpcf7\" value=\"618\" \/><input type=\"hidden\" name=\"_wpcf7_version\" value=\"6.1.6\" \/><input type=\"hidden\" name=\"_wpcf7_locale\" value=\"pt_BR\" \/><input type=\"hidden\" name=\"_wpcf7_unit_tag\" value=\"wpcf7-f618-o1\" \/><input type=\"hidden\" name=\"_wpcf7_container_post\" value=\"0\" \/><input type=\"hidden\" name=\"_wpcf7_posted_data_hash\" value=\"\" \/>\n<\/fieldset>\n<div id='form-consulta'>\n\t<p><label> Seu nome (obrigat\u00f3rio)<\/label><br \/>\n<span class=\"wpcf7-form-control-wrap\" data-name=\"text-name\"><input size=\"40\" maxlength=\"400\" class=\"wpcf7-form-control wpcf7-text wpcf7-validates-as-required\" aria-required=\"true\" aria-invalid=\"false\" value=\"\" type=\"text\" name=\"text-name\" \/><\/span>\n\t<\/p>\n\t<p><label> Seu e-mail (obrigat\u00f3rio)<\/label><br \/>\n<span class=\"wpcf7-form-control-wrap\" data-name=\"email-user\"><input size=\"40\" maxlength=\"400\" class=\"wpcf7-form-control wpcf7-email wpcf7-validates-as-required wpcf7-text wpcf7-validates-as-email\" aria-required=\"true\" aria-invalid=\"false\" value=\"\" type=\"email\" name=\"email-user\" \/><\/span>\n\t<\/p>\n\t<p><label class='form-data'> Informe as bases de dados, constantes do inventario de bases da UFPEL, que voc\u00ea<br \/>\ngostaria que fossem publicadas em formato aberto.<\/label><br \/>\n<span class=\"wpcf7-form-control-wrap\" data-name=\"textarea-dados\"><textarea cols=\"40\" rows=\"10\" maxlength=\"2000\" class=\"wpcf7-form-control wpcf7-textarea wpcf7-validates-as-required\" aria-required=\"true\" aria-invalid=\"false\" name=\"textarea-dados\"><\/textarea><\/span>\n\t<\/p>\n\t<p><input class=\"wpcf7-form-control wpcf7-submit has-spinner\" type=\"submit\" value=\"Enviar\" \/>\n\t<\/p>\n<\/div><p style=\"display: none !important;\" class=\"akismet-fields-container\" data-prefix=\"_wpcf7_ak_\"><label>&#916;<textarea name=\"_wpcf7_ak_hp_textarea\" cols=\"45\" rows=\"8\" maxlength=\"100\"><\/textarea><\/label><input type=\"hidden\" id=\"ak_js_1\" name=\"_wpcf7_ak_js\" value=\"36\"\/><script type=\"text\/javascript\">\n\/* <![CDATA[ *\/\ndocument.getElementById( \"ak_js_1\" ).setAttribute( \"value\", ( new Date() ).getTime() );\n\/* ]]> *\/\n<\/script>\n<\/p><div class=\"wpcf7-response-output\" aria-hidden=\"true\"><\/div>\n<\/form>\n<\/div>\n\n<p>&nbsp;<\/p>\n","protected":false},"excerpt":{"rendered":"<p>Quais bases de dados, constantes do invent\u00e1rio de bases da UFPEL, voc\u00ea gostaria que fossem publicadas em formato aberto? Antes de enviar sua sugest\u00e3o: 1. Entenda o que s\u00e3o dados abertos:\u00a0http:\/\/dados.gov.br\/pagina\/dados-abertos 2. Leia o Plano de Dados Abertos da UFPEL 3. Acesse o Portal de Dados Abertos da UFPEL: conhe\u00e7a os conjuntos de dados j\u00e1 [&hellip;]<\/p>\n","protected":false},"author":798,"featured_media":0,"parent":0,"menu_order":0,"comment_status":"closed","ping_status":"closed","template":"","meta":{"_crdt_document":"","footnotes":""},"class_list":["post-621","page","type-page","status-publish","hentry"],"jetpack_sharing_enabled":true,"_links":{"self":[{"href":"https:\/\/wp.ufpel.edu.br\/acessoainformacao\/wp-json\/wp\/v2\/pages\/621","targetHints":{"allow":["GET"]}}],"collection":[{"href":"https:\/\/wp.ufpel.edu.br\/acessoainformacao\/wp-json\/wp\/v2\/pages"}],"about":[{"href":"https:\/\/wp.ufpel.edu.br\/acessoainformacao\/wp-json\/wp\/v2\/types\/page"}],"author":[{"embeddable":true,"href":"https:\/\/wp.ufpel.edu.br\/acessoainformacao\/wp-json\/wp\/v2\/users\/798"}],"replies":[{"embeddable":true,"href":"https:\/\/wp.ufpel.edu.br\/acessoainformacao\/wp-json\/wp\/v2\/comments?post=621"}],"version-history":[{"count":20,"href":"https:\/\/wp.ufpel.edu.br\/acessoainformacao\/wp-json\/wp\/v2\/pages\/621\/revisions"}],"predecessor-version":[{"id":943,"href":"https:\/\/wp.ufpel.edu.br\/acessoainformacao\/wp-json\/wp\/v2\/pages\/621\/revisions\/943"}],"wp:attachment":[{"href":"https:\/\/wp.ufpel.edu.br\/acessoainformacao\/wp-json\/wp\/v2\/media?parent=621"}],"curies":[{"name":"wp","href":"https:\/\/api.w.org\/{rel}","templated":true}]}}