{"id":5,"date":"2012-04-05T10:18:27","date_gmt":"2012-04-05T13:18:27","guid":{"rendered":"https:\/\/wp.ufpel.edu.br\/acessoainformacao\/"},"modified":"2024-04-02T05:30:48","modified_gmt":"2024-04-02T08:30:48","slug":"acoes-e-programas","status":"publish","type":"page","link":"https:\/\/wp.ufpel.edu.br\/acessoainformacao\/acoes-e-programas\/","title":{"rendered":"A\u00e7\u00f5es e Programas"},"content":{"rendered":"<p>As a\u00e7\u00f5es e programas realizados pela Universidade Federal de Pelotas encontram-se explanados no Projeto Pedag\u00f3gico Institucional (PPI) e no Plano de Desenvolvimento Institucional (PDl), os quais possuem acesso p\u00fablico e podem ser consultados em https:\/\/wp.ufpel.edu.br\/planejamentoufpel\/<\/p>\n<p>&nbsp;<\/p>\n<p><strong>\u00a0Programas financiados pelo Fundo de Amparo ao trabalhador \u2013 FAT\u00a0<\/strong><\/p>\n<p>N\u00e3o h\u00e1 conte\u00fado a ser publicado.<!--<span style=\"font-size: 10pt; font-family: arial, helvetica, sans-serif;\"> Pr\u00f3-Reitoria de Pesquisa e P\u00f3s-Gradua\u00e7\u00e3o - <a href=\"https:\/\/wp.ufpel.edu.br\/prppg\/cursos\/\" target=\"_blank\" rel=\"noopener\">Cursos de Especializa\u00e7\u00e3o, Mestrado, Doutorado e Resid\u00eancia M\u00e9dica<\/a><\/span>--><\/p>\n<p>&nbsp;<\/p>\n<p><strong>Programas que resultem em ren\u00fancias de receitas<\/strong><\/p>\n<p>N\u00e3o h\u00e1 conte\u00fado a ser publicado.<\/p>\n","protected":false},"excerpt":{"rendered":"<p>As a\u00e7\u00f5es e programas realizados pela Universidade Federal de Pelotas encontram-se explanados no Projeto Pedag\u00f3gico Institucional (PPI) e no Plano de Desenvolvimento Institucional (PDl), os quais possuem acesso p\u00fablico e podem ser consultados em https:\/\/wp.ufpel.edu.br\/planejamentoufpel\/ &nbsp; \u00a0Programas financiados pelo Fundo de Amparo ao trabalhador \u2013 FAT\u00a0 N\u00e3o h\u00e1 conte\u00fado a ser publicado. &nbsp; Programas que [&hellip;]<\/p>\n","protected":false},"author":145,"featured_media":0,"parent":0,"menu_order":0,"comment_status":"closed","ping_status":"closed","template":"","meta":{"footnotes":""},"class_list":["post-5","page","type-page","status-publish","hentry"],"jetpack_sharing_enabled":true,"_links":{"self":[{"href":"https:\/\/wp.ufpel.edu.br\/acessoainformacao\/wp-json\/wp\/v2\/pages\/5","targetHints":{"allow":["GET"]}}],"collection":[{"href":"https:\/\/wp.ufpel.edu.br\/acessoainformacao\/wp-json\/wp\/v2\/pages"}],"about":[{"href":"https:\/\/wp.ufpel.edu.br\/acessoainformacao\/wp-json\/wp\/v2\/types\/page"}],"author":[{"embeddable":true,"href":"https:\/\/wp.ufpel.edu.br\/acessoainformacao\/wp-json\/wp\/v2\/users\/145"}],"replies":[{"embeddable":true,"href":"https:\/\/wp.ufpel.edu.br\/acessoainformacao\/wp-json\/wp\/v2\/comments?post=5"}],"version-history":[{"count":66,"href":"https:\/\/wp.ufpel.edu.br\/acessoainformacao\/wp-json\/wp\/v2\/pages\/5\/revisions"}],"predecessor-version":[{"id":1326,"href":"https:\/\/wp.ufpel.edu.br\/acessoainformacao\/wp-json\/wp\/v2\/pages\/5\/revisions\/1326"}],"wp:attachment":[{"href":"https:\/\/wp.ufpel.edu.br\/acessoainformacao\/wp-json\/wp\/v2\/media?parent=5"}],"curies":[{"name":"wp","href":"https:\/\/api.w.org\/{rel}","templated":true}]}}