{"id":26,"date":"2015-10-26T13:52:45","date_gmt":"2015-10-26T15:52:45","guid":{"rendered":"https:\/\/wp.ufpel.edu.br\/acessiarq\/?page_id=26"},"modified":"2018-03-14T11:25:59","modified_gmt":"2018-03-14T14:25:59","slug":"publicacoes","status":"publish","type":"page","link":"https:\/\/wp.ufpel.edu.br\/acessiarq\/publicacoes\/","title":{"rendered":"Publica\u00e7\u00f5es"},"content":{"rendered":"<div class=\"layout-cell layout-cell-11\">\n<p class=\"layout-cell-pad-5\" style=\"text-align: justify\">As publica\u00e7\u00f5es elencadas a seguir &#8211; todas desenvolvidas a partir dos trabalhos vinculados ao NEPEA &#8211; est\u00e3o separadas de acordo com sua categoria.<\/p>\n<hr \/>\n<ol style=\"text-align: justify\">\n<li class=\"layout-cell-pad-5\"><strong><em>TRABALHOS\u00a0COMPLETOS PUBLICADOS EM ANAIS DE CONGRESSOS<\/em><\/strong><\/li>\n<\/ol>\n<hr \/>\n<p class=\"layout-cell-pad-5\" style=\"text-align: justify\">ANDRADE, Isabela Fernandes. <a href=\"https:\/\/wp.ufpel.edu.br\/acessiarq\/files\/2018\/03\/COMO-OS-INDIV\u00cdDUOS-SE-ORIENTAM-ESPACIALMENTE.pdf\"><em><strong>Como os indiv\u00edduos se orientam espacialmente?<\/strong><\/em>.<\/a> In: VI Encontro Nacional de Ergonomia do Ambiente Constru\u00eddo &amp; VII Semin\u00e1rio Brasileiro de Acessibilidade Integral, 2016, Recife. Anais do VI Encontro Nacional de Ergonomia do Ambiente Constru\u00eddo &amp; VII Semin\u00e1rio Brasileiro de Acessibilidade Integral. S\u00e3o Paulo: Editora Edgard Bl\u00fccher, 2016. v. 2. p. 17-20.<\/p>\n<hr \/>\n<p class=\"layout-cell-pad-5\" style=\"text-align: justify\">CANTARELLI, Rafaela; POUEY, Maria Tereza; ANDRADE, Isabela Fernandes. <a href=\"http:\/\/pdf.blucher.com.br.s3-sa-east-1.amazonaws.com\/designproceedings\/eneac2016\/ACE02-4.pdf\"><strong><em>Avalia\u00e7\u00e3o das condi\u00e7\u00f5es de acessibilidade espacial e proposta de interven\u00e7\u00e3o em edifica\u00e3o da UFPEL\/RS.<\/em><\/strong><\/a> In: VI Encontro Nacional de Ergonomia do Ambiente Constru\u00eddo &amp; VII Semin\u00e1rio Brasileiro de Acessibilidade Integral, 2016, Recife. Anais do VI Encontro Nacional de Ergonomia do Ambiente Constru\u00eddo &amp; VII Semin\u00e1rio Brasileiro de Acessibilidade Integral. S\u00e3o Paulo: Editora Edgard Bl\u00fccher, 2016. v. 2. p. 160-168.<\/p>\n<hr \/>\n<p class=\"layout-cell-pad-5\" style=\"text-align: justify\">ZANCHIN, Mayara; RODEGHIERO NETO, Italo; BROMBILLA, Douglas de Castro; ANDRADE, Isabela Fernandes. <a href=\"http:\/\/pdf.blucher.com.br.s3-sa-east-1.amazonaws.com\/designproceedings\/eneac2016\/POST05.pdf\"><em><strong>An\u00e1lise das condi\u00e7\u00f5es de acessibilidade espacial em shopping center: o caso do shopping Pelotas<\/strong><\/em><\/a>. In: VI Encontro Nacional de Ergonomia do Ambiente Constru\u00eddo &amp; VII Semin\u00e1rio Brasileiro de Acessibilidade Integral, 2016, Recife. Anais do VI Encontro Nacional de Ergonomia do Ambiente Constru\u00eddo &amp; VII Semin\u00e1rio Brasileiro de Acessibilidade Integral. S\u00e3o Paulo: Editora Edgard Bl\u00fccher, 2016. v. 2. p. 708-718.<\/p>\n<hr \/>\n<p class=\"layout-cell-pad-5\" style=\"text-align: justify\">RODEGUIERO NETO, Italo; ZANCHIN, Mayara; BROMBILLA, Douglas de Castro; ANDRADE, Isabela Fernandes. <strong><em>Estudo de diferentes m\u00e9todos ergon\u00f4micos e suas aplica\u00e7\u00f5es<\/em><\/strong>. In: 18\u00ba Congresso Brasileiro de Ergonomia &#8211; ABERGO, 2016, Belo Horizonte. Anais do 18\u00ba Congresso Brasileiro de Ergonomia, 2016. v. 1. p. 101-107.<\/p>\n<hr \/>\n<p class=\"layout-cell-pad-5\" style=\"text-align: justify\">ANDRADE, ISABELA FERNANDES ; ANDR\u00c9IA, MILENE SOTTORIVA ; ZANCHIN, Mayara ; RODEGHIERO NETO, ITALO . <strong><em>An\u00e1lise das condi\u00e7\u00f5es de orienta\u00e7\u00e3o espacial de terminal de embarque aeroportu\u00e1rio sob o ponto de vista dos usu\u00e1rios<\/em><\/strong>. In: XV Congresso Internacional de Ergonomia e Usabilidade de Interfaces Humanotecnologia Congresso Internacional de Ergonomia e Usabilidade de Interfaces Humanocomputador, 2015, Recife. Anais do 15\u00ba ERGODESIGN USIHC. S\u00e3o Paulo: Editora Edgard Bl\u00fccher, 2015. p. 212-223.<\/p>\n<hr \/>\n<p class=\"layout-cell-pad-5\" style=\"text-align: justify\">\u00a0FERNANDES ANDRADE, ISABELA ; DAL MAS, AUGUSTO ; SOTTORIVA ANDR\u00c9IA, MILENE ; ZANCHIN, Mayara .<a href=\"http:\/\/www.infohab.org.br\/entac2014\/artigos\/paper_268.pdf\"> <em><strong>Avalia\u00e7\u00e3o das condi\u00e7\u00f5es de acessibilidade espacial no terminal de embarque do Aeroporto Internacional de Pelotas\/RS<\/strong><\/em><\/a>. In: Encontro Nacional de Tecnologia do Ambiente Constru\u00eddo, 2014. p. 2023.<\/p>\n<\/div>\n<hr \/>\n<p style=\"text-align: justify\">ANDRADE, I. F. ; MAS, Augusto Dal ; ZANCHIN, Mayara ; ANDREIA, M. S. . <strong><em>Orienta\u00e7\u00e3o espacial sob o ponto de vista de diferentes usu\u00e1rios: o caso dos terminais aeroportu\u00e1rios<\/em><\/strong>. In: V Encontro Nacional de Ergonomia do Ambiente Constru\u00eddo e IV Semin\u00e1rio Brasileiro de Acessibilidade Integral, 2014, Rio de Janeiro. Anais do V ENEAC, 2014.<\/p>\n<hr \/>\n<p style=\"text-align: justify\"><em><strong>2. RESUMOS EXPANDIDOS PUBLICADOS EM ANAIS DE CONGRESSOS<\/strong><\/em><\/p>\n<hr \/>\n<div class=\"layout-cell layout-cell-11\" style=\"text-align: justify\">\n<div class=\"layout-cell layout-cell-11\">\n<p class=\"layout-cell-pad-5\">RODEGHIERO NETO, ITALO ; ZANCHIN, Mayara ; ANDR\u00c9IA, MILENE SOTTORIVA ; <b>ANDRADE, I. F.<\/b> . Avalia\u00e7\u00e3o das condi\u00e7\u00f5es de orienta\u00e7\u00e3o espacial no terminal de embarque ao Aeroporto Internacional de Pelotas. In: Congresso de Inicia\u00e7\u00e3o Cient\u00edfica, 2015, Pelotas. Anais do CIC\/2015, 2015.<\/p>\n<hr \/>\n<\/div>\n<div class=\"layout-cell-pad-5\">\n<p>ZANCHIN, Mayara ; RODEGHIERO NETO, ITALO ; BROMBILLA, Douglas de Castro ; <b>ANDRADE, I. F.<\/b> . Avalia\u00e7\u00e3o p\u00f3s-ocupa\u00e7\u00e3o em edifica\u00e7\u00e3o de uso coletivo: o caso do Shopping Pelotas. In: Congresso de Inicia\u00e7\u00e3o Cient\u00edfica, 2015, Pelotas. Anais do CIC\/2015, 2015.<\/p>\n<hr \/>\n<\/div>\n<div class=\"layout-cell-pad-5 text-align-right\">RODEGUIERO NETO, Italo ; ZANCHIN, Mayara ; BROMBILLA, Douglas de Castro ; <b>ANDRADE, I. F.<\/b> . Introdu\u00e7\u00e3o aos conceitos de acessibilidade espacial. In: Congresso de Extens\u00e3o e Cultura, 2015, Pelotas. Anais do CEC\/2015, 2015.<\/div>\n<div class=\"layout-cell-pad-5\">\n<hr \/>\n<\/div>\n<p class=\"layout-cell-pad-5\">ZANCHIN, Mayara ; ANDREIA, M. S. ; ANDRADE, Isabela F. ; FRANZ, Luis Antonio dos Santos ; BROMBILLA, Douglas de Castro . <strong><em>Introdu\u00e7\u00e3o aos conceitos de acessibilidade espacial<\/em><\/strong>. In: Congresso de Extens\u00e3o e Cultura, 2014, Pelotas. Anais do CEC\/2014, 2014.<\/p>\n<\/div>\n<hr \/>\n<div class=\"layout-cell layout-cell-11\">\n<p class=\"layout-cell-pad-5\" style=\"text-align: justify\">ANDREIA, M. S. ; MAS, Augusto Dal ; ZANCHIN, Mayara ; ANDRADE, Isabela F. . <strong><em>Avalia\u00e7\u00e3o das condi\u00e7\u00f5es de orienta\u00e7\u00e3o espacial no terminal de embarque do Aeroporto Internacional de Pelotas<\/em><\/strong>. In: Congresso de Inicia\u00e7\u00e3o Cient\u00edfica, 2014, Pelotas. Anais do CIC\/2014, 2014.<\/p>\n<hr \/>\n<p class=\"layout-cell-pad-5\" style=\"text-align: justify\">\n<\/div>\n<p>&nbsp;<\/p>\n","protected":false},"excerpt":{"rendered":"<p>As publica\u00e7\u00f5es elencadas a seguir &#8211; todas desenvolvidas a partir dos trabalhos vinculados ao NEPEA &#8211; est\u00e3o separadas de acordo com sua categoria. TRABALHOS\u00a0COMPLETOS PUBLICADOS EM ANAIS DE CONGRESSOS ANDRADE, Isabela Fernandes. Como os indiv\u00edduos se orientam espacialmente?. In: VI &hellip; <a href=\"https:\/\/wp.ufpel.edu.br\/acessiarq\/publicacoes\/\">Continue lendo <span class=\"meta-nav\">&rarr;<\/span><\/a><\/p>\n","protected":false},"author":583,"featured_media":0,"parent":0,"menu_order":3,"comment_status":"closed","ping_status":"closed","template":"","meta":{"footnotes":""},"class_list":["post-26","page","type-page","status-publish","hentry"],"jetpack_sharing_enabled":true,"_links":{"self":[{"href":"https:\/\/wp.ufpel.edu.br\/acessiarq\/wp-json\/wp\/v2\/pages\/26","targetHints":{"allow":["GET"]}}],"collection":[{"href":"https:\/\/wp.ufpel.edu.br\/acessiarq\/wp-json\/wp\/v2\/pages"}],"about":[{"href":"https:\/\/wp.ufpel.edu.br\/acessiarq\/wp-json\/wp\/v2\/types\/page"}],"author":[{"embeddable":true,"href":"https:\/\/wp.ufpel.edu.br\/acessiarq\/wp-json\/wp\/v2\/users\/583"}],"replies":[{"embeddable":true,"href":"https:\/\/wp.ufpel.edu.br\/acessiarq\/wp-json\/wp\/v2\/comments?post=26"}],"version-history":[{"count":14,"href":"https:\/\/wp.ufpel.edu.br\/acessiarq\/wp-json\/wp\/v2\/pages\/26\/revisions"}],"predecessor-version":[{"id":516,"href":"https:\/\/wp.ufpel.edu.br\/acessiarq\/wp-json\/wp\/v2\/pages\/26\/revisions\/516"}],"wp:attachment":[{"href":"https:\/\/wp.ufpel.edu.br\/acessiarq\/wp-json\/wp\/v2\/media?parent=26"}],"curies":[{"name":"wp","href":"https:\/\/api.w.org\/{rel}","templated":true}]}}

Publicações

<div class="layout-cell layout-cell-11">
<p class="layout-cell-pad-5" style="text-align: justify">As publicações elencadas a seguir &#8211; todas desenvolvidas a partir dos trabalhos vinculados ao NEPEA &#8211; estão separadas de acordo com sua categoria.</p>
<hr />
<ol style="text-align: justify">
<li class="layout-cell-pad-5"><strong><em>TRABALHOS COMPLETOS PUBLICADOS EM ANAIS DE CONGRESSOS</em></strong></li>
</ol>
<hr />
<p class="layout-cell-pad-5" style="text-align: justify">ANDRADE, Isabela Fernandes. <a href="https://wp.ufpel.edu.br/acessiarq/files/2018/03/COMO-OS-INDIVÍDUOS-SE-ORIENTAM-ESPACIALMENTE.pdf"><em><strong>Como os indivíduos se orientam espacialmente?</strong></em>.</a> In: VI Encontro Nacional de Ergonomia do Ambiente Construído &amp; VII Seminário Brasileiro de Acessibilidade Integral, 2016, Recife. Anais do VI Encontro Nacional de Ergonomia do Ambiente Construído &amp; VII Seminário Brasileiro de Acessibilidade Integral. São Paulo: Editora Edgard Blücher, 2016. v. 2. p. 17-20.</p>
<hr />
<p class="layout-cell-pad-5" style="text-align: justify">CANTARELLI, Rafaela; POUEY, Maria Tereza; ANDRADE, Isabela Fernandes. <a href="http://pdf.blucher.com.br.s3-sa-east-1.amazonaws.com/designproceedings/eneac2016/ACE02-4.pdf"><strong><em>Avaliação das condições de acessibilidade espacial e proposta de intervenção em edificaão da UFPEL/RS.</em></strong></a> In: VI Encontro Nacional de Ergonomia do Ambiente Construído &amp; VII Seminário Brasileiro de Acessibilidade Integral, 2016, Recife. Anais do VI Encontro Nacional de Ergonomia do Ambiente Construído &amp; VII Seminário Brasileiro de Acessibilidade Integral. São Paulo: Editora Edgard Blücher, 2016. v. 2. p. 160-168.</p>
<hr />
<p class="layout-cell-pad-5" style="text-align: justify">ZANCHIN, Mayara; RODEGHIERO NETO, Italo; BROMBILLA, Douglas de Castro; ANDRADE, Isabela Fernandes. <a href="http://pdf.blucher.com.br.s3-sa-east-1.amazonaws.com/designproceedings/eneac2016/POST05.pdf"><em><strong>Análise das condições de acessibilidade espacial em shopping center: o caso do shopping Pelotas</strong></em></a>. In: VI Encontro Nacional de Ergonomia do Ambiente Construído &amp; VII Seminário Brasileiro de Acessibilidade Integral, 2016, Recife. Anais do VI Encontro Nacional de Ergonomia do Ambiente Construído &amp; VII Seminário Brasileiro de Acessibilidade Integral. São Paulo: Editora Edgard Blücher, 2016. v. 2. p. 708-718.</p>
<hr />
<p class="layout-cell-pad-5" style="text-align: justify">RODEGUIERO NETO, Italo; ZANCHIN, Mayara; BROMBILLA, Douglas de Castro; ANDRADE, Isabela Fernandes. <strong><em>Estudo de diferentes métodos ergonômicos e suas aplicações</em></strong>. In: 18º Congresso Brasileiro de Ergonomia &#8211; ABERGO, 2016, Belo Horizonte. Anais do 18º Congresso Brasileiro de Ergonomia, 2016. v. 1. p. 101-107.</p>
<hr />
<p class="layout-cell-pad-5" style="text-align: justify">ANDRADE, ISABELA FERNANDES ; ANDRÉIA, MILENE SOTTORIVA ; ZANCHIN, Mayara ; RODEGHIERO NETO, ITALO . <strong><em>Análise das condições de orientação espacial de terminal de embarque aeroportuário sob o ponto de vista dos usuários</em></strong>. In: XV Congresso Internacional de Ergonomia e Usabilidade de Interfaces Humanotecnologia Congresso Internacional de Ergonomia e Usabilidade de Interfaces Humanocomputador, 2015, Recife. Anais do 15º ERGODESIGN USIHC. São Paulo: Editora Edgard Blücher, 2015. p. 212-223.</p>
<hr />
<p class="layout-cell-pad-5" style="text-align: justify"> FERNANDES ANDRADE, ISABELA ; DAL MAS, AUGUSTO ; SOTTORIVA ANDRÉIA, MILENE ; ZANCHIN, Mayara .<a href="http://www.infohab.org.br/entac2014/artigos/paper_268.pdf"> <em><strong>Avaliação das condições de acessibilidade espacial no terminal de embarque do Aeroporto Internacional de Pelotas/RS</strong></em></a>. In: Encontro Nacional de Tecnologia do Ambiente Construído, 2014. p. 2023.</p>
</div>
<hr />
<p style="text-align: justify">ANDRADE, I. F. ; MAS, Augusto Dal ; ZANCHIN, Mayara ; ANDREIA, M. S. . <strong><em>Orientação espacial sob o ponto de vista de diferentes usuários: o caso dos terminais aeroportuários</em></strong>. In: V Encontro Nacional de Ergonomia do Ambiente Construído e IV Seminário Brasileiro de Acessibilidade Integral, 2014, Rio de Janeiro. Anais do V ENEAC, 2014.</p>
<hr />
<p style="text-align: justify"><em><strong>2. RESUMOS EXPANDIDOS PUBLICADOS EM ANAIS DE CONGRESSOS</strong></em></p>
<hr />
<div class="layout-cell layout-cell-11" style="text-align: justify">
<div class="layout-cell layout-cell-11">
<p class="layout-cell-pad-5">RODEGHIERO NETO, ITALO ; ZANCHIN, Mayara ; ANDRÉIA, MILENE SOTTORIVA ; <b>ANDRADE, I. F.</b> . Avaliação das condições de orientação espacial no terminal de embarque ao Aeroporto Internacional de Pelotas. In: Congresso de Iniciação Científica, 2015, Pelotas. Anais do CIC/2015, 2015.</p>
<hr />
</div>
<div class="layout-cell-pad-5">
<p>ZANCHIN, Mayara ; RODEGHIERO NETO, ITALO ; BROMBILLA, Douglas de Castro ; <b>ANDRADE, I. F.</b> . Avaliação pós-ocupação em edificação de uso coletivo: o caso do Shopping Pelotas. In: Congresso de Iniciação Científica, 2015, Pelotas. Anais do CIC/2015, 2015.</p>
<hr />
</div>
<div class="layout-cell-pad-5 text-align-right">RODEGUIERO NETO, Italo ; ZANCHIN, Mayara ; BROMBILLA, Douglas de Castro ; <b>ANDRADE, I. F.</b> . Introdução aos conceitos de acessibilidade espacial. In: Congresso de Extensão e Cultura, 2015, Pelotas. Anais do CEC/2015, 2015.</div>
<div class="layout-cell-pad-5">
<hr />
</div>
<p class="layout-cell-pad-5">ZANCHIN, Mayara ; ANDREIA, M. S. ; ANDRADE, Isabela F. ; FRANZ, Luis Antonio dos Santos ; BROMBILLA, Douglas de Castro . <strong><em>Introdução aos conceitos de acessibilidade espacial</em></strong>. In: Congresso de Extensão e Cultura, 2014, Pelotas. Anais do CEC/2014, 2014.</p>
</div>
<hr />
<div class="layout-cell layout-cell-11">
<p class="layout-cell-pad-5" style="text-align: justify">ANDREIA, M. S. ; MAS, Augusto Dal ; ZANCHIN, Mayara ; ANDRADE, Isabela F. . <strong><em>Avaliação das condições de orientação espacial no terminal de embarque do Aeroporto Internacional de Pelotas</em></strong>. In: Congresso de Iniciação Científica, 2014, Pelotas. Anais do CIC/2014, 2014.</p>
<hr />
<p class="layout-cell-pad-5" style="text-align: justify">
</div>
<p>&nbsp;</p>

<p>As publicações elencadas a seguir &#8211; todas desenvolvidas a partir dos trabalhos vinculados ao NEPEA &#8211; estão separadas de acordo com sua categoria. TRABALHOS COMPLETOS PUBLICADOS EM ANAIS DE CONGRESSOS ANDRADE, Isabela Fernandes. Como os indivíduos se orientam espacialmente?. In: VI &hellip; <a href="https://wp.ufpel.edu.br/acessiarq/publicacoes/">Continue lendo <span class="meta-nav">&rarr;</span></a></p>
