{"id":24,"date":"2015-10-26T13:52:31","date_gmt":"2015-10-26T15:52:31","guid":{"rendered":"https:\/\/wp.ufpel.edu.br\/acessiarq\/?page_id=24"},"modified":"2017-03-24T21:12:33","modified_gmt":"2017-03-25T00:12:33","slug":"extensao","status":"publish","type":"page","link":"https:\/\/wp.ufpel.edu.br\/acessiarq\/atividades\/extensao\/","title":{"rendered":"Extens\u00e3o"},"content":{"rendered":"<p style=\"text-align: justify\">As atividades de extens\u00e3o s\u00e3o\u00a0caracterizadas\u00a0por modalidades.<\/p>\n<hr \/>\n<p style=\"text-align: justify\"><em><strong>Modalidade:<\/strong><\/em>\u00a0Programa &#8211; Curso \/ Evento \/ Presta\u00e7\u00e3o de Servi\u00e7o \/ Publica\u00e7\u00e3o e Outros Projetos<\/p>\n<p style=\"text-align: justify\"><span style=\"color: #000000\"><strong style=\"color: #000000;font-family: Georgia, 'Bitstream Charter', serif;line-height: 1.5;font-weight: bold !important\">N\u00facleo de Estudos, Pesquisa e Extens\u00e3o em Acessibilidade<\/strong><\/span><\/p>\n<p style=\"text-align: justify\"><span style=\"color: #000000\"><em><strong>Per\u00edodo de Realiza\u00e7\u00e3o:<\/strong> <\/em>01\/06\/2016 \u00e0 31\/12\/2021<\/span><\/p>\n<p style=\"text-align: justify\"><span style=\"color: #000000\"><em><strong>Coordenador:<\/strong> <\/em>Isabela Fernandes Andrade<\/span><\/p>\n<p style=\"text-align: justify\"><span style=\"color: #000000\"><em><strong>Colaborador(es) Docentes:\u00a0<\/strong><\/em>Luis Antonio dos Santos Franz, Clarissa Castro Calderipe Montelli e Denis Teixeira Franco<\/span><\/p>\n<p style=\"text-align: justify\"><span style=\"color: #000000\"><em><strong>Colaborador(es) N\u00e3o UFPel:\u00a0<\/strong><\/em>Douglas de Castro Brombilla<\/span><\/p>\n<p style=\"text-align: justify\"><span style=\"color: #000000\"><strong><em>Corpo Discente UFPel:\u00a0<\/em><\/strong>Julia Born Pureza, \u00cdtalo Rodeguiero<\/span><\/p>\n<hr \/>\n<p style=\"text-align: justify\"><em><strong>Modalidade:<\/strong><\/em> Curso extra-curricular de inicia\u00e7\u00e3o\/introdu\u00e7\u00e3o<\/p>\n<p style=\"text-align: justify\"><span style=\"color: #000000\"><strong style=\"color: #000000;font-family: Georgia, 'Bitstream Charter', serif;line-height: 1.5;font-weight: bold !important\">Introdu\u00e7\u00e3o aos conceitos de acessibilidade espacial aplicados ao projeto<\/strong><\/span><\/p>\n<p style=\"text-align: justify\"><span style=\"color: #000000\"><em><strong>Per\u00edodo de Realiza\u00e7\u00e3o:<\/strong> <\/em>02\/03\/2015 \u00e0 31\/12\/2015<\/span><\/p>\n<p style=\"text-align: justify\"><span style=\"color: #000000\"><em><strong>Coordenador:<\/strong> <\/em>Isabela Fernandes Andrade<\/span><\/p>\n<p style=\"text-align: justify\"><span style=\"color: #000000\"><em><strong>Colaborador(es) Docentes:\u00a0<\/strong><\/em>\u00c2ngela Petrucci Vasconcelos e\u00a0Luis Antonio Franz<\/span><\/p>\n<p style=\"text-align: justify\"><span style=\"color: #000000\"><em><strong>Colaborador(es) N\u00e3o UFPel:\u00a0<\/strong><\/em>Douglas de Castro Brombilla<\/span><\/p>\n<p style=\"text-align: justify\"><span style=\"color: #000000\"><strong><em>Corpo Discente UFPel:\u00a0<\/em><\/strong>Mayara Zanchin e\u00a0\u00cdtalo Rodeguiero<\/span><\/p>\n<hr \/>\n<p style=\"text-align: justify\"><em><strong>Modalidade:<\/strong><\/em> Curso extra-curricular de inicia\u00e7\u00e3o\/introdu\u00e7\u00e3o<\/p>\n<p style=\"text-align: justify\"><span style=\"color: #000000\"><strong style=\"color: #000000;font-family: Georgia, 'Bitstream Charter', serif;line-height: 1.5;font-weight: bold !important\">Introdu\u00e7\u00e3o aos conceitos de acessibilidade espacial aplicados ao projeto<\/strong><\/span><\/p>\n<p style=\"text-align: justify\"><span style=\"color: #000000\"><em><strong>Per\u00edodo de Realiza\u00e7\u00e3o:<\/strong> <\/em>02\/05\/2014 \u00e0 31\/12\/2014<\/span><\/p>\n<p style=\"text-align: justify\"><span style=\"color: #000000\"><em><strong>Coordenador:<\/strong> <\/em>Isabela Fernandes Andrade<\/span><\/p>\n<p style=\"text-align: justify\"><span style=\"color: #000000\"><em><strong>Colaborador(es) Docentes:\u00a0<\/strong><\/em>\u00c2ngela Petrucci Vasconcelos e\u00a0Luis Antonio Franz<\/span><\/p>\n<p style=\"text-align: justify\"><span style=\"color: #000000\"><em><strong>Colaborador(es) N\u00e3o UFPel:\u00a0<\/strong><\/em>Douglas de Castro Brombilla<\/span><\/p>\n<p style=\"text-align: justify\"><span style=\"color: #000000\"><strong><em>Corpo Discente UFPel:\u00a0<\/em><\/strong>Mayara Zanchin e\u00a0Milene Sottoriva Andreia<\/span><\/p>\n<hr \/>\n<p style=\"text-align: justify\">\n","protected":false},"excerpt":{"rendered":"<p>As atividades de extens\u00e3o s\u00e3o\u00a0caracterizadas\u00a0por modalidades. Modalidade:\u00a0Programa &#8211; Curso \/ Evento \/ Presta\u00e7\u00e3o de Servi\u00e7o \/ Publica\u00e7\u00e3o e Outros Projetos N\u00facleo de Estudos, Pesquisa e Extens\u00e3o em Acessibilidade Per\u00edodo de Realiza\u00e7\u00e3o: 01\/06\/2016 \u00e0 31\/12\/2021 Coordenador: Isabela Fernandes Andrade Colaborador(es) Docentes:\u00a0Luis &hellip; <a href=\"https:\/\/wp.ufpel.edu.br\/acessiarq\/atividades\/extensao\/\">Continue lendo <span class=\"meta-nav\">&rarr;<\/span><\/a><\/p>\n","protected":false},"author":583,"featured_media":0,"parent":28,"menu_order":0,"comment_status":"closed","ping_status":"closed","template":"","meta":{"footnotes":""},"class_list":["post-24","page","type-page","status-publish","hentry"],"jetpack_sharing_enabled":true,"_links":{"self":[{"href":"https:\/\/wp.ufpel.edu.br\/acessiarq\/wp-json\/wp\/v2\/pages\/24","targetHints":{"allow":["GET"]}}],"collection":[{"href":"https:\/\/wp.ufpel.edu.br\/acessiarq\/wp-json\/wp\/v2\/pages"}],"about":[{"href":"https:\/\/wp.ufpel.edu.br\/acessiarq\/wp-json\/wp\/v2\/types\/page"}],"author":[{"embeddable":true,"href":"https:\/\/wp.ufpel.edu.br\/acessiarq\/wp-json\/wp\/v2\/users\/583"}],"replies":[{"embeddable":true,"href":"https:\/\/wp.ufpel.edu.br\/acessiarq\/wp-json\/wp\/v2\/comments?post=24"}],"version-history":[{"count":16,"href":"https:\/\/wp.ufpel.edu.br\/acessiarq\/wp-json\/wp\/v2\/pages\/24\/revisions"}],"predecessor-version":[{"id":320,"href":"https:\/\/wp.ufpel.edu.br\/acessiarq\/wp-json\/wp\/v2\/pages\/24\/revisions\/320"}],"up":[{"embeddable":true,"href":"https:\/\/wp.ufpel.edu.br\/acessiarq\/wp-json\/wp\/v2\/pages\/28"}],"wp:attachment":[{"href":"https:\/\/wp.ufpel.edu.br\/acessiarq\/wp-json\/wp\/v2\/media?parent=24"}],"curies":[{"name":"wp","href":"https:\/\/api.w.org\/{rel}","templated":true}]}}

Extensão

<p style="text-align: justify">As atividades de extensão são caracterizadas por modalidades.</p>
<hr />
<p style="text-align: justify"><em><strong>Modalidade:</strong></em> Programa &#8211; Curso / Evento / Prestação de Serviço / Publicação e Outros Projetos</p>
<p style="text-align: justify"><span style="color: #000000"><strong style="color: #000000;font-family: Georgia, 'Bitstream Charter', serif;line-height: 1.5;font-weight: bold !important">Núcleo de Estudos, Pesquisa e Extensão em Acessibilidade</strong></span></p>
<p style="text-align: justify"><span style="color: #000000"><em><strong>Período de Realização:</strong> </em>01/06/2016 à 31/12/2021</span></p>
<p style="text-align: justify"><span style="color: #000000"><em><strong>Coordenador:</strong> </em>Isabela Fernandes Andrade</span></p>
<p style="text-align: justify"><span style="color: #000000"><em><strong>Colaborador(es) Docentes: </strong></em>Luis Antonio dos Santos Franz, Clarissa Castro Calderipe Montelli e Denis Teixeira Franco</span></p>
<p style="text-align: justify"><span style="color: #000000"><em><strong>Colaborador(es) Não UFPel: </strong></em>Douglas de Castro Brombilla</span></p>
<p style="text-align: justify"><span style="color: #000000"><strong><em>Corpo Discente UFPel: </em></strong>Julia Born Pureza, Ítalo Rodeguiero</span></p>
<hr />
<p style="text-align: justify"><em><strong>Modalidade:</strong></em> Curso extra-curricular de iniciação/introdução</p>
<p style="text-align: justify"><span style="color: #000000"><strong style="color: #000000;font-family: Georgia, 'Bitstream Charter', serif;line-height: 1.5;font-weight: bold !important">Introdução aos conceitos de acessibilidade espacial aplicados ao projeto</strong></span></p>
<p style="text-align: justify"><span style="color: #000000"><em><strong>Período de Realização:</strong> </em>02/03/2015 à 31/12/2015</span></p>
<p style="text-align: justify"><span style="color: #000000"><em><strong>Coordenador:</strong> </em>Isabela Fernandes Andrade</span></p>
<p style="text-align: justify"><span style="color: #000000"><em><strong>Colaborador(es) Docentes: </strong></em>Ângela Petrucci Vasconcelos e Luis Antonio Franz</span></p>
<p style="text-align: justify"><span style="color: #000000"><em><strong>Colaborador(es) Não UFPel: </strong></em>Douglas de Castro Brombilla</span></p>
<p style="text-align: justify"><span style="color: #000000"><strong><em>Corpo Discente UFPel: </em></strong>Mayara Zanchin e Ítalo Rodeguiero</span></p>
<hr />
<p style="text-align: justify"><em><strong>Modalidade:</strong></em> Curso extra-curricular de iniciação/introdução</p>
<p style="text-align: justify"><span style="color: #000000"><strong style="color: #000000;font-family: Georgia, 'Bitstream Charter', serif;line-height: 1.5;font-weight: bold !important">Introdução aos conceitos de acessibilidade espacial aplicados ao projeto</strong></span></p>
<p style="text-align: justify"><span style="color: #000000"><em><strong>Período de Realização:</strong> </em>02/05/2014 à 31/12/2014</span></p>
<p style="text-align: justify"><span style="color: #000000"><em><strong>Coordenador:</strong> </em>Isabela Fernandes Andrade</span></p>
<p style="text-align: justify"><span style="color: #000000"><em><strong>Colaborador(es) Docentes: </strong></em>Ângela Petrucci Vasconcelos e Luis Antonio Franz</span></p>
<p style="text-align: justify"><span style="color: #000000"><em><strong>Colaborador(es) Não UFPel: </strong></em>Douglas de Castro Brombilla</span></p>
<p style="text-align: justify"><span style="color: #000000"><strong><em>Corpo Discente UFPel: </em></strong>Mayara Zanchin e Milene Sottoriva Andreia</span></p>
<hr />
<p style="text-align: justify">

<p>As atividades de extensão são caracterizadas por modalidades. Modalidade: Programa &#8211; Curso / Evento / Prestação de Serviço / Publicação e Outros Projetos Núcleo de Estudos, Pesquisa e Extensão em Acessibilidade Período de Realização: 01/06/2016 à 31/12/2021 Coordenador: Isabela Fernandes Andrade Colaborador(es) Docentes: Luis &hellip; <a href="https://wp.ufpel.edu.br/acessiarq/atividades/extensao/">Continue lendo <span class="meta-nav">&rarr;</span></a></p>
