{"id":42,"date":"2021-07-02T15:05:22","date_gmt":"2021-07-02T18:05:22","guid":{"rendered":"https:\/\/wp.ufpel.edu.br\/acervosemrede\/?page_id=42"},"modified":"2021-09-15T15:13:53","modified_gmt":"2021-09-15T18:13:53","slug":"contato","status":"publish","type":"page","link":"https:\/\/wp.ufpel.edu.br\/acervosemrede\/contato\/","title":{"rendered":"CONTATO"},"content":{"rendered":"<p>Para entrar em contato conosco, envie um e-mail para: <strong>acervosemredeufpel@gmail.com<\/strong><\/p>\n<p>Redes Sociais:<\/p>\n<p>Curso de Bacharelado em <strong>Museologia (UFPel)<\/strong> &#8211; INSTAGRAM:\u00a0<a href=\"https:\/\/www.instagram.com\/museologiaufpel\/\" target=\"_blank\" rel=\"noopener\">@museologiaufpel<\/a> \/ FACEBOOK:\u00a0<a href=\"https:\/\/www.facebook.com\/museollogiaufpel\" target=\"_blank\" rel=\"noopener\">MUSEOLOGIA UFPEL<\/a> \/ YOUTUBE:\u00a0<a href=\"https:\/\/www.youtube.com\/channel\/UCLYZrYGW-rYF0yHnjSXQXbQ\" target=\"_blank\" rel=\"noopener\">MUSEOLOGIA UFPEL<\/a><\/p>\n<p><strong>Laborat\u00f3rio de Documenta\u00e7\u00e3o Museol\u00f3gica<\/strong> (UFPel) &#8211; FACEBOOK:\u00a0<a href=\"https:\/\/www.facebook.com\/labdocmuseufpel\" target=\"_blank\" rel=\"noopener\">LAB DOC MUSE UFPEL<\/a><\/p>\n<p><strong>Museu Afro-Brasil-Sul<\/strong> &#8211; INSTAGRAM:\u00a0<a href=\"https:\/\/www.instagram.com\/museuafrobrasilsul\/\" target=\"_blank\" rel=\"noopener\">@museuafrobrasilsul<\/a> \/ FACEBOOK:\u00a0<a href=\"https:\/\/www.facebook.com\/museuafrobrasilsul\" target=\"_blank\" rel=\"noopener\">MABSul<\/a> \/ YOUTUBE:\u00a0<a href=\"https:\/\/www.youtube.com\/channel\/UCnDIX9t-DCtuiUWVL2MR3rw\" target=\"_blank\" rel=\"noopener\">MABSul<\/a><\/p>\n<p>Equipe <strong>Tainacan<\/strong>, Laborat\u00f3rio de Intelig\u00eancia de Redes (UNB) &#8211; SITE:\u00a0<a href=\"http:\/\/tainacan.org\/?fbclid=IwAR0n9w0C5V8aZ4S2ZHSp4u1f1JgAT5mo7vZ8Hbkfb8LA-mu95UUBzKV19gk\" target=\"_blank\" rel=\"noopener\">TAINACAN<\/a> \/ FACEBOOK:\u00a0<a href=\"https:\/\/www.facebook.com\/tainacan.l3p\" target=\"_blank\" rel=\"noopener\">@tainacan.l3p<\/a><\/p>\n<p>Curso de Bacharelado em <strong>Museologia (UFSC)<\/strong> &#8211; INSTAGRAM:\u00a0<a href=\"https:\/\/www.instagram.com\/museologiaufsc\/\" target=\"_blank\" rel=\"noopener\">@museologiaufsc<\/a> \/ FACEBOOK:\u00a0<a href=\"https:\/\/www.facebook.com\/MuseoUFSC\" target=\"_blank\" rel=\"noopener\">@MuseoUFSC<\/a> \/ YOUTUBE:\u00a0<a href=\"https:\/\/www.youtube.com\/channel\/UCa1Gx3MUY-js-By7NphS5bQ\" target=\"_blank\" rel=\"noopener\">MUSEOLOGIA UFSC<\/a><\/p>\n<p>Curso de Bacharelado em <strong>Museologia (UFRGS)\u00a0<\/strong>&#8211; YOUTUBE:\u00a0<a href=\"https:\/\/www.youtube.com\/channel\/UCSlTuZmHTX-XOWOzW-ZoNSw\" target=\"_blank\" rel=\"noopener\">MUSEOLOGIA UFRGS<\/a><\/p>\n<p><img class=\"aligncenter wp-image-102 size-full\" src=\"https:\/\/wp.ufpel.edu.br\/acervosemrede\/files\/2021\/07\/Screenshot-109.png\" alt=\"\" width=\"1274\" height=\"403\" srcset=\"https:\/\/wp.ufpel.edu.br\/acervosemrede\/files\/2021\/07\/Screenshot-109.png 1274w, https:\/\/wp.ufpel.edu.br\/acervosemrede\/files\/2021\/07\/Screenshot-109-400x127.png 400w, https:\/\/wp.ufpel.edu.br\/acervosemrede\/files\/2021\/07\/Screenshot-109-1024x324.png 1024w, https:\/\/wp.ufpel.edu.br\/acervosemrede\/files\/2021\/07\/Screenshot-109-768x243.png 768w\" sizes=\"(max-width: 1274px) 100vw, 1274px\" \/><img class=\"aligncenter wp-image-183 size-full\" src=\"https:\/\/wp.ufpel.edu.br\/acervosemrede\/files\/2021\/09\/homeHeaderTitleImage_pt_BR.jpg\" alt=\"\" width=\"1000\" height=\"120\" srcset=\"https:\/\/wp.ufpel.edu.br\/acervosemrede\/files\/2021\/09\/homeHeaderTitleImage_pt_BR.jpg 1000w, https:\/\/wp.ufpel.edu.br\/acervosemrede\/files\/2021\/09\/homeHeaderTitleImage_pt_BR-400x48.jpg 400w, https:\/\/wp.ufpel.edu.br\/acervosemrede\/files\/2021\/09\/homeHeaderTitleImage_pt_BR-768x92.jpg 768w\" sizes=\"(max-width: 1000px) 100vw, 1000px\" \/><\/p>\n","protected":false},"excerpt":{"rendered":"<p>Para entrar em contato conosco, envie um e-mail para: acervosemredeufpel@gmail.com Redes Sociais: Curso de Bacharelado em Museologia (UFPel) &#8211; INSTAGRAM:\u00a0@museologiaufpel \/ FACEBOOK:\u00a0MUSEOLOGIA UFPEL \/ YOUTUBE:\u00a0MUSEOLOGIA UFPEL Laborat\u00f3rio de Documenta\u00e7\u00e3o Museol\u00f3gica (UFPel) &#8211; FACEBOOK:\u00a0LAB DOC MUSE UFPEL Museu Afro-Brasil-Sul &#8211; INSTAGRAM:\u00a0@museuafrobrasilsul \/ FACEBOOK:\u00a0MABSul \/ YOUTUBE:\u00a0MABSul Equipe Tainacan, Laborat\u00f3rio de Intelig\u00eancia de Redes (UNB) &#8211; SITE:\u00a0TAINACAN \/ [&hellip;]<\/p>\n","protected":false},"author":1159,"featured_media":0,"parent":0,"menu_order":7,"comment_status":"closed","ping_status":"closed","template":"","meta":{"footnotes":""},"class_list":["post-42","page","type-page","status-publish","hentry"],"_links":{"self":[{"href":"https:\/\/wp.ufpel.edu.br\/acervosemrede\/wp-json\/wp\/v2\/pages\/42","targetHints":{"allow":["GET"]}}],"collection":[{"href":"https:\/\/wp.ufpel.edu.br\/acervosemrede\/wp-json\/wp\/v2\/pages"}],"about":[{"href":"https:\/\/wp.ufpel.edu.br\/acervosemrede\/wp-json\/wp\/v2\/types\/page"}],"author":[{"embeddable":true,"href":"https:\/\/wp.ufpel.edu.br\/acervosemrede\/wp-json\/wp\/v2\/users\/1159"}],"replies":[{"embeddable":true,"href":"https:\/\/wp.ufpel.edu.br\/acervosemrede\/wp-json\/wp\/v2\/comments?post=42"}],"version-history":[{"count":5,"href":"https:\/\/wp.ufpel.edu.br\/acervosemrede\/wp-json\/wp\/v2\/pages\/42\/revisions"}],"predecessor-version":[{"id":190,"href":"https:\/\/wp.ufpel.edu.br\/acervosemrede\/wp-json\/wp\/v2\/pages\/42\/revisions\/190"}],"wp:attachment":[{"href":"https:\/\/wp.ufpel.edu.br\/acervosemrede\/wp-json\/wp\/v2\/media?parent=42"}],"curies":[{"name":"wp","href":"https:\/\/api.w.org\/{rel}","templated":true}]}}