{"id":36,"date":"2021-07-02T15:04:37","date_gmt":"2021-07-02T18:04:37","guid":{"rendered":"https:\/\/wp.ufpel.edu.br\/acervosemrede\/?page_id=36"},"modified":"2021-09-22T10:42:09","modified_gmt":"2021-09-22T13:42:09","slug":"minicursos","status":"publish","type":"page","link":"https:\/\/wp.ufpel.edu.br\/acervosemrede\/minicursos\/","title":{"rendered":"MINICURSOS"},"content":{"rendered":"<p><img class=\"aligncenter wp-image-62 \" src=\"https:\/\/wp.ufpel.edu.br\/acervosemrede\/files\/2021\/07\/WhatsApp-Image-2021-07-05-at-6.51.38-PM.jpeg\" alt=\"\" width=\"1280\" height=\"640\" srcset=\"https:\/\/wp.ufpel.edu.br\/acervosemrede\/files\/2021\/07\/WhatsApp-Image-2021-07-05-at-6.51.38-PM.jpeg 1280w, https:\/\/wp.ufpel.edu.br\/acervosemrede\/files\/2021\/07\/WhatsApp-Image-2021-07-05-at-6.51.38-PM-400x200.jpeg 400w, https:\/\/wp.ufpel.edu.br\/acervosemrede\/files\/2021\/07\/WhatsApp-Image-2021-07-05-at-6.51.38-PM-1024x512.jpeg 1024w, https:\/\/wp.ufpel.edu.br\/acervosemrede\/files\/2021\/07\/WhatsApp-Image-2021-07-05-at-6.51.38-PM-768x384.jpeg 768w\" sizes=\"(max-width: 1280px) 100vw, 1280px\" \/><\/p>\n<h1 style=\"text-align: center\"><b>MINICURSOS<\/b><\/h1>\n<h2 style=\"text-align: center\"><b>29\/09, 30\/09 e 01\/10<\/b><\/h2>\n<h2 style=\"text-align: center\"><b>14h \u00e0s 16h<br \/>\nINSCRI\u00c7\u00d5ES ENCERRADAS<\/b><\/h2>\n<ul style=\"text-align: justify\">\n<li style=\"text-align: justify\"><b>Minicurso<\/b><strong> (1) <\/strong>&#8211; Datas: 29\/09, 30\/09 e 01\/10 (14h &#8211; 16h)<\/li>\n<\/ul>\n<p style=\"text-align: justify\">T\u00edtulo:<strong> Tratamento de cole\u00e7\u00f5es para a internet com o software Open Refine<\/strong><\/p>\n<p style=\"text-align: justify\"><b>Respons\u00e1veis:\u00a0<\/b><\/p>\n<p style=\"text-align: justify\"><span style=\"font-weight: 400\">Andr\u00e9 Benedito &#8211; Coordenador de Suporte Tainacan<\/span><\/p>\n<p style=\"text-align: justify\"><span style=\"font-weight: 400\">Caio Silva &#8211; Suporte Tainacan<\/span><\/p>\n<p style=\"text-align: justify\"><b>N\u00famero m\u00e1ximo de inscritos:<\/b><span style=\"font-weight: 400\"> 10<\/span><\/p>\n<p style=\"text-align: justify\"><b>Carga hor\u00e1ria:<\/b><span style=\"font-weight: 400\"> 3 encontros de 2 horas<\/span><\/p>\n<p style=\"text-align: justify\"><b>Descri\u00e7\u00e3o:<\/b><\/p>\n<p style=\"text-align: justify\"><span style=\"font-weight: 400\">O minicurso tem como objetivo apresentar procedimentos e ferramentas para facilitar a publica\u00e7\u00e3o de cole\u00e7\u00f5es culturais na internet. Para isso, ser\u00e3o apresentados processos t\u00e9cnicos de normaliza\u00e7\u00e3o, limpeza, corre\u00e7\u00e3o de problemas sint\u00e1ticos e prepara\u00e7\u00e3o dos dados, fundamentais para a melhoria da qualidade da documenta\u00e7\u00e3o museol\u00f3gica a ser publicada na internet. Durante a oficina, faremos atividades pr\u00e1ticas com o software OpenRefine, visando a melhoria de desempenho nos processos de busca e recupera\u00e7\u00e3o da informa\u00e7\u00e3o.\u00a0<\/span><\/p>\n<p style=\"text-align: justify\"><span style=\"font-weight: 400\">Softwares e equipamentos necess\u00e1rios para o dia do curso<\/span><\/p>\n<ul style=\"text-align: justify\">\n<li style=\"font-weight: 400\"><span style=\"font-weight: 400\">Computador, microfone, fone e c\u00e2mera;<\/span><\/li>\n<li style=\"font-weight: 400\"><span style=\"font-weight: 400\">\u00daltima vers\u00e3o do google chrome: <\/span><a href=\"https:\/\/www.google.pt\/chrome\"><span style=\"font-weight: 400\">https:\/\/www.google.pt\/chrome<\/span><\/a><\/li>\n<li style=\"font-weight: 400\"><span style=\"font-weight: 400\">\u00daltima vers\u00e3o do Openrefine: <\/span><a href=\"https:\/\/openrefine.org\/\"><span style=\"font-weight: 400\">https:\/\/openrefine.org\/<\/span><\/a><\/li>\n<li style=\"font-weight: 400\"><span style=\"font-weight: 400\">\u00daltima vers\u00e3o do libreoffice: <\/span><a href=\"https:\/\/pt-br.libreoffice.org\/\"><span style=\"font-weight: 400\">https:\/\/pt-br.libreoffice.org<\/span><\/a><\/li>\n<\/ul>\n<p style=\"text-align: justify\"><b>Considera\u00e7\u00f5es:<\/b><span style=\"font-weight: 400\"> Estaremos dispon\u00edveis uma hora antes da oficina para ajudar com poss\u00edveis problemas na instala\u00e7\u00e3o dos softwares. Solicitamos que as pessoas inscritas tentem instalar o software antes e reservem este hor\u00e1rio somente para eventuais problemas. O link para esta atividade de suporte ser\u00e1 enviado por e-mail ap\u00f3s a inscri\u00e7\u00e3o.\u00a0<\/span><\/p>\n<p>&nbsp;<\/p>\n<ul style=\"text-align: justify\">\n<li><b>Minicurso (2)\u00a0<\/b>&#8211; Datas: 29\/09, 30\/09 e 01\/10 (14h &#8211; 16h)<\/li>\n<\/ul>\n<p style=\"text-align: justify\">T\u00edtulo:<strong> Organiza\u00e7\u00e3o e publica\u00e7\u00e3o de acervos digitais e exposi\u00e7\u00f5es em rede com o software Tainacan<\/strong><\/p>\n<p style=\"text-align: justify\"><b>Respons\u00e1veis:\u00a0<\/b><\/p>\n<p style=\"text-align: justify\"><span style=\"font-weight: 400\">Mateus Luna \u2013 Desenvolvedor Tainacan<\/span><\/p>\n<p style=\"text-align: justify\"><span style=\"font-weight: 400\">Suelane Silva &#8211; Suporte Tainacan<\/span><\/p>\n<p style=\"text-align: justify\"><b>N\u00famero m\u00e1ximo de inscritos:<\/b><span style=\"font-weight: 400\"> 15<\/span><\/p>\n<p style=\"text-align: justify\"><b>Carga hor\u00e1ria:<\/b><span style=\"font-weight: 400\"> 3 encontros de 2 horas<\/span><\/p>\n<p style=\"text-align: justify\"><b>Descri\u00e7\u00e3o:<\/b><\/p>\n<p style=\"text-align: justify\"><span style=\"font-weight: 400\">Neste minicurso ser\u00e3o apresentadas e exploradas as possibilidades do software Tainacan para organiza\u00e7\u00e3o e publica\u00e7\u00e3o de acervos culturais na Internet. O Tainacan \u00e9 uma ferramenta flex\u00edvel para WordPress que permite a gest\u00e3o e a publica\u00e7\u00e3o de cole\u00e7\u00f5es digitais, e pode ser instalado em qualquer site a partir do reposit\u00f3rio oficial do WordPress. O minicurso ir\u00e1 apresentar, por meio de exerc\u00edcios pr\u00e1ticos, o passo a passo para a instala\u00e7\u00e3o e utiliza\u00e7\u00e3o do Tainacan, explorando seus recursos de cria\u00e7\u00e3o e configura\u00e7\u00e3o de cole\u00e7\u00f5es, cria\u00e7\u00e3o de taxonomias, buscas facetadas, entre outras possibilidades.\u00a0<\/span><\/p>\n<p>&nbsp;<\/p>\n<ul style=\"text-align: justify\">\n<li><b>Minicurso (3)\u00a0<\/b>&#8211; Datas: 29\/09, 30\/09 e 01\/10 (14h &#8211; 16h)<\/li>\n<\/ul>\n<p style=\"text-align: justify\">T\u00edtulo: <b>Tratamento da informa\u00e7\u00e3o para a organiza\u00e7\u00e3o de acervos culturais em rede<\/b><\/p>\n<p style=\"text-align: justify\"><b>Respons\u00e1veis:\u00a0<\/b><\/p>\n<p style=\"text-align: justify\"><span style=\"font-weight: 400\">Daniela Lemos \u2013 Pesquisadora Tainacan<\/span><\/p>\n<p style=\"text-align: justify\"><span style=\"font-weight: 400\">Danielle do Carmo &#8211; Pesquisadora Tainacan<\/span><\/p>\n<p style=\"text-align: justify\"><b>N\u00famero m\u00e1ximo de inscritos:<\/b><span style=\"font-weight: 400\"> 20<\/span><\/p>\n<p style=\"text-align: justify\"><b>Carga hor\u00e1ria:<\/b><span style=\"font-weight: 400\"> 3 encontros de 2 horas<\/span><\/p>\n<p style=\"text-align: justify\"><b>Descri\u00e7\u00e3o:<\/b><\/p>\n<p style=\"text-align: justify\"><span style=\"font-weight: 400\">Para que as informa\u00e7\u00f5es dos acervos culturais digitais sejam apresentadas com qualidade para o p\u00fablico das institui\u00e7\u00f5es culturais, a ado\u00e7\u00e3o de pr\u00e1ticas baseadas no aporte te\u00f3rico-metodol\u00f3gico da Ci\u00eancia da Informa\u00e7\u00e3o se torna necess\u00e1ria. O minicurso tem como objetivo apresentar elementos considerados fundamentais para uma boa pr\u00e1tica de tratamento e organiza\u00e7\u00e3o da informa\u00e7\u00e3o nos acervos culturais de institui\u00e7\u00f5es que buscam alcan\u00e7ar n\u00edveis satisfat\u00f3rios de qualidade nos dados, e utiliz\u00e1-los para fins de preserva\u00e7\u00e3o, pesquisa, socializa\u00e7\u00e3o, re\u00faso e agrega\u00e7\u00e3o de seus objetos digitais em rede. Ser\u00e3o abordados assuntos que permeiam a pr\u00e1tica no uso de sistemas de informa\u00e7\u00e3o, tal como os reposit\u00f3rios digitais, a\u00e7\u00f5es de modelagem de dados, cataloga\u00e7\u00e3o, indexa\u00e7\u00e3o, busca e recupera\u00e7\u00e3o da informa\u00e7\u00e3o. Adicionalmente, temas como gest\u00e3o da informa\u00e7\u00e3o e governan\u00e7a em museus ser\u00e3o discutidos como meios de se construir uma pol\u00edtica de qualidade de dados que vise apoiar institui\u00e7\u00f5es interessadas em publicar e interoperar os seus dados em redes de agrega\u00e7\u00e3o.<\/span><\/p>\n<p>&nbsp;<\/p>\n<ul style=\"text-align: justify\">\n<li><b>Minicurso (4) &#8211; <\/b>Datas: 29\/09, 30\/09 e 01\/10 (14h &#8211; 16h)<\/li>\n<\/ul>\n<p style=\"text-align: justify\">T\u00edtulo: <strong>Produ\u00e7\u00e3o de document\u00e1rio para preserva\u00e7\u00e3o da mem\u00f3ria<\/strong><\/p>\n<p style=\"text-align: justify\"><b>Respons\u00e1veis: <\/b><span style=\"font-weight: 400\">Jocelem Mariza Soares Fernandes, Renan Gomes Lemos,<\/span><\/p>\n<p style=\"text-align: justify\"><span style=\"font-weight: 400\">Rosemar Gomes Lemos, Rita de C\u00e1ssia dos Reis Viebrantz, Tassiele Viebrantz <\/span><span style=\"font-weight: 400\">Cassuriaga<\/span><\/p>\n<p style=\"text-align: justify\"><b>N\u00famero m\u00e1ximo de inscritos:<\/b><span style=\"font-weight: 400\"> 30<\/span><b>.<\/b><\/p>\n<p style=\"text-align: justify\"><b>Carga hor\u00e1ria: <\/b><span style=\"font-weight: 400\">1 encontro de 2 horas<\/span><\/p>\n<p style=\"text-align: justify\"><b>Descri\u00e7\u00e3o:<\/b><span style=\"font-weight: 400\">\u00a0<\/span><\/p>\n<p style=\"text-align: justify\"><span style=\"font-weight: 400\">Aprender como trabalhar na pr\u00e1tica com grava\u00e7\u00e3o de \u00e1udio e <\/span><span style=\"font-weight: 400\">v\u00eddeo, com tecnologias acess\u00edveis, para produ\u00e7\u00e3o de material de acervo, <\/span><span style=\"font-weight: 400\">visando o registro e preserva\u00e7\u00e3o de mem\u00f3ria imaterial e material. <\/span><span style=\"font-weight: 400\">Explanar sobre a import\u00e2ncia da produ\u00e7\u00e3o de document\u00e1rio <\/span><span style=\"font-weight: 400\">na preserva\u00e7\u00e3o da mem\u00f3ria nos novos arranjos museol\u00f3gicos atuais; <\/span><span style=\"font-weight: 400\">apresentar os equipamentos necess\u00e1rios e como funcionam; apresentar <\/span><span style=\"font-weight: 400\">dicas de desempenho para otimizar os equipamentos; apresentar t\u00e9cnicas <\/span><span style=\"font-weight: 400\">de como se apresentar durante a grava\u00e7\u00e3o; explorar t\u00e9cnicas de <\/span><span style=\"font-weight: 400\">p\u00f3s-produ\u00e7\u00e3o.<\/span><\/p>\n<p>&nbsp;<\/p>\n<ul style=\"text-align: justify\">\n<li style=\"text-align: justify\"><b>Minicurso (5) <\/b>&#8211; Datas: 29\/09, 30\/09 e 01\/10 (14h &#8211; 16h)<\/li>\n<\/ul>\n<p style=\"text-align: justify\">T\u00edtulo: <strong>Grava\u00e7\u00e3o de Podcast<\/strong><\/p>\n<p style=\"text-align: justify\"><b>Respons\u00e1veis: <\/b><span style=\"font-weight: 400\">Jocelem Mariza Soares Fernandes, Renan Gomes Lemos,<\/span><\/p>\n<p style=\"text-align: justify\"><span style=\"font-weight: 400\">Rosemar Gomes Lemos, Rita de C\u00e1ssia dos Reis Viebrantz, Tassiele Viebrantz <\/span><span style=\"font-weight: 400\">Cassuriaga.<\/span><\/p>\n<p style=\"text-align: justify\"><b>N\u00famero m\u00e1ximo de inscritos:<\/b><span style=\"font-weight: 400\"> 30<\/span><b>.<\/b><\/p>\n<p style=\"text-align: justify\"><b>Carga hor\u00e1ria: <\/b><span style=\"font-weight: 400\">1 encontro de 2 horas<\/span><\/p>\n<p style=\"text-align: justify\"><b>Descri\u00e7\u00e3o:<\/b><span style=\"font-weight: 400\">\u00a0<\/span><\/p>\n<p style=\"text-align: justify\"><span style=\"font-weight: 400\">Apresentar e discutir a import\u00e2ncia da utiliza\u00e7\u00e3o dos meios <\/span><span style=\"font-weight: 400\">virtuais, especialmente Podcast, para divulga\u00e7\u00e3o, produ\u00e7\u00e3o e composi\u00e7\u00e3o <\/span><span style=\"font-weight: 400\">de acervos, bem como compreender formas efetivas de realiz\u00e1-lo. <\/span><span style=\"font-weight: 400\">Perceber, compreender e relacionar as diferentes formas <\/span><span style=\"font-weight: 400\">poss\u00edveis de comunica\u00e7\u00e3o em Podcast; Identificar os meios e t\u00e9cnicas <\/span><span style=\"font-weight: 400\">necess\u00e1rias para realiza\u00e7\u00e3o de um trabalho efetivo; Reconhecer, explorar <\/span><span style=\"font-weight: 400\">e dominar os meios poss\u00edveis de obter \u00eaxito.<\/span><\/p>\n<p style=\"text-align: justify\">\n<p><img class=\"aligncenter wp-image-102 size-full\" src=\"https:\/\/wp.ufpel.edu.br\/acervosemrede\/files\/2021\/07\/Screenshot-109.png\" alt=\"\" width=\"1274\" height=\"403\" srcset=\"https:\/\/wp.ufpel.edu.br\/acervosemrede\/files\/2021\/07\/Screenshot-109.png 1274w, https:\/\/wp.ufpel.edu.br\/acervosemrede\/files\/2021\/07\/Screenshot-109-400x127.png 400w, https:\/\/wp.ufpel.edu.br\/acervosemrede\/files\/2021\/07\/Screenshot-109-1024x324.png 1024w, https:\/\/wp.ufpel.edu.br\/acervosemrede\/files\/2021\/07\/Screenshot-109-768x243.png 768w\" sizes=\"(max-width: 1274px) 100vw, 1274px\" \/><img class=\"aligncenter wp-image-183 size-full\" src=\"https:\/\/wp.ufpel.edu.br\/acervosemrede\/files\/2021\/09\/homeHeaderTitleImage_pt_BR.jpg\" alt=\"\" width=\"1000\" height=\"120\" srcset=\"https:\/\/wp.ufpel.edu.br\/acervosemrede\/files\/2021\/09\/homeHeaderTitleImage_pt_BR.jpg 1000w, https:\/\/wp.ufpel.edu.br\/acervosemrede\/files\/2021\/09\/homeHeaderTitleImage_pt_BR-400x48.jpg 400w, https:\/\/wp.ufpel.edu.br\/acervosemrede\/files\/2021\/09\/homeHeaderTitleImage_pt_BR-768x92.jpg 768w\" sizes=\"(max-width: 1000px) 100vw, 1000px\" \/><\/p>\n","protected":false},"excerpt":{"rendered":"<p>MINICURSOS 29\/09, 30\/09 e 01\/10 14h \u00e0s 16h INSCRI\u00c7\u00d5ES ENCERRADAS Minicurso (1) &#8211; Datas: 29\/09, 30\/09 e 01\/10 (14h &#8211; 16h) T\u00edtulo: Tratamento de cole\u00e7\u00f5es para a internet com o software Open Refine Respons\u00e1veis:\u00a0 Andr\u00e9 Benedito &#8211; Coordenador de Suporte Tainacan Caio Silva &#8211; Suporte Tainacan N\u00famero m\u00e1ximo de inscritos: 10 Carga hor\u00e1ria: 3 encontros [&hellip;]<\/p>\n","protected":false},"author":1159,"featured_media":0,"parent":0,"menu_order":5,"comment_status":"closed","ping_status":"closed","template":"","meta":{"footnotes":""},"class_list":["post-36","page","type-page","status-publish","hentry"],"_links":{"self":[{"href":"https:\/\/wp.ufpel.edu.br\/acervosemrede\/wp-json\/wp\/v2\/pages\/36","targetHints":{"allow":["GET"]}}],"collection":[{"href":"https:\/\/wp.ufpel.edu.br\/acervosemrede\/wp-json\/wp\/v2\/pages"}],"about":[{"href":"https:\/\/wp.ufpel.edu.br\/acervosemrede\/wp-json\/wp\/v2\/types\/page"}],"author":[{"embeddable":true,"href":"https:\/\/wp.ufpel.edu.br\/acervosemrede\/wp-json\/wp\/v2\/users\/1159"}],"replies":[{"embeddable":true,"href":"https:\/\/wp.ufpel.edu.br\/acervosemrede\/wp-json\/wp\/v2\/comments?post=36"}],"version-history":[{"count":18,"href":"https:\/\/wp.ufpel.edu.br\/acervosemrede\/wp-json\/wp\/v2\/pages\/36\/revisions"}],"predecessor-version":[{"id":195,"href":"https:\/\/wp.ufpel.edu.br\/acervosemrede\/wp-json\/wp\/v2\/pages\/36\/revisions\/195"}],"wp:attachment":[{"href":"https:\/\/wp.ufpel.edu.br\/acervosemrede\/wp-json\/wp\/v2\/media?parent=36"}],"curies":[{"name":"wp","href":"https:\/\/api.w.org\/{rel}","templated":true}]}}