{"id":206,"date":"2021-10-04T10:51:59","date_gmt":"2021-10-04T13:51:59","guid":{"rendered":"https:\/\/wp.ufpel.edu.br\/acervosemrede\/?page_id=206"},"modified":"2021-10-04T10:53:41","modified_gmt":"2021-10-04T13:53:41","slug":"exposicao-nosso-lugar","status":"publish","type":"page","link":"https:\/\/wp.ufpel.edu.br\/acervosemrede\/exposicao-nosso-lugar\/","title":{"rendered":"Exposi\u00e7\u00e3o O Nosso Lugar: 15 anos do Curso de Museologia\/UFPel"},"content":{"rendered":"<p><img class=\"aligncenter wp-image-62 size-full\" src=\"https:\/\/wp.ufpel.edu.br\/acervosemrede\/files\/2021\/07\/WhatsApp-Image-2021-07-05-at-6.51.38-PM.jpeg\" alt=\"\" width=\"1280\" height=\"640\" srcset=\"https:\/\/wp.ufpel.edu.br\/acervosemrede\/files\/2021\/07\/WhatsApp-Image-2021-07-05-at-6.51.38-PM.jpeg 1280w, https:\/\/wp.ufpel.edu.br\/acervosemrede\/files\/2021\/07\/WhatsApp-Image-2021-07-05-at-6.51.38-PM-400x200.jpeg 400w, https:\/\/wp.ufpel.edu.br\/acervosemrede\/files\/2021\/07\/WhatsApp-Image-2021-07-05-at-6.51.38-PM-1024x512.jpeg 1024w, https:\/\/wp.ufpel.edu.br\/acervosemrede\/files\/2021\/07\/WhatsApp-Image-2021-07-05-at-6.51.38-PM-768x384.jpeg 768w\" sizes=\"(max-width: 1280px) 100vw, 1280px\" \/><\/p>\n<p><img class=\"aligncenter wp-image-207 size-full\" src=\"https:\/\/wp.ufpel.edu.br\/acervosemrede\/files\/2021\/10\/WhatsApp-Image-2021-10-04-at-10.47.40-AM.jpeg\" alt=\"\" width=\"1280\" height=\"905\" srcset=\"https:\/\/wp.ufpel.edu.br\/acervosemrede\/files\/2021\/10\/WhatsApp-Image-2021-10-04-at-10.47.40-AM.jpeg 1280w, https:\/\/wp.ufpel.edu.br\/acervosemrede\/files\/2021\/10\/WhatsApp-Image-2021-10-04-at-10.47.40-AM-400x283.jpeg 400w, https:\/\/wp.ufpel.edu.br\/acervosemrede\/files\/2021\/10\/WhatsApp-Image-2021-10-04-at-10.47.40-AM-1024x724.jpeg 1024w, https:\/\/wp.ufpel.edu.br\/acervosemrede\/files\/2021\/10\/WhatsApp-Image-2021-10-04-at-10.47.40-AM-768x543.jpeg 768w\" sizes=\"(max-width: 1280px) 100vw, 1280px\" \/><\/p>\n<p><strong>O Nosso Lugar: 15 anos do Curso de Museologia\/UFPel<\/strong><\/p>\n<p>Em comemora\u00e7\u00e3o aos 15 anos do Curso de Bacharelado em Museologia da UFPel, primeiro do Rio Grande do Sul e o terceiro federal do pa\u00eds, convidamos voc\u00eas para a exposi\u00e7\u00e3o virtual que apresentar\u00e1 um panorama sobre sua trajet\u00f3ria, desde a implementa\u00e7\u00e3o, consolida\u00e7\u00e3o e articula\u00e7\u00e3o com o campo museal e a sociedade.<br \/>\nVenha navegar conosco por essa hist\u00f3ria constru\u00edda com muitas m\u00e3os, que est\u00e1 a pleno vapor, entrela\u00e7ando viv\u00eancias, mem\u00f3rias e sonhos. A exposi\u00e7\u00e3o ser\u00e1 inaugurada oficialmente no dia 08 de outubro, \u00e0s 18h, (<a href=\"https:\/\/www.youtube.com\/channel\/UCLYZrYGW-rYF0yHnjSXQXbQ\">https:\/\/www.youtube.com\/channel\/UCLYZrYGW-rYF0yHnjSXQXbQ<\/a>).<br \/>\nPara visitar a exposi\u00e7\u00e3o, acessem o endere\u00e7o eletr\u00f4nico: <a href=\"https:\/\/acervosvirtuais.ufpel.edu.br\/expo15anosmuseologia\">https:\/\/acervosvirtuais.ufpel.edu.br\/expo15anosmuseologia<\/a><\/p>\n<p><img class=\"aligncenter wp-image-65 size-full\" src=\"https:\/\/wp.ufpel.edu.br\/acervosemrede\/files\/2021\/07\/WhatsApp-Image-2021-07-05-at-6.51.38-PM.jpg\" alt=\"\" width=\"1279\" height=\"95\" srcset=\"https:\/\/wp.ufpel.edu.br\/acervosemrede\/files\/2021\/07\/WhatsApp-Image-2021-07-05-at-6.51.38-PM.jpg 1279w, https:\/\/wp.ufpel.edu.br\/acervosemrede\/files\/2021\/07\/WhatsApp-Image-2021-07-05-at-6.51.38-PM-400x30.jpg 400w, https:\/\/wp.ufpel.edu.br\/acervosemrede\/files\/2021\/07\/WhatsApp-Image-2021-07-05-at-6.51.38-PM-1024x76.jpg 1024w, https:\/\/wp.ufpel.edu.br\/acervosemrede\/files\/2021\/07\/WhatsApp-Image-2021-07-05-at-6.51.38-PM-768x57.jpg 768w\" sizes=\"(max-width: 1279px) 100vw, 1279px\" \/><img class=\"aligncenter wp-image-183 size-full\" src=\"https:\/\/wp.ufpel.edu.br\/acervosemrede\/files\/2021\/09\/homeHeaderTitleImage_pt_BR.jpg\" alt=\"\" width=\"1000\" height=\"120\" srcset=\"https:\/\/wp.ufpel.edu.br\/acervosemrede\/files\/2021\/09\/homeHeaderTitleImage_pt_BR.jpg 1000w, https:\/\/wp.ufpel.edu.br\/acervosemrede\/files\/2021\/09\/homeHeaderTitleImage_pt_BR-400x48.jpg 400w, https:\/\/wp.ufpel.edu.br\/acervosemrede\/files\/2021\/09\/homeHeaderTitleImage_pt_BR-768x92.jpg 768w\" sizes=\"(max-width: 1000px) 100vw, 1000px\" \/><\/p>\n","protected":false},"excerpt":{"rendered":"<p>O Nosso Lugar: 15 anos do Curso de Museologia\/UFPel Em comemora\u00e7\u00e3o aos 15 anos do Curso de Bacharelado em Museologia da UFPel, primeiro do Rio Grande do Sul e o terceiro federal do pa\u00eds, convidamos voc\u00eas para a exposi\u00e7\u00e3o virtual que apresentar\u00e1 um panorama sobre sua trajet\u00f3ria, desde a implementa\u00e7\u00e3o, consolida\u00e7\u00e3o e articula\u00e7\u00e3o com o [&hellip;]<\/p>\n","protected":false},"author":1159,"featured_media":0,"parent":0,"menu_order":7,"comment_status":"closed","ping_status":"closed","template":"","meta":{"footnotes":""},"class_list":["post-206","page","type-page","status-publish","hentry"],"_links":{"self":[{"href":"https:\/\/wp.ufpel.edu.br\/acervosemrede\/wp-json\/wp\/v2\/pages\/206","targetHints":{"allow":["GET"]}}],"collection":[{"href":"https:\/\/wp.ufpel.edu.br\/acervosemrede\/wp-json\/wp\/v2\/pages"}],"about":[{"href":"https:\/\/wp.ufpel.edu.br\/acervosemrede\/wp-json\/wp\/v2\/types\/page"}],"author":[{"embeddable":true,"href":"https:\/\/wp.ufpel.edu.br\/acervosemrede\/wp-json\/wp\/v2\/users\/1159"}],"replies":[{"embeddable":true,"href":"https:\/\/wp.ufpel.edu.br\/acervosemrede\/wp-json\/wp\/v2\/comments?post=206"}],"version-history":[{"count":2,"href":"https:\/\/wp.ufpel.edu.br\/acervosemrede\/wp-json\/wp\/v2\/pages\/206\/revisions"}],"predecessor-version":[{"id":210,"href":"https:\/\/wp.ufpel.edu.br\/acervosemrede\/wp-json\/wp\/v2\/pages\/206\/revisions\/210"}],"wp:attachment":[{"href":"https:\/\/wp.ufpel.edu.br\/acervosemrede\/wp-json\/wp\/v2\/media?parent=206"}],"curies":[{"name":"wp","href":"https:\/\/api.w.org\/{rel}","templated":true}]}}