{"id":15,"date":"2021-07-02T14:44:50","date_gmt":"2021-07-02T17:44:50","guid":{"rendered":"https:\/\/wp.ufpel.edu.br\/acervosemrede\/?page_id=15"},"modified":"2021-09-16T15:23:52","modified_gmt":"2021-09-16T18:23:52","slug":"inscricoes","status":"publish","type":"page","link":"https:\/\/wp.ufpel.edu.br\/acervosemrede\/inscricoes\/","title":{"rendered":"INSCRI\u00c7\u00d5ES"},"content":{"rendered":"<p><b>Chamada de Trabalhos \u2013 III Acervos em Rede 2021\u00a0<\/b><\/p>\n<p>Est\u00e3o abertas, de 10 de julho a 23 de agosto de 2021, as inscri\u00e7\u00f5es para as comunica\u00e7\u00f5es no <strong>III Semin\u00e1rio Acervos em Rede: os museus e as redes durante a pandemia<\/strong>, promovido pelos bacharelados em Museologia da UFPel, UFSC e UFRGS, o Museu Afro-Brasil-Sul-UFPel e o Laborat\u00f3rio de Intelig\u00eancia de Redes (UNB), nos dias <strong>06, 07 e 08 de outubro de 2021<\/strong>.<\/p>\n<p><span style=\"font-weight: 400\">Este evento possibilitar\u00e1 um amplo espectro de discuss\u00f5es sobre a cultura digital e o atendimento \u00e0s comunidades em que est\u00e3o inseridas as mais diversas institui\u00e7\u00f5es museol\u00f3gicas. Tendo em vista que os profissionais de museus est\u00e3o sendo convocados a se conectarem e a atuarem como curadores de conte\u00fado e produtores de redes informacionais, estabelecendo conex\u00f5es, mediando o acesso, desenvolvendo estrat\u00e9gias de exposi\u00e7\u00e3o informacional e, sobretudo, construindo experi\u00eancias comunicacionais e pedag\u00f3gicas de experimenta\u00e7\u00e3o dos objetos museol\u00f3gicos, agora tratados como objetos digitais. Entender e saber atuar nesse novo mundo \u00e9 fundamental para o profissional e para as institui\u00e7\u00f5es que desejam estar em sintonia com as demandas atuais da sociedade.<\/span><\/p>\n<p>Levando em conta o tema do Semin\u00e1rio, ser\u00e3o aceitas comunica\u00e7\u00f5es que discutam o assunto de acordo com os seguintes Grupos Tem\u00e1ticos \u2013 GTs:<\/p>\n<ul>\n<li style=\"font-weight: 400\"><strong>Museologia em Rede:<\/strong><\/li>\n<\/ul>\n<p><span style=\"font-weight: 400\">O campo museol\u00f3gico vem atravessando um importante processo de mudan\u00e7a. No \u00faltimo par de d\u00e9cadas, particularmente no Brasil, a emerg\u00eancia de novos paradigmas no pensamento museol\u00f3gico inspira renovadas possibilidades de museus e processos museol\u00f3gicos, assim como impulsiona os profissionais da \u00e1rea a refletirem sobre suas pr\u00e1ticas e as distintas formas de lidar com a preserva\u00e7\u00e3o do patrim\u00f4nio musealizado. Este grupo de trabalho tem como objetivo adensar a discuss\u00e3o sobre experi\u00eancias museais alinhadas com uma perspectiva contempor\u00e2nea do patrim\u00f4nio, em suas m\u00faltiplas dimens\u00f5es e manifesta\u00e7\u00f5es. Do mesmo modo, busca discutir os efeitos gerados pela pandemia e a incorpora\u00e7\u00e3o das tecnologias de informa\u00e7\u00e3o e comunica\u00e7\u00e3o nestes espa\u00e7os, sejam eles institucionalizados ou n\u00e3o.<\/span><\/p>\n<p><span style=\"font-weight: 400\">Coordenadores:<br \/>\n<\/span><span style=\"font-weight: 400\"><br \/>\nProf\u00aa Dra. Rosemar Lemos<br \/>\n<\/span>Prof\u00ba Dr. Diego Ribeiro<br \/>\n<span style=\"font-weight: 400\">Prof\u00ba Dr. Daniel de Souza<br \/>\n<\/span><\/p>\n<ul>\n<li><strong>Acervos Digitais e Documenta\u00e7\u00e3o Museol\u00f3gica:\u00a0<\/strong><\/li>\n<\/ul>\n<p><span style=\"font-weight: 400\">A Gest\u00e3o de Acervos e a Documenta\u00e7\u00e3o Museol\u00f3gica s\u00e3o atividades fundamentais no cumprimento da fun\u00e7\u00e3o social dos museus, e por isso necessitam constantemente de revis\u00e3o e atualiza\u00e7\u00e3o para atender as necessidades da sociedade e da salvaguarda dos acervos. Para tanto, no que diz respeito \u00e0 cultura digital e suas pr\u00e1ticas informacionais e comunicacionais, em di\u00e1logo com as Tecnologias de Informa\u00e7\u00e3o e Comunica\u00e7\u00e3o (TICs), precisamos analisar caminhos que possam desenvolver novos m\u00e9todos e t\u00e9cnicas para atender tais demandas. Assim, este GT visa promover a discuss\u00e3o acerca da Gest\u00e3o de Acervos museol\u00f3gicos, materiais ou imateriais, sejam eles reproduzidos digitalmente ou nato digitais, considerando o papel da Documenta\u00e7\u00e3o Museol\u00f3gica no tratamento e organiza\u00e7\u00e3o desses acervos.<\/span><\/p>\n<p><span style=\"font-weight: 400\">Coordenadoras:<\/span><\/p>\n<p>Prof\u00aa Dra. Noris Leal<br \/>\n<span style=\"font-weight: 400\">Prof\u00aa Dra. Renata Padilha<br \/>\n<\/span><span style=\"font-weight: 400\">Muse\u00f3loga Jossana Peil Coelho<\/span><\/p>\n<ul>\n<li><strong>Educa\u00e7\u00e3o e Comunica\u00e7\u00e3o Museal no Ambiente Digital:<\/strong><\/li>\n<\/ul>\n<p><span style=\"font-weight: 400\">O crescente uso das tecnologias digitais pelos museus, teve, especialmente no per\u00edodo pand\u00eamico, iniciado em mar\u00e7o de 2020, um aprimoramento te\u00f3rico-metodol\u00f3gico que resultou na estrutura\u00e7\u00e3o da presen\u00e7a digital de muitas institui\u00e7\u00f5es museais no ambiente da internet. Esse GT tem como foco propor a identifica\u00e7\u00e3o, a discuss\u00e3o e a reflex\u00e3o sobre os processos comunicacionais e educacionais que fazem uso de estrat\u00e9gias digitais. Ser\u00e3o aceitos trabalhos que tragam reflex\u00f5es te\u00f3ricas e pr\u00e1ticas que abordem os temas da Comunica\u00e7\u00e3o e Educa\u00e7\u00e3o Museais, com desenvolvimento e\/ou apropria\u00e7\u00e3o de recursos tecnol\u00f3gicos, seja em experi\u00eancias presenciais e\/ou no ambiente digital, bem como a forma\u00e7\u00e3o de profissionais para atua\u00e7\u00e3o nessas \u00e1reas.<\/span><\/p>\n<p><span style=\"font-weight: 400\">Coordenadoras:<\/span><\/p>\n<p>Dra. Luciana Conrado Martins<br \/>\n<span style=\"font-weight: 400\">Prof\u00aa Ma. Sarah Maggitti Silva<br \/>\n<\/span><span style=\"font-weight: 400\">Prof\u00aa Dra. Ana Carolina Gelmini<\/span><\/p>\n<ul>\n<li><strong>Planejamento e Pol\u00edticas de Acervos Digitais para Institui\u00e7\u00f5es Culturais:\u00a0<\/strong><\/li>\n<\/ul>\n<div>A transforma\u00e7\u00e3o digital das institui\u00e7\u00f5es culturais e de mem\u00f3ria e a constru\u00e7\u00e3o da sua presen\u00e7a no ambiente informacional da internet, tem no planejamento em torno dos acervos digitais e virtuais, uma premissa fundamental. Partindo do princ\u00edpio de que s\u00e3o lugares de informa\u00e7\u00e3o de qualidade sobre seus acervos para a sociedade, esse GT ter\u00e1 como foco a discuss\u00e3o e a reflex\u00e3o acerca do planejamento em torno de pol\u00edticas, programas e a\u00e7\u00f5es sobre acervos digitais e virtuais, no n\u00edvel institucional e de pol\u00edticas p\u00fablicas. Ser\u00e3o aceitos trabalhos que abordem os temas delimitados e que permitam vislumbrar caminhos para a melhor estrutura\u00e7\u00e3o dos processos de planejamento, organizacional, comunicacional e de salvaguarda no campo do patrim\u00f4nio cultural.<\/div>\n<p><span style=\"font-weight: 400\">Coordenadores:<\/span><\/p>\n<p><span style=\"font-weight: 400\">Prof\u00aa Dra. Daniela Lucas da Silva Lemos<br \/>\n<\/span><span style=\"font-weight: 400\">Ma. Cal\u00edope Victor Sp\u00edndola de Miranda Dias<br \/>\n<\/span><span style=\"font-weight: 400\">Ma. Danielle do Carmo<br \/>\n<\/span><span style=\"font-weight: 400\">Me. Rafael Teixeira Chaves<\/span><\/p>\n<p><span style=\"font-weight: 400\">Os interessados em apresentar trabalhos dever\u00e3o preencher o seguinte formul\u00e1rio: <a href=\"https:\/\/forms.gle\/CJ9onXyCCNaKv8wm7\">https:\/\/forms.gle\/CJ9onXyCCNaKv8wm7<\/a><\/span><\/p>\n<p><span style=\"font-weight: 400\">O resumo do trabalho deve possuir at\u00e9 2.500 caracteres, com espa\u00e7os, e at\u00e9 quatro palavras-chave, seguindo as regras da ABNT. Devem conter as seguintes informa\u00e7\u00f5es: introdu\u00e7\u00e3o, objetivo, metodologia, resultados e considera\u00e7\u00f5es finais.<\/span><\/p>\n<p><span style=\"font-weight: 400\">Caso o resumo seja selecionado para apresenta\u00e7\u00e3o, o texto completo dever\u00e1 ser enviado at\u00e9 o dia 30\/09\/2021, conforme template dispon\u00edvel no site do evento.<\/span><\/p>\n<p><span style=\"font-weight: 400\">O curr\u00edculo do(s) autor(es) deve ser apresentado<\/span> <span style=\"font-weight: 400\">em um \u00fanico par\u00e1grafo, com at\u00e9 10 linhas. O curr\u00edculo deve conter nome completo, gradua\u00e7\u00e3o e p\u00f3s-gradua\u00e7\u00e3o e filia\u00e7\u00e3o institucional. Outras informa\u00e7\u00f5es podem ser inseridas at\u00e9 o limite de linhas especificado.<\/span><\/p>\n<p><a href=\"https:\/\/docs.google.com\/document\/d\/13JQK5B0DIVT_2-ewJmiq57ub_o-CcQ1-WalLZtjfvus\/edit?usp=sharing\">Baixe aqui o template &#8211; III Acervos Culturais em Rede<\/a><\/p>\n<p><b>Diretrizes aos Inscritos:<\/b><\/p>\n<ol>\n<li><span style=\"font-weight: 400\"> S\u00f3 ser\u00e3o aceitas as inscri\u00e7\u00f5es enviadas por e-mail e dentro do prazo estipulado no cronograma;<\/span><\/li>\n<li><span style=\"font-weight: 400\"> Ser\u00e3o aceitos trabalhos em coautoria. O n\u00famero m\u00e1ximo de autores por trabalho \u00e9 cinco (05). \u00c9 necess\u00e1rio que os autores e coautores efetuem a sua inscri\u00e7\u00e3o no III Semin\u00e1rio Acervos em Rede. Cada participante poder\u00e1 apresentar at\u00e9 tr\u00eas (03) trabalhos como autor ou coautor;<\/span><\/li>\n<li><span style=\"font-weight: 400\"> Ap\u00f3s o envio da proposta de comunica\u00e7\u00e3o, a organiza\u00e7\u00e3o do evento enviar\u00e1 ao autor uma mensagem de confirma\u00e7\u00e3o. Caso o autor n\u00e3o receba essa mensagem de confirma\u00e7\u00e3o, dever\u00e1 reenviar a proposta;<\/span><\/li>\n<li><span style=\"font-weight: 400\"> Ser\u00e3o selecionadas at\u00e9 16 (dezesseis) propostas de comunica\u00e7\u00e3o em cada GT. As propostas dever\u00e3o ser in\u00e9ditas, n\u00e3o publicadas ou submetidas para publica\u00e7\u00e3o em outro evento ou peri\u00f3dico;<\/span><\/li>\n<li><span style=\"font-weight: 400\"> N\u00e3o h\u00e1 taxa de inscri\u00e7\u00e3o para a apresenta\u00e7\u00e3o de propostas de comunica\u00e7\u00e3o;<\/span><\/li>\n<li><span style=\"font-weight: 400\">As datas e os hor\u00e1rios das apresenta\u00e7\u00f5es das comunica\u00e7\u00f5es selecionadas ser\u00e3o informados no site do evento. N\u00e3o haver\u00e1 possibilidade de altera\u00e7\u00e3o dos mesmos;\u00a0<\/span><\/li>\n<li><span style=\"font-weight: 400\"> Cada apresentador ter\u00e1 15 minutos para a sua apresenta\u00e7\u00e3o, podendo utilizar o recurso de slides em formato PDF (enviado com anteced\u00eancia na data estipulada pela comiss\u00e3o e comunicada por e-mail) para apresenta\u00e7\u00e3o;<\/span><\/li>\n<li><span style=\"font-weight: 400\"> Todas as propostas selecionadas e apresentadas no evento poder\u00e3o ser publicadas nos anais do evento. No entanto, o texto dever\u00e1 ser submetido para avalia\u00e7\u00e3o dentro do prazo definido.<\/span><\/li>\n<li><span style=\"font-weight: 400\"> A avalia\u00e7\u00e3o dos textos completos das comunica\u00e7\u00f5es ocorrer\u00e1 seguindo os crit\u00e9rios gerais: a pertin\u00eancia do assunto desenvolvido com as \u00e1reas de conhecimento relacionadas, a qualidade t\u00e9cnica ou cient\u00edfica ou de extens\u00e3o, a clareza e corre\u00e7\u00e3o gramatical e ortogr\u00e1fica do texto.<\/span><\/li>\n<\/ol>\n<p><b>Cronograma:<\/b><\/p>\n<table>\n<tbody>\n<tr>\n<td><span style=\"font-weight: 400\">Per\u00edodo de inscri\u00e7\u00f5es\u00a0<\/span><\/td>\n<td><span style=\"font-weight: 400\">De 13 de julho a 18 de agosto de 2021<\/span><\/td>\n<\/tr>\n<tr>\n<td><span style=\"font-weight: 400\">An\u00e1lise das comunica\u00e7\u00f5es<\/span><\/td>\n<td><span style=\"font-weight: 400\">De 19 de agosto a 03 de setembro de 2021<\/span><\/td>\n<\/tr>\n<tr>\n<td><span style=\"font-weight: 400\">Publica\u00e7\u00e3o da rela\u00e7\u00e3o dos trabalhos aceitos<\/span><\/td>\n<td><span style=\"font-weight: 400\">06 de setembro de 2021<\/span><\/td>\n<\/tr>\n<tr>\n<td><span style=\"font-weight: 400\">Entrega do texto final<\/span><\/td>\n<td><span style=\"font-weight: 400\">30 de setembro de 2021<\/span><\/td>\n<\/tr>\n<tr>\n<td><span style=\"font-weight: 400\">Data do Semin\u00e1rio<\/span><\/td>\n<td><span style=\"font-weight: 400\">06, 07 e 08 de outubro de 2021<\/span><\/td>\n<\/tr>\n<\/tbody>\n<\/table>\n<p>&nbsp;<\/p>\n<p><span style=\"font-weight: 400\">Local das comunica\u00e7\u00f5es: Sala virtual WEBConf \u2013 UFPel, que ser\u00e1 informada na programa\u00e7\u00e3o.<\/span><\/p>\n<p><img class=\"aligncenter wp-image-102 size-full\" src=\"https:\/\/wp.ufpel.edu.br\/acervosemrede\/files\/2021\/07\/Screenshot-109.png\" alt=\"\" width=\"1274\" height=\"403\" srcset=\"https:\/\/wp.ufpel.edu.br\/acervosemrede\/files\/2021\/07\/Screenshot-109.png 1274w, https:\/\/wp.ufpel.edu.br\/acervosemrede\/files\/2021\/07\/Screenshot-109-400x127.png 400w, https:\/\/wp.ufpel.edu.br\/acervosemrede\/files\/2021\/07\/Screenshot-109-1024x324.png 1024w, https:\/\/wp.ufpel.edu.br\/acervosemrede\/files\/2021\/07\/Screenshot-109-768x243.png 768w\" sizes=\"(max-width: 1274px) 100vw, 1274px\" \/><img class=\"aligncenter wp-image-183 size-full\" src=\"https:\/\/wp.ufpel.edu.br\/acervosemrede\/files\/2021\/09\/homeHeaderTitleImage_pt_BR.jpg\" alt=\"\" width=\"1000\" height=\"120\" srcset=\"https:\/\/wp.ufpel.edu.br\/acervosemrede\/files\/2021\/09\/homeHeaderTitleImage_pt_BR.jpg 1000w, https:\/\/wp.ufpel.edu.br\/acervosemrede\/files\/2021\/09\/homeHeaderTitleImage_pt_BR-400x48.jpg 400w, https:\/\/wp.ufpel.edu.br\/acervosemrede\/files\/2021\/09\/homeHeaderTitleImage_pt_BR-768x92.jpg 768w\" sizes=\"(max-width: 1000px) 100vw, 1000px\" \/><\/p>\n","protected":false},"excerpt":{"rendered":"<p>Chamada de Trabalhos \u2013 III Acervos em Rede 2021\u00a0 Est\u00e3o abertas, de 10 de julho a 23 de agosto de 2021, as inscri\u00e7\u00f5es para as comunica\u00e7\u00f5es no III Semin\u00e1rio Acervos em Rede: os museus e as redes durante a pandemia, promovido pelos bacharelados em Museologia da UFPel, UFSC e UFRGS, o Museu Afro-Brasil-Sul-UFPel e o [&hellip;]<\/p>\n","protected":false},"author":1159,"featured_media":0,"parent":0,"menu_order":3,"comment_status":"closed","ping_status":"closed","template":"","meta":{"footnotes":""},"class_list":["post-15","page","type-page","status-publish","hentry"],"_links":{"self":[{"href":"https:\/\/wp.ufpel.edu.br\/acervosemrede\/wp-json\/wp\/v2\/pages\/15","targetHints":{"allow":["GET"]}}],"collection":[{"href":"https:\/\/wp.ufpel.edu.br\/acervosemrede\/wp-json\/wp\/v2\/pages"}],"about":[{"href":"https:\/\/wp.ufpel.edu.br\/acervosemrede\/wp-json\/wp\/v2\/types\/page"}],"author":[{"embeddable":true,"href":"https:\/\/wp.ufpel.edu.br\/acervosemrede\/wp-json\/wp\/v2\/users\/1159"}],"replies":[{"embeddable":true,"href":"https:\/\/wp.ufpel.edu.br\/acervosemrede\/wp-json\/wp\/v2\/comments?post=15"}],"version-history":[{"count":36,"href":"https:\/\/wp.ufpel.edu.br\/acervosemrede\/wp-json\/wp\/v2\/pages\/15\/revisions"}],"predecessor-version":[{"id":193,"href":"https:\/\/wp.ufpel.edu.br\/acervosemrede\/wp-json\/wp\/v2\/pages\/15\/revisions\/193"}],"wp:attachment":[{"href":"https:\/\/wp.ufpel.edu.br\/acervosemrede\/wp-json\/wp\/v2\/media?parent=15"}],"curies":[{"name":"wp","href":"https:\/\/api.w.org\/{rel}","templated":true}]}}