{"id":370,"date":"2022-05-24T11:43:25","date_gmt":"2022-05-24T14:43:25","guid":{"rendered":"https:\/\/wp.ufpel.edu.br\/acervosdocumentaisndh\/?page_id=370"},"modified":"2022-05-31T11:31:25","modified_gmt":"2022-05-31T14:31:25","slug":"folha-da-princesa","status":"publish","type":"page","link":"https:\/\/wp.ufpel.edu.br\/acervosdocumentaisndh\/folha-da-princesa\/","title":{"rendered":"Folha da Princesa"},"content":{"rendered":"<h3>&#8220;Cidadania \u00e9 sempre manchete!&#8221;<\/h3>\n<div id=\"attachment_382\" style=\"width: 410px\" class=\"wp-caption alignright\"><img loading=\"lazy\" decoding=\"async\" aria-describedby=\"caption-attachment-382\" class=\"size-medium wp-image-382\" src=\"https:\/\/wp.ufpel.edu.br\/acervosdocumentaisndh\/files\/2022\/05\/folha-da-princesa_reduzida-400x292.png\" alt=\"\" width=\"400\" height=\"292\" srcset=\"https:\/\/wp.ufpel.edu.br\/acervosdocumentaisndh\/files\/2022\/05\/folha-da-princesa_reduzida-400x292.png 400w, https:\/\/wp.ufpel.edu.br\/acervosdocumentaisndh\/files\/2022\/05\/folha-da-princesa_reduzida-768x561.png 768w, https:\/\/wp.ufpel.edu.br\/acervosdocumentaisndh\/files\/2022\/05\/folha-da-princesa_reduzida-619x452.png 619w, https:\/\/wp.ufpel.edu.br\/acervosdocumentaisndh\/files\/2022\/05\/folha-da-princesa_reduzida.png 800w\" sizes=\"auto, (max-width: 400px) 100vw, 400px\" \/><p id=\"caption-attachment-382\" class=\"wp-caption-text\">Vista a\u00e9rea do bairro Vila Princesa<br \/>Fonte: Jornal Comunit\u00e1rio da Vila Princesa (ano IX, maio\/junho 2009)<br \/>Fot\u00f3grafo: Solano Ferreira<\/p><\/div>\n<p style=\"text-align: justify;\">Em meados do ano 2000, com lan\u00e7amento em agosto daquele ano, a Escola de Comunica\u00e7\u00e3o Social da <a href=\"https:\/\/ucpel.edu.br\/\" target=\"_blank\" rel=\"noopener\"><strong>Universidade Cat\u00f3lica de Pelotas<\/strong><\/a> editou e passou a circular o jornal Folha da Princesa, sob a coordena\u00e7\u00e3o do Professor Jairo Sanguin\u00e9.<\/p>\n<p style=\"text-align: justify;\">A publica\u00e7\u00e3o tinha como objetivo ser um espa\u00e7o de atua\u00e7\u00e3o e forma\u00e7\u00e3o dos discentes do curso de jornalismo da UCPel e focava em visibilizar um espa\u00e7o populacional da cidade de Pelotas, o bairro Vila Princesa. Nos volumes vemos a discuss\u00e3o de problemas enfrentados por aquela comunidade, a voz dos moradores, os eventos do bairro, suas reivindica\u00e7\u00f5es, cultura, sonhos&#8230; enfim, o dia a dia da popula\u00e7\u00e3o local.<\/p>\n<p style=\"text-align: justify;\">Em 2022, o jornalista Jairo prop\u00f4s a doa\u00e7\u00e3o de seu acervo particular ao N\u00facleo, como forma de salvaguardar as edi\u00e7\u00f5es dispon\u00edveis, dar-lhes visibilidade e proporcionar acesso a documenta\u00e7\u00e3o que tem um car\u00e1ter hist\u00f3rico intr\u00ednseco. Ap\u00f3s a higieniza\u00e7\u00e3o, organiza\u00e7\u00e3o e digitaliza\u00e7\u00e3o, o NDH disponibiliza, abaixo, as 58 edi\u00e7\u00f5es doadas, que perfazem o per\u00edodo de agosto de 2000 a outubro de 2009.<\/p>\n<h6 style=\"text-align: justify;\">Obs.: \u00c9 permitida a utiliza\u00e7\u00e3o dos arquivos dispon\u00edveis para atividades acad\u00eamicas\/cient\u00edficas, desde que citada a fonte (N\u00daCLEO DE DOCUMENTA\u00c7\u00c3O HIST\u00d3RICA DA UFPEL. <strong>Jornal Folha da Princesa<\/strong>\u00a0&#8211; Publica\u00e7\u00e3o da Escola de Comunica\u00e7\u00e3o Social da Universidade Cat\u00f3lica de Pelotas. Pelotas: UFPel\/NDH, N\u00famero &#8220;X&#8221;, ano &#8220;X&#8221;, &#8220;M\u00eas X&#8221;).<\/h6>\n<h3 style=\"text-align: center;\">Acesse as edi\u00e7\u00f5es dispon\u00edveis no NDH:<\/h3>\n<p style=\"text-align: justify;\"><a href=\"https:\/\/wp.ufpel.edu.br\/acervosdocumentaisndh\/files\/2022\/05\/fp1.1.pdf\" target=\"_blank\" rel=\"noopener\"><strong>Folha da Princesa, Ano 1, n\u00famero 1 (Agosto de 2000)<\/strong><\/a><\/p>\n<p style=\"text-align: justify;\"><strong><a href=\"https:\/\/wp.ufpel.edu.br\/acervosdocumentaisndh\/files\/2022\/05\/fp1.2.pdf\" target=\"_blank\" rel=\"noopener\">Folha da Princesa, Ano 1, n\u00famero 2 (Outubro de 2000)<\/a><\/strong><\/p>\n<p style=\"text-align: justify;\"><a href=\"https:\/\/wp.ufpel.edu.br\/acervosdocumentaisndh\/files\/2022\/05\/fp1.3.pdf\" target=\"_blank\" rel=\"noopener\"><strong>Folha da Princesa, Ano 1, n\u00famero 3 (Novembro de 2000)<\/strong><\/a><\/p>\n<p style=\"text-align: justify;\"><a href=\"https:\/\/wp.ufpel.edu.br\/acervosdocumentaisndh\/files\/2022\/05\/fp1.4.pdf\" target=\"_blank\" rel=\"noopener\"><strong>Folha da Princesa, Ano 1, n\u00famero 4 (Novembro de 2000)<\/strong><\/a><\/p>\n<p style=\"text-align: justify;\"><a href=\"https:\/\/wp.ufpel.edu.br\/acervosdocumentaisndh\/files\/2022\/05\/fp1.5.pdf\" target=\"_blank\" rel=\"noopener\"><strong>Folha da Princesa, Ano 1, n\u00famero 5 (Janeiro de 2001)<\/strong><\/a><\/p>\n<p style=\"text-align: justify;\"><a href=\"https:\/\/wp.ufpel.edu.br\/acervosdocumentaisndh\/files\/2022\/05\/fp1.6.pdf\" target=\"_blank\" rel=\"noopener\"><strong>Folha da Princesa, Ano 1, n\u00famero 6 (Fevereiro de 2001)<\/strong><\/a><\/p>\n<p style=\"text-align: justify;\"><a href=\"https:\/\/wp.ufpel.edu.br\/acervosdocumentaisndh\/files\/2022\/05\/fp1.7.pdf\" target=\"_blank\" rel=\"noopener\"><strong>Folha da Princesa, Ano 1, n\u00famero 7 (Mar\u00e7o de 2001)<\/strong><\/a><\/p>\n<p style=\"text-align: justify;\"><a href=\"https:\/\/wp.ufpel.edu.br\/acervosdocumentaisndh\/files\/2022\/05\/fp1.8.pdf\" target=\"_blank\" rel=\"noopener\"><strong>Folha da Princesa, Ano 1, n\u00famero 8 (Abril de 2001)<\/strong><\/a><\/p>\n<p style=\"text-align: justify;\"><a href=\"https:\/\/wp.ufpel.edu.br\/acervosdocumentaisndh\/files\/2022\/05\/fp1.9.pdf\" target=\"_blank\" rel=\"noopener\"><strong>Folha da Princesa, Ano 1, n\u00famero 9 (Maio de 2001)<\/strong><\/a><\/p>\n<p style=\"text-align: justify;\"><a href=\"https:\/\/wp.ufpel.edu.br\/acervosdocumentaisndh\/files\/2022\/05\/fp1.10.pdf\" target=\"_blank\" rel=\"noopener\"><strong>Folha da Princesa, Ano 1, n\u00famero 10 (Julho de 2001)<\/strong><\/a><\/p>\n<p style=\"text-align: justify;\"><a href=\"https:\/\/wp.ufpel.edu.br\/acervosdocumentaisndh\/files\/2022\/05\/fp1.11.pdf\" target=\"_blank\" rel=\"noopener\"><strong>Folha da Princesa, Ano 1, n\u00famero 11 (Setembro de 2001)<\/strong><\/a><\/p>\n<p style=\"text-align: justify;\"><a href=\"https:\/\/wp.ufpel.edu.br\/acervosdocumentaisndh\/files\/2022\/05\/fp1.12.pdf\" target=\"_blank\" rel=\"noopener\"><strong>Folha da Princesa, Ano 1, n\u00famero 12 (Outubro\/Novembro de 2001)<\/strong><\/a><\/p>\n<p style=\"text-align: justify;\"><a href=\"https:\/\/wp.ufpel.edu.br\/acervosdocumentaisndh\/files\/2022\/05\/fp1.13.pdf\" target=\"_blank\" rel=\"noopener\"><strong>Folha da Princesa, Ano 2, n\u00famero 13 (Dezembro de 2001)<\/strong><\/a><\/p>\n<p style=\"text-align: justify;\"><a href=\"https:\/\/wp.ufpel.edu.br\/acervosdocumentaisndh\/files\/2022\/05\/fp1.14.pdf\" target=\"_blank\" rel=\"noopener\"><strong>Folha da Princesa, Ano 2, n\u00famero 14 (Mar\u00e7o de 2002)<\/strong><\/a><\/p>\n<p style=\"text-align: justify;\"><a href=\"https:\/\/wp.ufpel.edu.br\/acervosdocumentaisndh\/files\/2022\/05\/fp1.15.pdf\" target=\"_blank\" rel=\"noopener\"><strong>Folha da Princesa, Ano 2, n\u00famero 15 (Abril de 2002)<\/strong><\/a><\/p>\n<p style=\"text-align: justify;\"><a href=\"https:\/\/wp.ufpel.edu.br\/acervosdocumentaisndh\/files\/2022\/05\/fp1.16.pdf\" target=\"_blank\" rel=\"noopener\"><strong>Folha da Princesa, Ano 2, n\u00famero 16 (Maio de 2002)<\/strong><\/a><\/p>\n<p style=\"text-align: justify;\"><a href=\"https:\/\/wp.ufpel.edu.br\/acervosdocumentaisndh\/files\/2022\/05\/fp1.17.pdf\" target=\"_blank\" rel=\"noopener\"><strong>Folha da Princesa, Ano 2, n\u00famero 17 (Junho de 2002)<\/strong><\/a><\/p>\n<p style=\"text-align: justify;\"><a href=\"https:\/\/wp.ufpel.edu.br\/acervosdocumentaisndh\/files\/2022\/05\/fp1.18.pdf\" target=\"_blank\" rel=\"noopener\"><strong>Folha da Princesa, Ano 2, n\u00famero 18 (Julho de 2002)<\/strong><\/a><\/p>\n<p style=\"text-align: justify;\"><a href=\"https:\/\/wp.ufpel.edu.br\/acervosdocumentaisndh\/files\/2022\/05\/fp1.19.pdf\" target=\"_blank\" rel=\"noopener\"><strong>Folha da Princesa, Ano 2, n\u00famero 19 (Agosto de 2002)<\/strong><\/a><\/p>\n<p style=\"text-align: justify;\"><a href=\"https:\/\/wp.ufpel.edu.br\/acervosdocumentaisndh\/files\/2022\/05\/fp1.20.pdf\" target=\"_blank\" rel=\"noopener\"><strong>Folha da Princesa, Ano 2, n\u00famero 20 (Setembro de 2002)<\/strong><\/a><\/p>\n<p style=\"text-align: justify;\"><a href=\"https:\/\/wp.ufpel.edu.br\/acervosdocumentaisndh\/files\/2022\/05\/fp1.21.pdf\" target=\"_blank\" rel=\"noopener\"><strong>Folha da Princesa, Ano 2, n\u00famero 21 (Outubro de 2002)<\/strong><\/a><\/p>\n<p style=\"text-align: justify;\"><a href=\"https:\/\/wp.ufpel.edu.br\/acervosdocumentaisndh\/files\/2022\/05\/fp1.22.pdf\" target=\"_blank\" rel=\"noopener\"><strong>Folha da Princesa, Ano 3, n\u00famero 22 (Novembro de 2002)<\/strong><\/a><\/p>\n<p style=\"text-align: justify;\"><a href=\"https:\/\/wp.ufpel.edu.br\/acervosdocumentaisndh\/files\/2022\/05\/fp1.23.pdf\" target=\"_blank\" rel=\"noopener\"><strong>Folha da Princesa, Ano 3, n\u00famero 23 (Dezembro de 2002)<\/strong><\/a><\/p>\n<p style=\"text-align: justify;\"><a href=\"https:\/\/wp.ufpel.edu.br\/acervosdocumentaisndh\/files\/2022\/05\/fp1.24.pdf\" target=\"_blank\" rel=\"noopener\"><strong>Folha da Princesa, Ano 3, n\u00famero 24 (Janeiro de 2003)<\/strong><\/a><\/p>\n<p style=\"text-align: justify;\"><a href=\"https:\/\/wp.ufpel.edu.br\/acervosdocumentaisndh\/files\/2022\/05\/fp1.25.pdf\" target=\"_blank\" rel=\"noopener\"><strong>Folha da Princesa, Ano 3, n\u00famero 25 (Fevereiro de 2003)<\/strong><\/a><\/p>\n<p style=\"text-align: justify;\"><a href=\"https:\/\/wp.ufpel.edu.br\/acervosdocumentaisndh\/files\/2022\/05\/fp1.26.pdf\" target=\"_blank\" rel=\"noopener\"><strong>Folha da Princesa, Ano 3, n\u00famero 26 (Mar\u00e7o de 2003)<\/strong><\/a><\/p>\n<p style=\"text-align: justify;\"><a href=\"https:\/\/wp.ufpel.edu.br\/acervosdocumentaisndh\/files\/2022\/05\/fp1.27.pdf\" target=\"_blank\" rel=\"noopener\"><strong>Folha da Princesa, Ano 3, n\u00famero 27 (Abril de 2003)<\/strong><\/a><\/p>\n<p style=\"text-align: justify;\"><a href=\"https:\/\/wp.ufpel.edu.br\/acervosdocumentaisndh\/files\/2022\/05\/fp1.28.pdf\" target=\"_blank\" rel=\"noopener\"><strong>Folha da Princesa, Ano 3, n\u00famero 28 (Maio de 2003)<\/strong><\/a><\/p>\n<p style=\"text-align: justify;\"><a href=\"https:\/\/wp.ufpel.edu.br\/acervosdocumentaisndh\/files\/2022\/05\/fp1.29.pdf\" target=\"_blank\" rel=\"noopener\"><strong>Folha da Princesa, Ano 3, n\u00famero 29 (Junho de 2003)<\/strong><\/a><\/p>\n<p style=\"text-align: justify;\"><a href=\"https:\/\/wp.ufpel.edu.br\/acervosdocumentaisndh\/files\/2022\/05\/fp1.30.pdf\" target=\"_blank\" rel=\"noopener\"><strong>Folha da Princesa, Ano 3, n\u00famero 30 (Julho de 2003)<\/strong><\/a><\/p>\n<p style=\"text-align: justify;\"><a href=\"https:\/\/wp.ufpel.edu.br\/acervosdocumentaisndh\/files\/2022\/05\/fp1.31.pdf\" target=\"_blank\" rel=\"noopener\"><strong>Folha da Princesa, Ano 3, n\u00famero 31 (Agosto de 2003)<\/strong><\/a><\/p>\n<p style=\"text-align: justify;\"><a href=\"https:\/\/wp.ufpel.edu.br\/acervosdocumentaisndh\/files\/2022\/05\/fp1.32.pdf\" target=\"_blank\" rel=\"noopener\"><strong>Folha da Princesa, Ano 3, n\u00famero 32 (Setembro de 2003)<\/strong><\/a><\/p>\n<p style=\"text-align: justify;\"><a href=\"https:\/\/wp.ufpel.edu.br\/acervosdocumentaisndh\/files\/2022\/05\/fp1.33.pdf\" target=\"_blank\" rel=\"noopener\"><strong>Folha da Princesa, Ano 3, n\u00famero 33 (Outubro de 2003)<\/strong><\/a><\/p>\n<p style=\"text-align: justify;\"><a href=\"https:\/\/wp.ufpel.edu.br\/acervosdocumentaisndh\/files\/2022\/05\/fp1.34.pdf\" target=\"_blank\" rel=\"noopener\"><strong>Folha da Princesa, Ano 4, n\u00famero 34 (Mar\u00e7o de 2004)<\/strong><\/a><\/p>\n<p style=\"text-align: justify;\"><a href=\"https:\/\/wp.ufpel.edu.br\/acervosdocumentaisndh\/files\/2022\/05\/fp1.35.pdf\" target=\"_blank\" rel=\"noopener\"><strong>Folha da Princesa, Ano 4, n\u00famero 35 (Maio de 2004)<\/strong><\/a><\/p>\n<p style=\"text-align: justify;\"><a href=\"https:\/\/wp.ufpel.edu.br\/acervosdocumentaisndh\/files\/2022\/05\/fp1.36.pdf\" target=\"_blank\" rel=\"noopener\"><strong>Folha da Princesa, Ano 4, n\u00famero 36 (Junho de 2004)<\/strong><\/a><\/p>\n<p style=\"text-align: justify;\"><a href=\"https:\/\/wp.ufpel.edu.br\/acervosdocumentaisndh\/files\/2022\/05\/fp1.37.pdf\" target=\"_blank\" rel=\"noopener\"><strong>Folha da Princesa, Ano 4, n\u00famero 37 (Julho de 2004)<\/strong><\/a><\/p>\n<p style=\"text-align: justify;\"><a href=\"https:\/\/wp.ufpel.edu.br\/acervosdocumentaisndh\/files\/2022\/05\/fp1.38.pdf\" target=\"_blank\" rel=\"noopener\"><strong>Folha da Princesa, Ano 4, n\u00famero 38 (Dezembro de 2004)<\/strong><\/a><\/p>\n<p style=\"text-align: justify;\"><a href=\"https:\/\/wp.ufpel.edu.br\/acervosdocumentaisndh\/files\/2022\/05\/fp1.39.pdf\" target=\"_blank\" rel=\"noopener\"><strong>Folha da Princesa, Ano 4, n\u00famero 39 (Abril de 2005)<\/strong><\/a><\/p>\n<p style=\"text-align: justify;\"><a href=\"https:\/\/wp.ufpel.edu.br\/acervosdocumentaisndh\/files\/2022\/05\/fp1.40.pdf\" target=\"_blank\" rel=\"noopener\"><strong>Folha da Princesa, Ano 5, n\u00famero 40 (Maio de 2005)<\/strong><\/a><\/p>\n<p style=\"text-align: justify;\"><a href=\"https:\/\/wp.ufpel.edu.br\/acervosdocumentaisndh\/files\/2022\/05\/fp1.41.pdf\" target=\"_blank\" rel=\"noopener\"><strong>Folha da Princesa, Ano 5, n\u00famero 41 (Setembro de 2005)<\/strong><\/a><\/p>\n<p style=\"text-align: justify;\">Folha da Princesa, Ano 5, n\u00famero 42 (indispon\u00edvel)<\/p>\n<p style=\"text-align: justify;\">Folha da Princesa, Ano 5, n\u00famero 43 (indispon\u00edvel)<\/p>\n<p style=\"text-align: justify;\"><a href=\"https:\/\/wp.ufpel.edu.br\/acervosdocumentaisndh\/files\/2022\/05\/fp1.45.pdf\" target=\"_blank\" rel=\"noopener\"><strong>Folha da Princesa, Ano 5, n\u00famero 44 (Dezembro de 2005)<\/strong><\/a><\/p>\n<p><a href=\"https:\/\/wp.ufpel.edu.br\/acervosdocumentaisndh\/files\/2022\/05\/fp1.45.pdf\" target=\"_blank\" rel=\"noopener\"><strong>Folha da Princesa, Ano 6, n\u00famero 45 (Abril de 2006)<\/strong><\/a><\/p>\n<p><a href=\"https:\/\/wp.ufpel.edu.br\/acervosdocumentaisndh\/files\/2022\/05\/fp1.46.pdf\" target=\"_blank\" rel=\"noopener\"><strong>Folha da Princesa, Ano 6, n\u00famero 46 (Setembro de 2006)<\/strong><\/a><\/p>\n<p><a href=\"https:\/\/wp.ufpel.edu.br\/acervosdocumentaisndh\/files\/2022\/05\/fp1.47.pdf\" target=\"_blank\" rel=\"noopener\"><strong>Folha da Princesa, Ano 6, n\u00famero 47 (Outubro de 2006)<\/strong><\/a><\/p>\n<p><a href=\"https:\/\/wp.ufpel.edu.br\/acervosdocumentaisndh\/files\/2022\/05\/fp1.48.pdf\" target=\"_blank\" rel=\"noopener\"><strong>Folha da Princesa, Ano 6, n\u00famero 48 (Dezembro de 2006)<\/strong><\/a><\/p>\n<p><a href=\"https:\/\/wp.ufpel.edu.br\/acervosdocumentaisndh\/files\/2022\/05\/fp1.49.pdf\" target=\"_blank\" rel=\"noopener\"><strong>Folha da Princesa, Ano 7, n\u00famero 49 (Mar\u00e7o de 2007)<\/strong><\/a><\/p>\n<p><a href=\"https:\/\/wp.ufpel.edu.br\/acervosdocumentaisndh\/files\/2022\/05\/fp1.50.pdf\" target=\"_blank\" rel=\"noopener\"><strong>Folha da Princesa, Ano 7, n\u00famero 50 (Abril de 2007)<\/strong><\/a><\/p>\n<p><a href=\"https:\/\/wp.ufpel.edu.br\/acervosdocumentaisndh\/files\/2022\/05\/fp1.51.pdf\" target=\"_blank\" rel=\"noopener\"><strong>Folha da Princesa, Ano 7, n\u00famero 51 (Maio de 2007)<\/strong><\/a><\/p>\n<p><a href=\"https:\/\/wp.ufpel.edu.br\/acervosdocumentaisndh\/files\/2022\/05\/fp1.52.pdf\" target=\"_blank\" rel=\"noopener\"><strong>Folha da Princesa, Ano 7, n\u00famero 52 (Setembro de 2007)<\/strong><\/a><\/p>\n<p><a href=\"https:\/\/wp.ufpel.edu.br\/acervosdocumentaisndh\/files\/2022\/05\/fp1.53.pdf\" target=\"_blank\" rel=\"noopener\"><strong>Folha da Princesa, Ano 7, n\u00famero 53 (Outubro de 2007)<\/strong><\/a><\/p>\n<p><a href=\"https:\/\/wp.ufpel.edu.br\/acervosdocumentaisndh\/files\/2022\/05\/fp1.54.pdf\" target=\"_blank\" rel=\"noopener\"><strong>Folha da Princesa, Ano 8, n\u00famero 54 (Mar\u00e7o de 2008)<\/strong><\/a><\/p>\n<p><a href=\"https:\/\/wp.ufpel.edu.br\/acervosdocumentaisndh\/files\/2022\/05\/fp1.55.pdf\" target=\"_blank\" rel=\"noopener\"><strong>Folha da Princesa, Ano 8, n\u00famero 55 (Maio\/Junho de 2008)<\/strong><\/a><\/p>\n<p><a href=\"https:\/\/wp.ufpel.edu.br\/acervosdocumentaisndh\/files\/2022\/05\/fp1.56.pdf\" target=\"_blank\" rel=\"noopener\"><strong>Folha da Princesa, Ano 8, n\u00famero 56 (Agosto de 2008)<\/strong><\/a><\/p>\n<p><a href=\"https:\/\/wp.ufpel.edu.br\/acervosdocumentaisndh\/files\/2022\/05\/fp1.57.pdf\" target=\"_blank\" rel=\"noopener\"><strong>Folha da Princesa, Ano 8, n\u00famero 57 (Abril de 2009)<\/strong><\/a><\/p>\n<p><a href=\"https:\/\/wp.ufpel.edu.br\/acervosdocumentaisndh\/files\/2022\/05\/fp1.58.pdf\" target=\"_blank\" rel=\"noopener\"><strong>Folha da Princesa, Ano 9, n\u00famero 58 (Maio\/Junho de 2009)<\/strong><\/a><\/p>\n<p><a href=\"https:\/\/wp.ufpel.edu.br\/acervosdocumentaisndh\/files\/2022\/05\/fp1.59.pdf\" target=\"_blank\" rel=\"noopener\"><strong>Folha da Princesa, Ano 9, n\u00famero 59 (Julho\/Agosto de 2009)<\/strong><\/a><\/p>\n<p><a href=\"https:\/\/wp.ufpel.edu.br\/acervosdocumentaisndh\/files\/2022\/05\/fp1.60.pdf\" target=\"_blank\" rel=\"noopener\"><strong>Folha da Princesa, Ano 5, n\u00famero 60 (Setembro\/Outubro de 2009)<\/strong><\/a><\/p>\n","protected":false},"excerpt":{"rendered":"<p>&#8220;Cidadania \u00e9 sempre manchete!&#8221; Em meados do ano 2000, com lan\u00e7amento em agosto daquele ano, a Escola de Comunica\u00e7\u00e3o Social da Universidade Cat\u00f3lica de Pelotas editou e passou a circular o jornal Folha da Princesa, sob a coordena\u00e7\u00e3o do Professor Jairo Sanguin\u00e9. A publica\u00e7\u00e3o tinha como objetivo ser um espa\u00e7o de atua\u00e7\u00e3o e forma\u00e7\u00e3o dos [&hellip;]<\/p>\n","protected":false},"author":1007,"featured_media":0,"parent":0,"menu_order":0,"comment_status":"closed","ping_status":"closed","template":"","meta":{"footnotes":""},"class_list":["post-370","page","type-page","status-publish","hentry"],"_links":{"self":[{"href":"https:\/\/wp.ufpel.edu.br\/acervosdocumentaisndh\/wp-json\/wp\/v2\/pages\/370","targetHints":{"allow":["GET"]}}],"collection":[{"href":"https:\/\/wp.ufpel.edu.br\/acervosdocumentaisndh\/wp-json\/wp\/v2\/pages"}],"about":[{"href":"https:\/\/wp.ufpel.edu.br\/acervosdocumentaisndh\/wp-json\/wp\/v2\/types\/page"}],"author":[{"embeddable":true,"href":"https:\/\/wp.ufpel.edu.br\/acervosdocumentaisndh\/wp-json\/wp\/v2\/users\/1007"}],"replies":[{"embeddable":true,"href":"https:\/\/wp.ufpel.edu.br\/acervosdocumentaisndh\/wp-json\/wp\/v2\/comments?post=370"}],"version-history":[{"count":30,"href":"https:\/\/wp.ufpel.edu.br\/acervosdocumentaisndh\/wp-json\/wp\/v2\/pages\/370\/revisions"}],"predecessor-version":[{"id":474,"href":"https:\/\/wp.ufpel.edu.br\/acervosdocumentaisndh\/wp-json\/wp\/v2\/pages\/370\/revisions\/474"}],"wp:attachment":[{"href":"https:\/\/wp.ufpel.edu.br\/acervosdocumentaisndh\/wp-json\/wp\/v2\/media?parent=370"}],"curies":[{"name":"wp","href":"https:\/\/api.w.org\/{rel}","templated":true}]}}