{"id":345,"date":"2022-05-24T10:35:00","date_gmt":"2022-05-24T13:35:00","guid":{"rendered":"https:\/\/wp.ufpel.edu.br\/acervosdocumentaisndh\/?page_id=345"},"modified":"2023-08-31T16:11:49","modified_gmt":"2023-08-31T19:11:49","slug":"clubes-e-sociedades","status":"publish","type":"page","link":"https:\/\/wp.ufpel.edu.br\/acervosdocumentaisndh\/clubes-e-sociedades\/","title":{"rendered":"Clubes e Sociedades"},"content":{"rendered":"<p><a href=\"https:\/\/wp.ufpel.edu.br\/acervosdocumentaisndh\/aeroclube-de-pelotas\/\"><strong>Aeroclube de Pelotas<\/strong><\/a><\/p>\n<p><strong><a href=\"https:\/\/wp.ufpel.edu.br\/ndh\/fica-ahi\/\" target=\"_blank\" rel=\"noopener\">Clube Carnavalesco Fica Ah\u00ed Pra Ir Dizendo<\/a><\/strong><\/p>\n<p><a href=\"https:\/\/wp.ufpel.edu.br\/acervosdocumentaisndh\/files\/2023\/08\/Estatutos.pdf\" target=\"_blank\" rel=\"noopener\"><strong>Estatutos da Companhia Nacional de \u00d3leo de Linha\u00e7a<\/strong><\/a><\/p>\n<p><strong><a href=\"https:\/\/wp.ufpel.edu.br\/acervosdocumentaisndh\/files\/2023\/08\/Regulamento-da-Guarda-Noturna-de-Pelotas.pdf\" target=\"_blank\" rel=\"noopener\">Regulamento da Guarda Noturna de Pelotas<\/a><\/strong><\/p>\n<p><strong><a href=\"https:\/\/wp.ufpel.edu.br\/ndh\/sociedade-italiana\/\" target=\"_blank\" rel=\"noopener\">Sociedade Italiana<\/a><\/strong><\/p>\n<p>&nbsp;<\/p>\n","protected":false},"excerpt":{"rendered":"<p>Aeroclube de Pelotas Clube Carnavalesco Fica Ah\u00ed Pra Ir Dizendo Estatutos da Companhia Nacional de \u00d3leo de Linha\u00e7a Regulamento da Guarda Noturna de Pelotas Sociedade Italiana &nbsp;<\/p>\n","protected":false},"author":1007,"featured_media":0,"parent":0,"menu_order":0,"comment_status":"closed","ping_status":"closed","template":"","meta":{"footnotes":""},"class_list":["post-345","page","type-page","status-publish","hentry"],"_links":{"self":[{"href":"https:\/\/wp.ufpel.edu.br\/acervosdocumentaisndh\/wp-json\/wp\/v2\/pages\/345","targetHints":{"allow":["GET"]}}],"collection":[{"href":"https:\/\/wp.ufpel.edu.br\/acervosdocumentaisndh\/wp-json\/wp\/v2\/pages"}],"about":[{"href":"https:\/\/wp.ufpel.edu.br\/acervosdocumentaisndh\/wp-json\/wp\/v2\/types\/page"}],"author":[{"embeddable":true,"href":"https:\/\/wp.ufpel.edu.br\/acervosdocumentaisndh\/wp-json\/wp\/v2\/users\/1007"}],"replies":[{"embeddable":true,"href":"https:\/\/wp.ufpel.edu.br\/acervosdocumentaisndh\/wp-json\/wp\/v2\/comments?post=345"}],"version-history":[{"count":7,"href":"https:\/\/wp.ufpel.edu.br\/acervosdocumentaisndh\/wp-json\/wp\/v2\/pages\/345\/revisions"}],"predecessor-version":[{"id":906,"href":"https:\/\/wp.ufpel.edu.br\/acervosdocumentaisndh\/wp-json\/wp\/v2\/pages\/345\/revisions\/906"}],"wp:attachment":[{"href":"https:\/\/wp.ufpel.edu.br\/acervosdocumentaisndh\/wp-json\/wp\/v2\/media?parent=345"}],"curies":[{"name":"wp","href":"https:\/\/api.w.org\/{rel}","templated":true}]}}