{"id":331,"date":"2022-05-24T10:20:27","date_gmt":"2022-05-24T13:20:27","guid":{"rendered":"https:\/\/wp.ufpel.edu.br\/acervosdocumentaisndh\/?page_id=331"},"modified":"2022-05-30T10:13:08","modified_gmt":"2022-05-30T13:13:08","slug":"jornais","status":"publish","type":"page","link":"https:\/\/wp.ufpel.edu.br\/acervosdocumentaisndh\/jornais\/","title":{"rendered":"Jornais"},"content":{"rendered":"<p>Jornais dispon\u00edveis para consulta on-line e no acervo f\u00edsico do NDH:<\/p>\n<p><a href=\"https:\/\/wp.ufpel.edu.br\/acervosdocumentaisndh\/folha-da-princesa\/\"><strong>Folha da Princesa<\/strong><\/a> (publica\u00e7\u00e3o da Escola de Comunica\u00e7\u00e3o Social da Universidade Cat\u00f3lica de Pelotas)<\/p>\n","protected":false},"excerpt":{"rendered":"<p>Jornais dispon\u00edveis para consulta on-line e no acervo f\u00edsico do NDH: Folha da Princesa (publica\u00e7\u00e3o da Escola de Comunica\u00e7\u00e3o Social da Universidade Cat\u00f3lica de Pelotas)<\/p>\n","protected":false},"author":1007,"featured_media":0,"parent":0,"menu_order":0,"comment_status":"closed","ping_status":"closed","template":"","meta":{"footnotes":""},"class_list":["post-331","page","type-page","status-publish","hentry"],"_links":{"self":[{"href":"https:\/\/wp.ufpel.edu.br\/acervosdocumentaisndh\/wp-json\/wp\/v2\/pages\/331","targetHints":{"allow":["GET"]}}],"collection":[{"href":"https:\/\/wp.ufpel.edu.br\/acervosdocumentaisndh\/wp-json\/wp\/v2\/pages"}],"about":[{"href":"https:\/\/wp.ufpel.edu.br\/acervosdocumentaisndh\/wp-json\/wp\/v2\/types\/page"}],"author":[{"embeddable":true,"href":"https:\/\/wp.ufpel.edu.br\/acervosdocumentaisndh\/wp-json\/wp\/v2\/users\/1007"}],"replies":[{"embeddable":true,"href":"https:\/\/wp.ufpel.edu.br\/acervosdocumentaisndh\/wp-json\/wp\/v2\/comments?post=331"}],"version-history":[{"count":2,"href":"https:\/\/wp.ufpel.edu.br\/acervosdocumentaisndh\/wp-json\/wp\/v2\/pages\/331\/revisions"}],"predecessor-version":[{"id":461,"href":"https:\/\/wp.ufpel.edu.br\/acervosdocumentaisndh\/wp-json\/wp\/v2\/pages\/331\/revisions\/461"}],"wp:attachment":[{"href":"https:\/\/wp.ufpel.edu.br\/acervosdocumentaisndh\/wp-json\/wp\/v2\/media?parent=331"}],"curies":[{"name":"wp","href":"https:\/\/api.w.org\/{rel}","templated":true}]}}