{"id":281,"date":"2022-05-24T09:52:56","date_gmt":"2022-05-24T12:52:56","guid":{"rendered":"https:\/\/wp.ufpel.edu.br\/acervosdocumentaisndh\/?page_id=281"},"modified":"2025-06-14T14:44:51","modified_gmt":"2025-06-14T17:44:51","slug":"ufpel-2","status":"publish","type":"page","link":"https:\/\/wp.ufpel.edu.br\/acervosdocumentaisndh\/ufpel-2\/","title":{"rendered":"UFPel"},"content":{"rendered":"<p class=\"entry-header\" style=\"text-align: justify;\">O acervo UFPel cont\u00e9m documentos de diferentes origens e o cat\u00e1logo est\u00e1 sendo criado de acordo com esta divis\u00e3o. \u00c9 poss\u00edvel encontrar os fundos: reitoria, pr\u00f3-reitorias, movimentos estudantis, correspond\u00eancias (contendo tanto cartas, como e-mails impressos) informativos (jornais, panfletos, cartazes, boletins, recortes de jornais, folders, informativos e materiais de divulga\u00e7\u00e3o), Fazenda da Palma, sindicatos da institui\u00e7\u00e3o, Instituto de Ci\u00eancias Humanas (ICH), N\u00facleo de Documenta\u00e7\u00e3o Hist\u00f3rica (NDH) no qual se encontra uma divis\u00e3o somente para documentos da professora Beatriz Ana Loner, audiovisuais (slides e VHS), al\u00e9m de documentos de diversos cursos (como Direito, Medicina, Agronomia, Ci\u00eancias Sociais e Odontologia). Al\u00e9m desses, h\u00e1 documentos de outras universidades.<\/p>\n<div class=\"entry-content\">\n<p style=\"text-align: justify;\">Para um documento ser inserido em um fundo, considera-se a sua origem, quem o fez e qual o tipo documental que ele pertence. Se h\u00e1 um of\u00edcio, produzido pela reitoria e encaminhado para o Instituto de Ci\u00eancias Humanas, por exemplo, ele ser\u00e1 classificado no fundo da reitoria. Dessa forma, catalogando e dividindo o acervo, a pesquisa e a an\u00e1lise se tornam mais f\u00e1ceis. Um pesquisador, ao chegar ao acervo da UFPel, poder\u00e1 solicitar um documento espec\u00edfico (como a ata de funda\u00e7\u00e3o da Faculdade de Medicina) ou um fundo espec\u00edfico (as correspond\u00eancias da institui\u00e7\u00e3o, por exemplo).<\/p>\n<p style=\"text-align: justify;\">Confira os acervos j\u00e1 dispon\u00edveis:<\/p>\n<\/div>\n<p style=\"text-align: justify;\">UFPel.\u00a0<a href=\"https:\/\/wp.ufpel.edu.br\/ndh\/files\/2025\/06\/UFPel-Seis-anos-de-atuacao.pdf\" target=\"_blank\" rel=\"noopener\"><strong>UFPel seis anos de atua\u00e7\u00e3o (1969-1975)<\/strong><\/a>. Pelotas: Editora e Gr\u00e1fica Universit\u00e1ria \u2013 UFPel. 1975. 126p.<\/p>\n<p>UFPel. <a href=\"https:\/\/wp.ufpel.edu.br\/ndh\/files\/2025\/06\/Merito-Universitario-1976.pdf\" target=\"_blank\" rel=\"noopener\"><strong>M\u00e9rito Universit\u00e1rio<\/strong><\/a>. Pelotas: Editora e Gr\u00e1fica Universit\u00e1ria &#8211; UFPel. 1976. 94p\u00b9.<\/p>\n<div class=\"entry-content\">\n<p style=\"text-align: justify;\"><strong><a href=\"https:\/\/wp.ufpel.edu.br\/ndh\/famed-ufpel\/\" target=\"_blank\" rel=\"noopener\">Faculdade de Medicina<\/a><\/strong><\/p>\n<p><a href=\"https:\/\/wp.ufpel.edu.br\/acervosdocumentaisndh\/enfermagem-ufpel\/\"><strong>Faculdade de Enfermagem<\/strong><\/a><\/p>\n<\/div>\n<p>&nbsp;<\/p>\n<p>&nbsp;<\/p>\n<p>________________________<\/p>\n<ol>\n<li>\n<h6>O documento est\u00e1 numerado com a \u00faltima folha de n\u00famero 94. Para o escaneamento optamos por excluir todas as p\u00e1ginas em branco.<\/h6>\n<\/li>\n<\/ol>\n","protected":false},"excerpt":{"rendered":"<p>O acervo UFPel cont\u00e9m documentos de diferentes origens e o cat\u00e1logo est\u00e1 sendo criado de acordo com esta divis\u00e3o. \u00c9 poss\u00edvel encontrar os fundos: reitoria, pr\u00f3-reitorias, movimentos estudantis, correspond\u00eancias (contendo tanto cartas, como e-mails impressos) informativos (jornais, panfletos, cartazes, boletins, recortes de jornais, folders, informativos e materiais de divulga\u00e7\u00e3o), Fazenda da Palma, sindicatos da institui\u00e7\u00e3o, [&hellip;]<\/p>\n","protected":false},"author":1007,"featured_media":0,"parent":0,"menu_order":0,"comment_status":"closed","ping_status":"closed","template":"","meta":{"footnotes":""},"class_list":["post-281","page","type-page","status-publish","hentry"],"_links":{"self":[{"href":"https:\/\/wp.ufpel.edu.br\/acervosdocumentaisndh\/wp-json\/wp\/v2\/pages\/281","targetHints":{"allow":["GET"]}}],"collection":[{"href":"https:\/\/wp.ufpel.edu.br\/acervosdocumentaisndh\/wp-json\/wp\/v2\/pages"}],"about":[{"href":"https:\/\/wp.ufpel.edu.br\/acervosdocumentaisndh\/wp-json\/wp\/v2\/types\/page"}],"author":[{"embeddable":true,"href":"https:\/\/wp.ufpel.edu.br\/acervosdocumentaisndh\/wp-json\/wp\/v2\/users\/1007"}],"replies":[{"embeddable":true,"href":"https:\/\/wp.ufpel.edu.br\/acervosdocumentaisndh\/wp-json\/wp\/v2\/comments?post=281"}],"version-history":[{"count":15,"href":"https:\/\/wp.ufpel.edu.br\/acervosdocumentaisndh\/wp-json\/wp\/v2\/pages\/281\/revisions"}],"predecessor-version":[{"id":289,"href":"https:\/\/wp.ufpel.edu.br\/acervosdocumentaisndh\/wp-json\/wp\/v2\/pages\/281\/revisions\/289"}],"wp:attachment":[{"href":"https:\/\/wp.ufpel.edu.br\/acervosdocumentaisndh\/wp-json\/wp\/v2\/media?parent=281"}],"curies":[{"name":"wp","href":"https:\/\/api.w.org\/{rel}","templated":true}]}}