{"id":1128,"date":"2025-06-04T16:44:01","date_gmt":"2025-06-04T19:44:01","guid":{"rendered":"https:\/\/wp.ufpel.edu.br\/acervosdocumentaisndh\/?page_id=1128"},"modified":"2025-10-03T15:19:32","modified_gmt":"2025-10-03T18:19:32","slug":"consun-urgs","status":"publish","type":"page","link":"https:\/\/wp.ufpel.edu.br\/acervosdocumentaisndh\/consun-urgs\/","title":{"rendered":"CONSUN &#8211; URGS"},"content":{"rendered":"<p>Nesse espa\u00e7o est\u00e3o as atas do Conselho Universit\u00e1rio da Universidade do Rio Grande do Sul, atualmente Universidade Federal do Rio Grande do Sul, do per\u00edodo em que unidades da UFPel (Direito, Odonto, ISP, CAVG, por exemplo) estavam vinculadas \u00e0quela institui\u00e7\u00e3o. Os documentos fazem parte do Memorial da Faculdade de Odontologia da UFPel e do acervo da Faculdade de Direito da UFPel.<\/p>\n<p><strong><a href=\"https:\/\/wp.ufpel.edu.br\/acervosdocumentaisndh\/files\/2025\/10\/Decada-de-1960-Pareceres-Comissao-de-Legislacao-e-Regimentos-e-de-Ensino-e-Recursos.pdf\" target=\"_blank\" rel=\"noopener\">D\u00e9cada de 1960. Pareceres das Comiss\u00f5es de Legisla\u00e7\u00e3o e Regimentos e Ensino e Recursos.<\/a><\/strong><\/p>\n<p><strong>1962 &#8211; CONSUN URGS<\/strong><\/p>\n<p><a href=\"https:\/\/wp.ufpel.edu.br\/ndh\/files\/2025\/06\/Ata-Conselho-Universitario-Universidade-do-Rio-Grande-do-Sul-286.pdf\" target=\"_blank\" rel=\"noopener\">Ata 286 &#8211; Reuni\u00e3o realizada em 16\/06\/1962<\/a><\/p>\n<p><a href=\"https:\/\/wp.ufpel.edu.br\/ndh\/files\/2025\/06\/Ata-Conselho-Universitario-Universidade-do-Rio-Grande-do-Sul-287.pdf\" target=\"_blank\" rel=\"noopener\">Ata 287 &#8211; Reuni\u00e3o realizada em 18\/06\/1962<\/a><\/p>\n<p><a href=\"https:\/\/wp.ufpel.edu.br\/ndh\/files\/2025\/06\/Ata-Conselho-Universitario-Universidade-do-Rio-Grande-do-Sul-288.pdf\" target=\"_blank\" rel=\"noopener\">Ata 288 &#8211; Reuni\u00e3o realizada em 18\/06\/1962<\/a><\/p>\n<p><a href=\"https:\/\/wp.ufpel.edu.br\/ndh\/files\/2025\/06\/Ata-Conselho-Universitario-Universidade-do-Rio-Grande-do-Sul-289.pdf\" target=\"_blank\" rel=\"noopener\">Ata 289 &#8211; Reuni\u00e3o realizada em 19\/06\/1962<\/a><\/p>\n<p><a href=\"https:\/\/wp.ufpel.edu.br\/ndh\/files\/2025\/06\/Ata-Conselho-Universitario-Universidade-do-Rio-Grande-do-Sul-290.pdf\" target=\"_blank\" rel=\"noopener\">Ata 290 &#8211; Reuni\u00e3o realizada em 20\/06\/1962<\/a><\/p>\n<p><a href=\"https:\/\/wp.ufpel.edu.br\/ndh\/files\/2025\/06\/Ata-Conselho-Universitario-Universidade-do-Rio-Grande-do-Sul-291.pdf\" target=\"_blank\" rel=\"noopener\">Ata 291 &#8211; Reuni\u00e3o realizada em 20\/06\/1962<\/a><\/p>\n<p><a href=\"https:\/\/wp.ufpel.edu.br\/ndh\/files\/2025\/06\/Ata-Conselho-Universitario-Universidade-do-Rio-Grande-do-Sul-292.pdf\" target=\"_blank\" rel=\"noopener\">Ata 292 &#8211; Reuni\u00e3o realizada em 25\/06\/1962<\/a><\/p>\n<p><a href=\"https:\/\/wp.ufpel.edu.br\/ndh\/files\/2025\/06\/Ata-Conselho-Universitario-Universidade-do-Rio-Grande-do-Sul-293.pdf\" target=\"_blank\" rel=\"noopener\">Ata 293 &#8211; Reuni\u00e3o realizada em 25\/06\/1962<\/a><\/p>\n<p><a href=\"https:\/\/wp.ufpel.edu.br\/ndh\/files\/2025\/06\/Ata-Conselho-Universitario-Universidade-do-Rio-Grande-do-Sul-294.pdf\" target=\"_blank\" rel=\"noopener\">Ata 294 &#8211; Reuni\u00e3o realizada em 26\/06\/1962<\/a><\/p>\n<p><a href=\"https:\/\/wp.ufpel.edu.br\/ndh\/files\/2025\/06\/Ata-Conselho-Universitario-Universidade-do-Rio-Grande-do-Sul-295.pdf\" target=\"_blank\" rel=\"noopener\">Ata 295 &#8211; Reuni\u00e3o realizada em 26\/06\/1962<\/a><\/p>\n<p><a href=\"https:\/\/wp.ufpel.edu.br\/ndh\/files\/2025\/06\/Ata-Conselho-Universitario-Universidade-do-Rio-Grande-do-Sul-296.pdf\" target=\"_blank\" rel=\"noopener\">Ata 296 &#8211; Reuni\u00e3o realizada em 27\/06\/1962<\/a><\/p>\n<p><a href=\"https:\/\/wp.ufpel.edu.br\/ndh\/files\/2025\/06\/Ata-Conselho-Universitario-Universidade-do-Rio-Grande-do-Sul-297.pdf\" target=\"_blank\" rel=\"noopener\">Ata 297 &#8211; Reuni\u00e3o realizada em 27\/06\/1962<\/a><\/p>\n<p><a href=\"https:\/\/wp.ufpel.edu.br\/ndh\/files\/2025\/06\/Ata-Conselho-Universitario-Universidade-do-Rio-Grande-do-Sul-298.pdf\" target=\"_blank\" rel=\"noopener\">Ata 298 &#8211; Reuni\u00e3o realizada em 28\/06\/1962<\/a><\/p>\n<p><a href=\"https:\/\/wp.ufpel.edu.br\/ndh\/files\/2025\/06\/Ata-Conselho-Universitario-Universidade-do-Rio-Grande-do-Sul-299.pdf\" target=\"_blank\" rel=\"noopener\">Ata 299 &#8211; Reuni\u00e3o realizada em 02\/07\/1962<\/a><\/p>\n<p><a href=\"https:\/\/wp.ufpel.edu.br\/ndh\/files\/2025\/06\/Ata-Conselho-Universitario-Universidade-do-Rio-Grande-do-Sul-300.pdf\" target=\"_blank\" rel=\"noopener\">Ata 300 &#8211; Reuni\u00e3o realizada em 02\/07\/1962<\/a><\/p>\n<p><a href=\"https:\/\/wp.ufpel.edu.br\/ndh\/files\/2025\/06\/Ata-Conselho-Universitario-Universidade-do-Rio-Grande-do-Sul-301.pdf\" target=\"_blank\" rel=\"noopener\">Ata 301 &#8211; Reuni\u00e3o realizada em 03\/07\/1962<\/a><\/p>\n<p><a href=\"https:\/\/wp.ufpel.edu.br\/ndh\/files\/2025\/06\/Ata-Conselho-Universitario-Universidade-do-Rio-Grande-do-Sul-302.pdf\" target=\"_blank\" rel=\"noopener\">Ata 302 &#8211; Reuni\u00e3o realizada em 03\/07\/1962<\/a><\/p>\n<p><a href=\"https:\/\/wp.ufpel.edu.br\/ndh\/files\/2025\/06\/Ata-Conselho-Universitario-Universidade-do-Rio-Grande-do-Sul-303.pdf\" target=\"_blank\" rel=\"noopener\">Ata 303 &#8211; Reuni\u00e3o realizada em 04\/07\/1962<\/a><\/p>\n<p><a href=\"https:\/\/wp.ufpel.edu.br\/ndh\/files\/2025\/06\/Ata-Conselho-Universitario-Universidade-do-Rio-Grande-do-Sul-304.pdf\" target=\"_blank\" rel=\"noopener\">Ata 304 &#8211; Reuni\u00e3o realizada em 18\/07\/1962<\/a><\/p>\n<p><a href=\"https:\/\/wp.ufpel.edu.br\/ndh\/files\/2025\/06\/Ata-Conselho-Universitario-Universidade-do-Rio-Grande-do-Sul-305.pdf\" target=\"_blank\" rel=\"noopener\">Ata 305 &#8211; Reuni\u00e3o realizada em 18\/07\/1962<\/a><\/p>\n<p><a href=\"https:\/\/wp.ufpel.edu.br\/ndh\/files\/2025\/06\/Ata-Conselho-Universitario-Universidade-do-Rio-Grande-do-Sul-306.pdf\" target=\"_blank\" rel=\"noopener\">Ata 306 &#8211; Reuni\u00e3o realizada em 23\/07\/1962<\/a><\/p>\n<p><a href=\"https:\/\/wp.ufpel.edu.br\/ndh\/files\/2025\/06\/Ata-Conselho-Universitario-Universidade-do-Rio-Grande-do-Sul-307.pdf\" target=\"_blank\" rel=\"noopener\">Ata 307 &#8211; Reuni\u00e3o realizada em 03\/08\/1962<\/a><\/p>\n<p><a href=\"https:\/\/wp.ufpel.edu.br\/ndh\/files\/2025\/06\/Ata-Conselho-Universitario-Universidade-do-Rio-Grande-do-Sul-308.pdf\" target=\"_blank\" rel=\"noopener\">Ata 308 &#8211; Reuni\u00e3o realizada em 03\/08\/1962<\/a><\/p>\n<p><a href=\"https:\/\/wp.ufpel.edu.br\/ndh\/files\/2025\/06\/Ata-Conselho-Universitario-Universidade-do-Rio-Grande-do-Sul-309.pdf\" target=\"_blank\" rel=\"noopener\">Ata 309 &#8211; Reuni\u00e3o realizada em 08\/08\/1962<\/a><\/p>\n<p><a href=\"https:\/\/wp.ufpel.edu.br\/ndh\/files\/2025\/06\/Ata-Conselho-Universitario-Universidade-do-Rio-Grande-do-Sul-310.pdf\" target=\"_blank\" rel=\"noopener\">Ata 310 &#8211; Reuni\u00e3o realizada em 18\/08\/1962<\/a><\/p>\n<p><a href=\"https:\/\/wp.ufpel.edu.br\/ndh\/files\/2025\/06\/Ata-Conselho-Universitario-Universidade-do-Rio-Grande-do-Sul-311.pdf\" target=\"_blank\" rel=\"noopener\">Ata 311 &#8211; Reuni\u00e3o realizada em 30\/08\/1962<\/a><\/p>\n<p><a href=\"https:\/\/wp.ufpel.edu.br\/ndh\/files\/2025\/06\/Ata-Conselho-Universitario-Universidade-do-Rio-Grande-do-Sul-312.pdf\" target=\"_blank\" rel=\"noopener\">Ata 312 &#8211; Reuni\u00e3o realizada em 27\/09\/1962<\/a><\/p>\n<p><a href=\"https:\/\/wp.ufpel.edu.br\/ndh\/files\/2025\/06\/Ata-Conselho-Universitario-Universidade-do-Rio-Grande-do-Sul-313.pdf\" target=\"_blank\" rel=\"noopener\">Ata 313 &#8211; Reuni\u00e3o realizada em 29\/10\/1962<\/a><\/p>\n<p><a href=\"https:\/\/wp.ufpel.edu.br\/ndh\/files\/2025\/06\/Ata-Conselho-Universitario-Universidade-do-Rio-Grande-do-Sul-314.pdf\" target=\"_blank\" rel=\"noopener\">Ata 314 &#8211; Reuni\u00e3o realizada em 13\/11\/1962<\/a><\/p>\n<p><a href=\"https:\/\/wp.ufpel.edu.br\/ndh\/files\/2025\/06\/Ata-Conselho-Universitario-Universidade-do-Rio-Grande-do-Sul-315.pdf\" target=\"_blank\" rel=\"noopener\">Ata 315 &#8211; Reuni\u00e3o realizada em 28\/12\/1962<\/a><\/p>\n<p><strong>1963 &#8211; CONSUN URGS<\/strong><\/p>\n<p><strong>1964 &#8211; CONSUN URGS<\/strong><\/p>\n<p><a href=\"https:\/\/wp.ufpel.edu.br\/ndh\/files\/2025\/06\/Ata-Conselho-Universitario-Universidade-do-Rio-Grande-do-Sul-325.pdf\" target=\"_blank\" rel=\"noopener\">Ata 325 &#8211; Reuni\u00e3o realizada em 13\/03\/1964<\/a><\/p>\n<p>Ata 326- n\u00e3o consta no livro de atas do acervo<\/p>\n<p><a href=\"https:\/\/wp.ufpel.edu.br\/ndh\/files\/2025\/06\/Ata-Conselho-Universitario-Universidade-do-Rio-Grande-do-Sul-327.pdf\" target=\"_blank\" rel=\"noopener\">Ata 327 &#8211; Reuni\u00e3o realizada em 24\/04\/1964<\/a><\/p>\n<p><a href=\"https:\/\/wp.ufpel.edu.br\/ndh\/files\/2025\/06\/Ata-Conselho-Universitario-Universidade-do-Rio-Grande-do-Sul-328.pdf\" target=\"_blank\" rel=\"noopener\">Ata 328 &#8211; Reuni\u00e3o realizada em 02\/06\/1964<\/a><\/p>\n<p><a href=\"https:\/\/wp.ufpel.edu.br\/ndh\/files\/2025\/06\/Ata-Conselho-Universitario-Universidade-do-Rio-Grande-do-Sul-329.pdf\" target=\"_blank\" rel=\"noopener\">Ata 329 &#8211; Reuni\u00e3o realizada em 16\/06\/1964<\/a><\/p>\n<p><a href=\"https:\/\/wp.ufpel.edu.br\/ndh\/files\/2025\/06\/Ata-Conselho-Universitario-Universidade-do-Rio-Grande-do-Sul-325.pdf\" target=\"_blank\" rel=\"noopener\">Ata 330 &#8211; Reuni\u00e3o realizada em 03\/07\/1964<\/a><\/p>\n<p><a href=\"https:\/\/wp.ufpel.edu.br\/ndh\/files\/2025\/06\/Ata-Conselho-Universitario-Universidade-do-Rio-Grande-do-Sul-331.pdf\" target=\"_blank\" rel=\"noopener\">Ata 331 &#8211; Reuni\u00e3o realizada em 03\/09\/1964<\/a><\/p>\n<p><a href=\"https:\/\/wp.ufpel.edu.br\/ndh\/files\/2025\/06\/Ata-Conselho-Universitario-Universidade-do-Rio-Grande-do-Sul-332.pdf\" target=\"_blank\" rel=\"noopener\">Ata 332 &#8211; Reuni\u00e3o realizada em 23\/09\/1964<\/a><\/p>\n<p><a href=\"https:\/\/wp.ufpel.edu.br\/ndh\/files\/2025\/06\/Ata-Conselho-Universitario-Universidade-do-Rio-Grande-do-Sul-333.pdf\" target=\"_blank\" rel=\"noopener\">Ata 333 &#8211; Reuni\u00e3o realizada em 22\/10\/1964<\/a><\/p>\n<p><a href=\"https:\/\/wp.ufpel.edu.br\/ndh\/files\/2025\/06\/Ata-Conselho-Universitario-Universidade-do-Rio-Grande-do-Sul-334.pdf\" target=\"_blank\" rel=\"noopener\">Ata 334 &#8211; Reuni\u00e3o realizada em 25\/11\/1964<\/a><\/p>\n<p><a href=\"https:\/\/wp.ufpel.edu.br\/ndh\/files\/2025\/06\/Ata-Conselho-Universitario-Universidade-do-Rio-Grande-do-Sul-335.pdf\" target=\"_blank\" rel=\"noopener\">Ata 335 &#8211; Reuni\u00e3o realizada em 30\/12\/1964<\/a><\/p>\n<p><strong>1965 &#8211; CONSUN URGS<\/strong><\/p>\n<p><strong>1966 &#8211; CONSUN URGS<\/strong><\/p>\n<p><a href=\"https:\/\/wp.ufpel.edu.br\/acervosdocumentaisndh\/files\/2025\/09\/Ata-355-UFRGS-23.11.1966.pdf\" target=\"_blank\" rel=\"noopener\">Ata 355 &#8211; Reuni\u00e3o realizada em 23\/11\/1966<\/a><\/p>\n<p><a href=\"https:\/\/wp.ufpel.edu.br\/acervosdocumentaisndh\/files\/2025\/09\/Ata-356-UFRGS-28.12.1966.pdf\" target=\"_blank\" rel=\"noopener\">Ata 356 &#8211; Reuni\u00e3o realizada em 28\/12\/1966<\/a><\/p>\n<p><a href=\"https:\/\/wp.ufpel.edu.br\/acervosdocumentaisndh\/files\/2025\/09\/Ata-357-UFRGS-30.12.1966.pdf\" target=\"_blank\" rel=\"noopener\">Ata 357 &#8211; Reuni\u00e3o realizada em 30\/12\/1966<\/a><\/p>\n<p><strong>1967 &#8211; CONSUN URGS<\/strong><\/p>\n<p><strong>1968 &#8211; CONSUN URGS<\/strong><\/p>\n<p><a href=\"https:\/\/wp.ufpel.edu.br\/acervosdocumentaisndh\/files\/2025\/09\/Ata-381-UFRGS-13.08.1968.pdf\" target=\"_blank\" rel=\"noopener\">Ata 381 &#8211; Reuni\u00e3o realizada em 13\/18\/1968<\/a><\/p>\n<p><a href=\"https:\/\/wp.ufpel.edu.br\/acervosdocumentaisndh\/files\/2025\/09\/Ata-382-UFRGS-01.10.1968.pdf\" target=\"_blank\" rel=\"noopener\">Ata 382 &#8211; Reuni\u00e3o realizada em 01\/10\/1968<\/a><\/p>\n<p><a href=\"https:\/\/wp.ufpel.edu.br\/acervosdocumentaisndh\/files\/2025\/09\/Ata-383-UFRGS-04.11.1968.pdf\" target=\"_blank\" rel=\"noopener\">Ata 383 &#8211; Reuni\u00e3o realizada em 04\/11\/1968<\/a><\/p>\n<p><a href=\"https:\/\/wp.ufpel.edu.br\/acervosdocumentaisndh\/files\/2025\/10\/Ata-384-UFRGS-29.11.1968.pdf\" target=\"_blank\" rel=\"noopener\">Ata 384 &#8211; Reuni\u00e3o realizada em 29\/11\/1968<\/a><\/p>\n<p><a href=\"https:\/\/wp.ufpel.edu.br\/acervosdocumentaisndh\/files\/2025\/10\/ata-385-ufrgs-27.12.1968.pdf\" target=\"_blank\" rel=\"noopener\">Ata 385 &#8211; Reuni\u00e3o realizada em 27\/12\/1968<\/a><\/p>\n<p><strong>1969 &#8211; CONSUN UFRGS<\/strong><\/p>\n<p><a href=\"https:\/\/wp.ufpel.edu.br\/acervosdocumentaisndh\/files\/2025\/10\/Ata-386-ufrgs-22.04.1969.pdf\" target=\"_blank\" rel=\"noopener\">Ata 386 &#8211; Reuni\u00e3o realizada em 22\/04\/1969<\/a><\/p>\n<p><a href=\"https:\/\/wp.ufpel.edu.br\/acervosdocumentaisndh\/files\/2025\/10\/Ata-387-ufrgs-06.05.1969.pdf\" target=\"_blank\" rel=\"noopener\">Ata 387 &#8211; Reuni\u00e3o realizada em 06\/05\/1969<\/a><\/p>\n<p><a href=\"https:\/\/wp.ufpel.edu.br\/acervosdocumentaisndh\/files\/2025\/10\/Ata-388-ufrgs-06.05.1969.pdf\" target=\"_blank\" rel=\"noopener\">Ata 388 &#8211; Reuni\u00e3o realizada em 06\/05\/1969<\/a><\/p>\n<p><a href=\"https:\/\/wp.ufpel.edu.br\/acervosdocumentaisndh\/files\/2025\/10\/Ata-389-ufrgs-07.05.1969.pdf\" target=\"_blank\" rel=\"noopener\">Ata 389 &#8211; Reuni\u00e3o realizada em 07\/05\/1969<\/a><\/p>\n<p>&nbsp;<\/p>\n","protected":false},"excerpt":{"rendered":"<p>Nesse espa\u00e7o est\u00e3o as atas do Conselho Universit\u00e1rio da Universidade do Rio Grande do Sul, atualmente Universidade Federal do Rio Grande do Sul, do per\u00edodo em que unidades da UFPel (Direito, Odonto, ISP, CAVG, por exemplo) estavam vinculadas \u00e0quela institui\u00e7\u00e3o. Os documentos fazem parte do Memorial da Faculdade de Odontologia da UFPel e do acervo [&hellip;]<\/p>\n","protected":false},"author":1007,"featured_media":0,"parent":0,"menu_order":0,"comment_status":"closed","ping_status":"closed","template":"","meta":{"footnotes":""},"class_list":["post-1128","page","type-page","status-publish","hentry"],"_links":{"self":[{"href":"https:\/\/wp.ufpel.edu.br\/acervosdocumentaisndh\/wp-json\/wp\/v2\/pages\/1128","targetHints":{"allow":["GET"]}}],"collection":[{"href":"https:\/\/wp.ufpel.edu.br\/acervosdocumentaisndh\/wp-json\/wp\/v2\/pages"}],"about":[{"href":"https:\/\/wp.ufpel.edu.br\/acervosdocumentaisndh\/wp-json\/wp\/v2\/types\/page"}],"author":[{"embeddable":true,"href":"https:\/\/wp.ufpel.edu.br\/acervosdocumentaisndh\/wp-json\/wp\/v2\/users\/1007"}],"replies":[{"embeddable":true,"href":"https:\/\/wp.ufpel.edu.br\/acervosdocumentaisndh\/wp-json\/wp\/v2\/comments?post=1128"}],"version-history":[{"count":4,"href":"https:\/\/wp.ufpel.edu.br\/acervosdocumentaisndh\/wp-json\/wp\/v2\/pages\/1128\/revisions"}],"predecessor-version":[{"id":1907,"href":"https:\/\/wp.ufpel.edu.br\/acervosdocumentaisndh\/wp-json\/wp\/v2\/pages\/1128\/revisions\/1907"}],"wp:attachment":[{"href":"https:\/\/wp.ufpel.edu.br\/acervosdocumentaisndh\/wp-json\/wp\/v2\/media?parent=1128"}],"curies":[{"name":"wp","href":"https:\/\/api.w.org\/{rel}","templated":true}]}}