{"id":2099,"date":"2019-05-08T14:32:48","date_gmt":"2019-05-08T17:32:48","guid":{"rendered":"https:\/\/wp.ufpel.edu.br\/aberturacultural\/?page_id=2099"},"modified":"2019-05-08T14:43:43","modified_gmt":"2019-05-08T17:43:43","slug":"feira-das-artes","status":"publish","type":"page","link":"https:\/\/wp.ufpel.edu.br\/aberturacultural\/feira-das-artes\/","title":{"rendered":"Feira das Artes"},"content":{"rendered":"<div><span style=\"font-family: arial, helvetica, sans-serif\">A segunda edi\u00e7\u00e3o da Feira das Artes tem como objetivo\u00a0divulgar e valorizar os artistas presentes no \u00e2mbito acad\u00eamico e que muitas vezes n\u00e3o tem um local para vender suas artes. Muitas vezes desencorajados, o evento visa reivindicar o lugar desses discentes e artistas como membros da sociedade. Dessa vez, foram abertas inscri\u00e7\u00f5es para os alunos dos cursos de Centro de Artes que estivessem interessados em expor suas artes em mesas individuais e coletivas. <\/span><\/div>\n<div><span style=\"font-family: arial, helvetica, sans-serif\">\u00a0<\/span><\/div>\n<div><span style=\"font-family: arial, helvetica, sans-serif\">O evento \u00e9 organizado pelo Diret\u00f3rio Acad\u00eamico Lygia Clark, que tem em sua gest\u00e3o atual os alunos e alunas do curso de Artes Visuais: Bernardo Silveira, Gabriela Kacelnikas, Isadora Rangel, Louise Soares, Pietra Souza, Sofia Bevilaqua, Thais Espindola, Vit\u00f3ria Nunes e Wesley Blanke.<\/span><\/div>\n<div><\/div>\n<div>\n<p class=\"jetpack-slideshow-noscript robots-nocontent\">Este slideshow necessita de JavaScript.<\/p><div id=\"gallery-2099-1-slideshow\" class=\"jetpack-slideshow-window jetpack-slideshow jetpack-slideshow-black\" data-trans=\"fade\" data-autostart=\"1\" data-gallery=\"[{&quot;src&quot;:&quot;https:\\\/\\\/i0.wp.com\\\/wp.ufpel.edu.br\\\/aberturacultural\\\/files\\\/2019\\\/05\\\/IMG_6638.jpg?fit=1334%2C890\\u0026ssl=1&quot;,&quot;id&quot;:&quot;2107&quot;,&quot;title&quot;:&quot;IMG_6638&quot;,&quot;alt&quot;:&quot;&quot;,&quot;caption&quot;:&quot;&quot;,&quot;itemprop&quot;:&quot;image&quot;},{&quot;src&quot;:&quot;https:\\\/\\\/i0.wp.com\\\/wp.ufpel.edu.br\\\/aberturacultural\\\/files\\\/2019\\\/05\\\/IMG_6641.jpg?fit=1334%2C890\\u0026ssl=1&quot;,&quot;id&quot;:&quot;2104&quot;,&quot;title&quot;:&quot;IMG_6641&quot;,&quot;alt&quot;:&quot;&quot;,&quot;caption&quot;:&quot;&quot;,&quot;itemprop&quot;:&quot;image&quot;},{&quot;src&quot;:&quot;https:\\\/\\\/i0.wp.com\\\/wp.ufpel.edu.br\\\/aberturacultural\\\/files\\\/2019\\\/05\\\/IMG_6637.jpg?fit=1334%2C890\\u0026ssl=1&quot;,&quot;id&quot;:&quot;2108&quot;,&quot;title&quot;:&quot;IMG_6637&quot;,&quot;alt&quot;:&quot;&quot;,&quot;caption&quot;:&quot;&quot;,&quot;itemprop&quot;:&quot;image&quot;},{&quot;src&quot;:&quot;https:\\\/\\\/i0.wp.com\\\/wp.ufpel.edu.br\\\/aberturacultural\\\/files\\\/2019\\\/05\\\/IMG_6636.jpg?fit=1334%2C890\\u0026ssl=1&quot;,&quot;id&quot;:&quot;2109&quot;,&quot;title&quot;:&quot;IMG_6636&quot;,&quot;alt&quot;:&quot;&quot;,&quot;caption&quot;:&quot;&quot;,&quot;itemprop&quot;:&quot;image&quot;},{&quot;src&quot;:&quot;https:\\\/\\\/i0.wp.com\\\/wp.ufpel.edu.br\\\/aberturacultural\\\/files\\\/2019\\\/05\\\/IMG_6640.jpg?fit=1334%2C890\\u0026ssl=1&quot;,&quot;id&quot;:&quot;2105&quot;,&quot;title&quot;:&quot;IMG_6640&quot;,&quot;alt&quot;:&quot;&quot;,&quot;caption&quot;:&quot;&quot;,&quot;itemprop&quot;:&quot;image&quot;},{&quot;src&quot;:&quot;https:\\\/\\\/i0.wp.com\\\/wp.ufpel.edu.br\\\/aberturacultural\\\/files\\\/2019\\\/05\\\/IMG_6639.jpg?fit=1334%2C890\\u0026ssl=1&quot;,&quot;id&quot;:&quot;2106&quot;,&quot;title&quot;:&quot;IMG_6639&quot;,&quot;alt&quot;:&quot;&quot;,&quot;caption&quot;:&quot;&quot;,&quot;itemprop&quot;:&quot;image&quot;}]\" itemscope itemtype=\"https:\/\/schema.org\/ImageGallery\"><\/div>\n<\/div>\n","protected":false},"excerpt":{"rendered":"<p>A segunda edi\u00e7\u00e3o da Feira das Artes tem como objetivo\u00a0divulgar e valorizar os artistas presentes no \u00e2mbito acad\u00eamico e que muitas vezes n\u00e3o tem um local para vender suas artes. Muitas vezes desencorajados, o evento visa reivindicar o lugar desses discentes e artistas como membros da sociedade. Dessa vez, foram abertas inscri\u00e7\u00f5es para os alunos &hellip; <a href=\"https:\/\/wp.ufpel.edu.br\/aberturacultural\/feira-das-artes\/\" class=\"more-link\">Continue lendo <span class=\"screen-reader-text\">Feira das Artes<\/span> <span class=\"meta-nav\">&rarr;<\/span><\/a><\/p>\n","protected":false},"author":736,"featured_media":0,"parent":0,"menu_order":0,"comment_status":"closed","ping_status":"closed","template":"","meta":{"jetpack_post_was_ever_published":false,"footnotes":""},"class_list":["post-2099","page","type-page","status-publish","hentry"],"jetpack_sharing_enabled":true,"jetpack_shortlink":"https:\/\/wp.me\/P8B9Df-xR","jetpack-related-posts":[{"id":2,"url":"https:\/\/wp.ufpel.edu.br\/aberturacultural\/","url_meta":{"origin":2099,"position":0},"title":"Apresenta\u00e7\u00e3o","author":"calouradaufpel","date":"7 de abril de 2017","format":false,"excerpt":"AGRADECIMENTO \u00c0S COMUNIDADES Colegas, professores, t\u00e9cnicos, alunos, amigos, parceiros e demais envolvidos no UFPEL CULTURAL \u2013 Semana dos Museus \u2013 2019, evento realizado em 11 de maio de 2019 na Pra\u00e7a Cel. Pedro Os\u00f3rio, Centro, Pelotas \u2013 RS. A\u00a0Pro-Reitoria de Extens\u00e3o e Cultura\u00a0expressa seu agradecimento\u00a0a\u00a0toda comunidade pela\u00a0realiza\u00e7\u00e3o\u00a0de um evento que\u00a0se\u2026","rel":"","context":"Post similar","block_context":{"text":"Post similar","link":""},"img":{"alt_text":"","src":"https:\/\/i0.wp.com\/wp.ufpel.edu.br\/aberturacultural\/files\/2019\/04\/VERAO-SESC-Tramandai-2017-Foto-BBC-Fotografias-4.jpg?resize=350%2C200","width":350,"height":200,"srcset":"https:\/\/i0.wp.com\/wp.ufpel.edu.br\/aberturacultural\/files\/2019\/04\/VERAO-SESC-Tramandai-2017-Foto-BBC-Fotografias-4.jpg?resize=350%2C200 1x, https:\/\/i0.wp.com\/wp.ufpel.edu.br\/aberturacultural\/files\/2019\/04\/VERAO-SESC-Tramandai-2017-Foto-BBC-Fotografias-4.jpg?resize=525%2C300 1.5x, https:\/\/i0.wp.com\/wp.ufpel.edu.br\/aberturacultural\/files\/2019\/04\/VERAO-SESC-Tramandai-2017-Foto-BBC-Fotografias-4.jpg?resize=700%2C400 2x, https:\/\/i0.wp.com\/wp.ufpel.edu.br\/aberturacultural\/files\/2019\/04\/VERAO-SESC-Tramandai-2017-Foto-BBC-Fotografias-4.jpg?resize=1050%2C600 3x, https:\/\/i0.wp.com\/wp.ufpel.edu.br\/aberturacultural\/files\/2019\/04\/VERAO-SESC-Tramandai-2017-Foto-BBC-Fotografias-4.jpg?resize=1400%2C800 4x"},"classes":[]},{"id":1757,"url":"https:\/\/wp.ufpel.edu.br\/aberturacultural\/oficinas\/","url_meta":{"origin":2099,"position":1},"title":"Oficinas","author":"calouradaufpel","date":"15 de abril de 2019","format":false,"excerpt":"\u00a0 \u00a0 \u00a0 \u00a0 \u00a0 \u00a0 \u00a0 \u00a0 \u00a0 \u00a0 \u00a0 \u00a0 \u00a0 \u00a0 \u00a0 \u00a0 Descomercialise o gosto - aprenda a fazer o leite da terra (suco feito a partir de folhas, raizes e sementes germinadas) \u00a0 \u00a0 Experi\u00eancia em Gravura PET Artes A oficina prop\u00f5e um contato inicial\u2026","rel":"","context":"Post similar","block_context":{"text":"Post similar","link":""},"img":{"alt_text":"","src":"https:\/\/i0.wp.com\/wp.ufpel.edu.br\/aberturacultural\/files\/2019\/04\/eusuco.jpg?resize=350%2C200","width":350,"height":200,"srcset":"https:\/\/i0.wp.com\/wp.ufpel.edu.br\/aberturacultural\/files\/2019\/04\/eusuco.jpg?resize=350%2C200 1x, https:\/\/i0.wp.com\/wp.ufpel.edu.br\/aberturacultural\/files\/2019\/04\/eusuco.jpg?resize=525%2C300 1.5x, https:\/\/i0.wp.com\/wp.ufpel.edu.br\/aberturacultural\/files\/2019\/04\/eusuco.jpg?resize=700%2C400 2x"},"classes":[]},{"id":1579,"url":"https:\/\/wp.ufpel.edu.br\/aberturacultural\/musica-danca-teatro-moda\/","url_meta":{"origin":2099,"position":2},"title":"M\u00fasica\/Dan\u00e7a\/Moda","author":"calouradaufpel","date":"8 de abril de 2019","format":false,"excerpt":"UFPEL Orquestra \u00a0 Hip-Hop \u00a0 \u00a0 Kanimambo \u00a0 UFPEL Pepeu P.E.P.E.U. \u2013 Programa de Extens\u00e3o em Percuss\u00e3o da UFPel, pioneiro no Centro de Artes e na cidade de Pelotas, tem como um dos seus princ\u00edpios criar um elo entre o curso e a cultural local, tramando comunidade e academia.","rel":"","context":"Post similar","block_context":{"text":"Post similar","link":""},"img":{"alt_text":"","src":"https:\/\/i0.wp.com\/wp.ufpel.edu.br\/aberturacultural\/files\/2019\/04\/30869373488_15552800d0_k.jpg?resize=350%2C200","width":350,"height":200,"srcset":"https:\/\/i0.wp.com\/wp.ufpel.edu.br\/aberturacultural\/files\/2019\/04\/30869373488_15552800d0_k.jpg?resize=350%2C200 1x, https:\/\/i0.wp.com\/wp.ufpel.edu.br\/aberturacultural\/files\/2019\/04\/30869373488_15552800d0_k.jpg?resize=525%2C300 1.5x, https:\/\/i0.wp.com\/wp.ufpel.edu.br\/aberturacultural\/files\/2019\/04\/30869373488_15552800d0_k.jpg?resize=700%2C400 2x, https:\/\/i0.wp.com\/wp.ufpel.edu.br\/aberturacultural\/files\/2019\/04\/30869373488_15552800d0_k.jpg?resize=1050%2C600 3x, https:\/\/i0.wp.com\/wp.ufpel.edu.br\/aberturacultural\/files\/2019\/04\/30869373488_15552800d0_k.jpg?resize=1400%2C800 4x"},"classes":[]},{"id":31,"url":"https:\/\/wp.ufpel.edu.br\/aberturacultural\/galeria\/","url_meta":{"origin":2099,"position":3},"title":"Galeria de Imagens","author":"calouradaufpel","date":"7 de abril de 2017","format":false,"excerpt":"Todas as fotos podem ser acessadas na p\u00e1gina do evento, clicando aqui. Abertura Galeria Anglo Abertura Galeria Brahma Exposi\u00e7\u00e3o Patrim\u00f4nio Industrial A\u00e7\u00e3o Esporte e Lazer e Projeto Chefes na Rua - Cap\u00e3o do Le\u00e3o Escrever e Desenhar: oficina aberta \u00e0 comunidade GRUVI \u2013 Grupo de Viol\u00f5es da UFPel e Chefes\u2026","rel":"","context":"Post similar","block_context":{"text":"Post similar","link":""},"img":{"alt_text":"","src":"https:\/\/i0.wp.com\/wp.ufpel.edu.br\/aberturacultural\/files\/2017\/04\/DSC_0042a.jpg?resize=350%2C200","width":350,"height":200,"srcset":"https:\/\/i0.wp.com\/wp.ufpel.edu.br\/aberturacultural\/files\/2017\/04\/DSC_0042a.jpg?resize=350%2C200 1x, https:\/\/i0.wp.com\/wp.ufpel.edu.br\/aberturacultural\/files\/2017\/04\/DSC_0042a.jpg?resize=525%2C300 1.5x, https:\/\/i0.wp.com\/wp.ufpel.edu.br\/aberturacultural\/files\/2017\/04\/DSC_0042a.jpg?resize=700%2C400 2x, https:\/\/i0.wp.com\/wp.ufpel.edu.br\/aberturacultural\/files\/2017\/04\/DSC_0042a.jpg?resize=1050%2C600 3x, https:\/\/i0.wp.com\/wp.ufpel.edu.br\/aberturacultural\/files\/2017\/04\/DSC_0042a.jpg?resize=1400%2C800 4x"},"classes":[]},{"id":1580,"url":"https:\/\/wp.ufpel.edu.br\/aberturacultural\/esporte-saude\/","url_meta":{"origin":2099,"position":4},"title":"Esporte\/ Sa\u00fade","author":"calouradaufpel","date":"8 de abril de 2019","format":false,"excerpt":"Atl\u00e9ticas \u00a0 Capoeira Barraca da Sa\u00fade O projeto de extens\u00e3o Barraca da Sa\u00fade foi desenvolvido pelo curso de enfermagem em conjunto com a Pr\u00f3 Reitoria de Extens\u00e3o e Cultura da UFPel (PREC), coordenado pela professora Michele Mandagar\u00e1 e composto por alunos de diversos cursos nas \u00e1reas da sa\u00fade, biol\u00f3gicas, exatas\u2026","rel":"","context":"Post similar","block_context":{"text":"Post similar","link":""},"img":{"alt_text":"","src":"https:\/\/i0.wp.com\/wp.ufpel.edu.br\/aberturacultural\/files\/2019\/04\/1-1.png?resize=350%2C200","width":350,"height":200},"classes":[]},{"id":1651,"url":"https:\/\/wp.ufpel.edu.br\/aberturacultural\/pagina-inicial\/","url_meta":{"origin":2099,"position":5},"title":"Programa\u00e7\u00e3o","author":"calouradaufpel","date":"8 de abril de 2019","format":false,"excerpt":"Horta Comunit\u00e1ria (oficina) 10h-19h ambienta\u00e7\u00e3o DJ 14h-19h gastronomia FoodTrucks 14h-21h Comida de Rua Chefs na Rua 14h-19h Comida de Casa Comunidade 14h-21h economia criativa Brech\u00f3 Camila 14h-19h CTG 14h-19h Produtos comunidade 14h-19h Bordados 14h-19h Produtos Ind\u00edgenas 14h-19h Produtos Quilombolas14h-19h Banners Projeto OAAPA 14h-19h Kanimambo produtos africanos 14h-19h Bonecas Trico 14h-19h\u2026","rel":"","context":"Post similar","block_context":{"text":"Post similar","link":""},"img":{"alt_text":"","src":"","width":0,"height":0},"classes":[]}],"_links":{"self":[{"href":"https:\/\/wp.ufpel.edu.br\/aberturacultural\/wp-json\/wp\/v2\/pages\/2099","targetHints":{"allow":["GET"]}}],"collection":[{"href":"https:\/\/wp.ufpel.edu.br\/aberturacultural\/wp-json\/wp\/v2\/pages"}],"about":[{"href":"https:\/\/wp.ufpel.edu.br\/aberturacultural\/wp-json\/wp\/v2\/types\/page"}],"author":[{"embeddable":true,"href":"https:\/\/wp.ufpel.edu.br\/aberturacultural\/wp-json\/wp\/v2\/users\/736"}],"replies":[{"embeddable":true,"href":"https:\/\/wp.ufpel.edu.br\/aberturacultural\/wp-json\/wp\/v2\/comments?post=2099"}],"version-history":[{"count":3,"href":"https:\/\/wp.ufpel.edu.br\/aberturacultural\/wp-json\/wp\/v2\/pages\/2099\/revisions"}],"predecessor-version":[{"id":2110,"href":"https:\/\/wp.ufpel.edu.br\/aberturacultural\/wp-json\/wp\/v2\/pages\/2099\/revisions\/2110"}],"wp:attachment":[{"href":"https:\/\/wp.ufpel.edu.br\/aberturacultural\/wp-json\/wp\/v2\/media?parent=2099"}],"curies":[{"name":"wp","href":"https:\/\/api.w.org\/{rel}","templated":true}]}}