{"id":1579,"date":"2019-04-08T11:33:28","date_gmt":"2019-04-08T14:33:28","guid":{"rendered":"https:\/\/wp.ufpel.edu.br\/aberturacultural\/?page_id=1579"},"modified":"2019-05-07T15:58:52","modified_gmt":"2019-05-07T18:58:52","slug":"musica-danca-teatro-moda","status":"publish","type":"page","link":"https:\/\/wp.ufpel.edu.br\/aberturacultural\/musica-danca-teatro-moda\/","title":{"rendered":"M\u00fasica\/Dan\u00e7a\/Moda"},"content":{"rendered":"<div dir=\"auto\">\n<p style=\"text-align: center\"><strong><span style=\"font-size: 24pt\">UFPEL Orquestra<\/span><\/strong><\/p>\n<p class=\"jetpack-slideshow-noscript robots-nocontent\">Este slideshow necessita de JavaScript.<\/p><div id=\"gallery-1579-1-slideshow\" class=\"jetpack-slideshow-window jetpack-slideshow jetpack-slideshow-black\" data-trans=\"fade\" data-autostart=\"1\" data-gallery=\"[{&quot;src&quot;:&quot;https:\\\/\\\/i0.wp.com\\\/wp.ufpel.edu.br\\\/aberturacultural\\\/files\\\/2019\\\/04\\\/30869373488_15552800d0_k.jpg?fit=2047%2C1356\\u0026ssl=1&quot;,&quot;id&quot;:&quot;1821&quot;,&quot;title&quot;:&quot;30869373488_15552800d0_k&quot;,&quot;alt&quot;:&quot;&quot;,&quot;caption&quot;:&quot;&quot;,&quot;itemprop&quot;:&quot;image&quot;},{&quot;src&quot;:&quot;https:\\\/\\\/i0.wp.com\\\/wp.ufpel.edu.br\\\/aberturacultural\\\/files\\\/2019\\\/04\\\/43831138765_2f2c598e4a_k.jpg?fit=2047%2C1356\\u0026ssl=1&quot;,&quot;id&quot;:&quot;1822&quot;,&quot;title&quot;:&quot;43831138765_2f2c598e4a_k&quot;,&quot;alt&quot;:&quot;&quot;,&quot;caption&quot;:&quot;&quot;,&quot;itemprop&quot;:&quot;image&quot;},{&quot;src&quot;:&quot;https:\\\/\\\/i0.wp.com\\\/wp.ufpel.edu.br\\\/aberturacultural\\\/files\\\/2019\\\/04\\\/44021316144_1e790bd621_k.jpg?fit=2047%2C1356\\u0026ssl=1&quot;,&quot;id&quot;:&quot;1823&quot;,&quot;title&quot;:&quot;44021316144_1e790bd621_k&quot;,&quot;alt&quot;:&quot;&quot;,&quot;caption&quot;:&quot;&quot;,&quot;itemprop&quot;:&quot;image&quot;}]\" itemscope itemtype=\"https:\/\/schema.org\/ImageGallery\"><\/div>\n<\/div>\n<p>&nbsp;<\/p>\n<p style=\"text-align: center\"><span style=\"font-size: 24pt\"><strong>Hip-Hop<\/strong><\/span><\/p>\n<p class=\"jetpack-slideshow-noscript robots-nocontent\">Este slideshow necessita de JavaScript.<\/p><div id=\"gallery-1579-2-slideshow\" class=\"jetpack-slideshow-window jetpack-slideshow jetpack-slideshow-black\" data-trans=\"fade\" data-autostart=\"1\" data-gallery=\"[{&quot;src&quot;:&quot;https:\\\/\\\/i0.wp.com\\\/wp.ufpel.edu.br\\\/aberturacultural\\\/files\\\/2019\\\/04\\\/985e66eb-af39-49ba-a0d4-5192b04dd21d.jpg?fit=960%2C678\\u0026ssl=1&quot;,&quot;id&quot;:&quot;1819&quot;,&quot;title&quot;:&quot;985e66eb-af39-49ba-a0d4-5192b04dd21d&quot;,&quot;alt&quot;:&quot;&quot;,&quot;caption&quot;:&quot;&quot;,&quot;itemprop&quot;:&quot;image&quot;},{&quot;src&quot;:&quot;https:\\\/\\\/i0.wp.com\\\/wp.ufpel.edu.br\\\/aberturacultural\\\/files\\\/2019\\\/04\\\/a705dc9a-2431-4b3d-a603-6571a8045f5b.jpg?fit=480%2C480\\u0026ssl=1&quot;,&quot;id&quot;:&quot;1820&quot;,&quot;title&quot;:&quot;a705dc9a-2431-4b3d-a603-6571a8045f5b&quot;,&quot;alt&quot;:&quot;&quot;,&quot;caption&quot;:&quot;&quot;,&quot;itemprop&quot;:&quot;image&quot;},{&quot;src&quot;:&quot;https:\\\/\\\/i0.wp.com\\\/wp.ufpel.edu.br\\\/aberturacultural\\\/files\\\/2019\\\/04\\\/0683ec7f-c4d0-4d3a-8da0-46d2b81c5ad3.jpg?fit=720%2C432\\u0026ssl=1&quot;,&quot;id&quot;:&quot;1818&quot;,&quot;title&quot;:&quot;0683ec7f-c4d0-4d3a-8da0-46d2b81c5ad3&quot;,&quot;alt&quot;:&quot;&quot;,&quot;caption&quot;:&quot;&quot;,&quot;itemprop&quot;:&quot;image&quot;}]\" itemscope itemtype=\"https:\/\/schema.org\/ImageGallery\"><\/div>\n<p>&nbsp;<\/p>\n<p>&nbsp;<\/p>\n<p style=\"text-align: center\"><span style=\"font-size: 24pt\"><strong>Kanimambo<\/strong><\/span><\/p>\n<p class=\"jetpack-slideshow-noscript robots-nocontent\">Este slideshow necessita de JavaScript.<\/p><div id=\"gallery-1579-3-slideshow\" class=\"jetpack-slideshow-window jetpack-slideshow jetpack-slideshow-black\" data-trans=\"fade\" data-autostart=\"1\" data-gallery=\"[{&quot;src&quot;:&quot;https:\\\/\\\/i0.wp.com\\\/wp.ufpel.edu.br\\\/aberturacultural\\\/files\\\/2019\\\/04\\\/56478674_2438051812885400_4677200959934300160_n.jpg?fit=591%2C1280\\u0026ssl=1&quot;,&quot;id&quot;:&quot;1704&quot;,&quot;title&quot;:&quot;56478674_2438051812885400_4677200959934300160_n&quot;,&quot;alt&quot;:&quot;&quot;,&quot;caption&quot;:&quot;&quot;,&quot;itemprop&quot;:&quot;image&quot;},{&quot;src&quot;:&quot;https:\\\/\\\/i0.wp.com\\\/wp.ufpel.edu.br\\\/aberturacultural\\\/files\\\/2019\\\/04\\\/56527875_820525101645797_992634952912732160_n.jpg?fit=1280%2C853\\u0026ssl=1&quot;,&quot;id&quot;:&quot;1707&quot;,&quot;title&quot;:&quot;56527875_820525101645797_992634952912732160_n&quot;,&quot;alt&quot;:&quot;&quot;,&quot;caption&quot;:&quot;&quot;,&quot;itemprop&quot;:&quot;image&quot;},{&quot;src&quot;:&quot;https:\\\/\\\/i0.wp.com\\\/wp.ufpel.edu.br\\\/aberturacultural\\\/files\\\/2019\\\/04\\\/56749281_980244679032412_4609620027488862208_n.jpg?fit=591%2C1280\\u0026ssl=1&quot;,&quot;id&quot;:&quot;1711&quot;,&quot;title&quot;:&quot;56749281_980244679032412_4609620027488862208_n&quot;,&quot;alt&quot;:&quot;&quot;,&quot;caption&quot;:&quot;&quot;,&quot;itemprop&quot;:&quot;image&quot;},{&quot;src&quot;:&quot;https:\\\/\\\/i0.wp.com\\\/wp.ufpel.edu.br\\\/aberturacultural\\\/files\\\/2019\\\/04\\\/56770568_725880527807432_3676938626140209152_n.jpg?fit=853%2C1280\\u0026ssl=1&quot;,&quot;id&quot;:&quot;1712&quot;,&quot;title&quot;:&quot;56770568_725880527807432_3676938626140209152_n&quot;,&quot;alt&quot;:&quot;&quot;,&quot;caption&quot;:&quot;&quot;,&quot;itemprop&quot;:&quot;image&quot;},{&quot;src&quot;:&quot;https:\\\/\\\/i0.wp.com\\\/wp.ufpel.edu.br\\\/aberturacultural\\\/files\\\/2019\\\/04\\\/56790926_388327055100713_7416279115591843840_n.jpg?fit=591%2C1280\\u0026ssl=1&quot;,&quot;id&quot;:&quot;1713&quot;,&quot;title&quot;:&quot;56790926_388327055100713_7416279115591843840_n&quot;,&quot;alt&quot;:&quot;&quot;,&quot;caption&quot;:&quot;&quot;,&quot;itemprop&quot;:&quot;image&quot;},{&quot;src&quot;:&quot;https:\\\/\\\/i0.wp.com\\\/wp.ufpel.edu.br\\\/aberturacultural\\\/files\\\/2019\\\/04\\\/56524208_2562690353772174_4403679828864139264_n.jpg?fit=1280%2C784\\u0026ssl=1&quot;,&quot;id&quot;:&quot;1706&quot;,&quot;title&quot;:&quot;56524208_2562690353772174_4403679828864139264_n&quot;,&quot;alt&quot;:&quot;&quot;,&quot;caption&quot;:&quot;&quot;,&quot;itemprop&quot;:&quot;image&quot;},{&quot;src&quot;:&quot;https:\\\/\\\/i0.wp.com\\\/wp.ufpel.edu.br\\\/aberturacultural\\\/files\\\/2019\\\/04\\\/56588502_274250316846803_7285141897050324992_n.jpg?fit=807%2C807\\u0026ssl=1&quot;,&quot;id&quot;:&quot;1708&quot;,&quot;title&quot;:&quot;56588502_274250316846803_7285141897050324992_n&quot;,&quot;alt&quot;:&quot;&quot;,&quot;caption&quot;:&quot;&quot;,&quot;itemprop&quot;:&quot;image&quot;},{&quot;src&quot;:&quot;https:\\\/\\\/i0.wp.com\\\/wp.ufpel.edu.br\\\/aberturacultural\\\/files\\\/2019\\\/04\\\/56640026_333740283945150_636962272974995456_n.jpg?fit=640%2C960\\u0026ssl=1&quot;,&quot;id&quot;:&quot;1709&quot;,&quot;title&quot;:&quot;56640026_333740283945150_636962272974995456_n&quot;,&quot;alt&quot;:&quot;&quot;,&quot;caption&quot;:&quot;&quot;,&quot;itemprop&quot;:&quot;image&quot;},{&quot;src&quot;:&quot;https:\\\/\\\/i0.wp.com\\\/wp.ufpel.edu.br\\\/aberturacultural\\\/files\\\/2019\\\/04\\\/56819142_662930954154859_1253756032363003904_n.jpg?fit=960%2C641\\u0026ssl=1&quot;,&quot;id&quot;:&quot;1714&quot;,&quot;title&quot;:&quot;56819142_662930954154859_1253756032363003904_n&quot;,&quot;alt&quot;:&quot;&quot;,&quot;caption&quot;:&quot;&quot;,&quot;itemprop&quot;:&quot;image&quot;},{&quot;src&quot;:&quot;https:\\\/\\\/i0.wp.com\\\/wp.ufpel.edu.br\\\/aberturacultural\\\/files\\\/2019\\\/04\\\/56641453_168493100737966_5142465910887415808_n.jpg?fit=1280%2C910\\u0026ssl=1&quot;,&quot;id&quot;:&quot;1710&quot;,&quot;title&quot;:&quot;56641453_168493100737966_5142465910887415808_n&quot;,&quot;alt&quot;:&quot;&quot;,&quot;caption&quot;:&quot;&quot;,&quot;itemprop&quot;:&quot;image&quot;},{&quot;src&quot;:&quot;https:\\\/\\\/i0.wp.com\\\/wp.ufpel.edu.br\\\/aberturacultural\\\/files\\\/2019\\\/04\\\/57098992_510692106001825_1149536421837537280_n.jpg?fit=1024%2C1024\\u0026ssl=1&quot;,&quot;id&quot;:&quot;1718&quot;,&quot;title&quot;:&quot;57098992_510692106001825_1149536421837537280_n&quot;,&quot;alt&quot;:&quot;&quot;,&quot;caption&quot;:&quot;&quot;,&quot;itemprop&quot;:&quot;image&quot;},{&quot;src&quot;:&quot;https:\\\/\\\/i0.wp.com\\\/wp.ufpel.edu.br\\\/aberturacultural\\\/files\\\/2019\\\/04\\\/57133812_365882674015707_2871115045293522944_n.jpg?fit=514%2C960\\u0026ssl=1&quot;,&quot;id&quot;:&quot;1719&quot;,&quot;title&quot;:&quot;57133812_365882674015707_2871115045293522944_n&quot;,&quot;alt&quot;:&quot;&quot;,&quot;caption&quot;:&quot;&quot;,&quot;itemprop&quot;:&quot;image&quot;},{&quot;src&quot;:&quot;https:\\\/\\\/i0.wp.com\\\/wp.ufpel.edu.br\\\/aberturacultural\\\/files\\\/2019\\\/04\\\/56504141_639676216455476_7179126719612190720_n.jpg?fit=960%2C641\\u0026ssl=1&quot;,&quot;id&quot;:&quot;1705&quot;,&quot;title&quot;:&quot;56504141_639676216455476_7179126719612190720_n&quot;,&quot;alt&quot;:&quot;&quot;,&quot;caption&quot;:&quot;&quot;,&quot;itemprop&quot;:&quot;image&quot;}]\" itemscope itemtype=\"https:\/\/schema.org\/ImageGallery\"><\/div>\n<p>&nbsp;<\/p>\n<p style=\"text-align: center\"><span style=\"font-size: 24pt\">UFPEL Pepeu<\/span><\/p>\n<p style=\"text-align: center\">P.E.P.E.U. \u2013 Programa de Extens\u00e3o em Percuss\u00e3o da UFPel, pioneiro no Centro de Artes e<br \/>\nna cidade de Pelotas, tem como um dos seus princ\u00edpios criar um elo entre o curso e<br \/>\na cultural local, tramando comunidade e academia.<\/p>\n<p class=\"jetpack-slideshow-noscript robots-nocontent\">Este slideshow necessita de JavaScript.<\/p><div id=\"gallery-1579-4-slideshow\" class=\"jetpack-slideshow-window jetpack-slideshow jetpack-slideshow-black\" data-trans=\"fade\" data-autostart=\"1\" data-gallery=\"[{&quot;src&quot;:&quot;https:\\\/\\\/i0.wp.com\\\/wp.ufpel.edu.br\\\/aberturacultural\\\/files\\\/2019\\\/04\\\/IMG-20181003-WA0017.jpg?fit=1280%2C960\\u0026ssl=1&quot;,&quot;id&quot;:&quot;1770&quot;,&quot;title&quot;:&quot;IMG-20181003-WA0017&quot;,&quot;alt&quot;:&quot;&quot;,&quot;caption&quot;:&quot;&quot;,&quot;itemprop&quot;:&quot;image&quot;},{&quot;src&quot;:&quot;https:\\\/\\\/i0.wp.com\\\/wp.ufpel.edu.br\\\/aberturacultural\\\/files\\\/2019\\\/04\\\/FB_IMG_1540483820793.jpg?fit=720%2C479\\u0026ssl=1&quot;,&quot;id&quot;:&quot;1769&quot;,&quot;title&quot;:&quot;FB_IMG_1540483820793&quot;,&quot;alt&quot;:&quot;&quot;,&quot;caption&quot;:&quot;&quot;,&quot;itemprop&quot;:&quot;image&quot;},{&quot;src&quot;:&quot;https:\\\/\\\/i0.wp.com\\\/wp.ufpel.edu.br\\\/aberturacultural\\\/files\\\/2019\\\/04\\\/22554974_1425671460874273_4755668849313900652_n.jpg?fit=654%2C654\\u0026ssl=1&quot;,&quot;id&quot;:&quot;1767&quot;,&quot;title&quot;:&quot;22554974_1425671460874273_4755668849313900652_n&quot;,&quot;alt&quot;:&quot;&quot;,&quot;caption&quot;:&quot;&quot;,&quot;itemprop&quot;:&quot;image&quot;}]\" itemscope itemtype=\"https:\/\/schema.org\/ImageGallery\"><\/div>\n<div class=\"wp-playlist wp-video-playlist wp-playlist-light\">\n\t\t<video controls=\"controls\" preload=\"none\" width=\"582\"\n\t\t height=\"1058\"\t><\/video>\n\t<div class=\"wp-playlist-next\"><\/div>\n\t<div class=\"wp-playlist-prev\"><\/div>\n\t<noscript>\n\t<ol>\n\t\t<li><a href='https:\/\/wp.ufpel.edu.br\/aberturacultural\/files\/2019\/04\/SantaMaria.mp4'>SantaMaria<\/a><\/li><li><a href='https:\/\/wp.ufpel.edu.br\/aberturacultural\/files\/2019\/04\/Dialogo-de-Tambores-1.mp4'>Dialogo de Tambores (1)<\/a><\/li>\t<\/ol>\n\t<\/noscript>\n\t<script type=\"application\/json\" class=\"wp-playlist-script\">{\"type\":\"video\",\"tracklist\":true,\"tracknumbers\":true,\"images\":true,\"artists\":true,\"tracks\":[{\"src\":\"https:\/\/wp.ufpel.edu.br\/aberturacultural\/files\/2019\/04\/SantaMaria.mp4\",\"type\":\"video\/mp4\",\"title\":\"SantaMaria\",\"caption\":\"\",\"description\":\"\",\"meta\":{\"length_formatted\":\"1:44\"},\"dimensions\":{\"original\":{\"width\":400,\"height\":294},\"resized\":{\"width\":582,\"height\":428}},\"image\":{\"src\":\"https:\/\/wp.ufpel.edu.br\/aberturacultural\/wp-includes\/images\/media\/video.svg\",\"width\":48,\"height\":64},\"thumb\":{\"src\":\"https:\/\/wp.ufpel.edu.br\/aberturacultural\/wp-includes\/images\/media\/video.svg\",\"width\":48,\"height\":64}},{\"src\":\"https:\/\/wp.ufpel.edu.br\/aberturacultural\/files\/2019\/04\/Dialogo-de-Tambores-1.mp4\",\"type\":\"video\/mp4\",\"title\":\"Dialogo de Tambores (1)\",\"caption\":\"\",\"description\":\"\",\"meta\":{\"length_formatted\":\"0:31\"},\"dimensions\":{\"original\":{\"width\":352,\"height\":640},\"resized\":{\"width\":582,\"height\":1058}},\"image\":{\"src\":\"https:\/\/wp.ufpel.edu.br\/aberturacultural\/wp-includes\/images\/media\/video.svg\",\"width\":48,\"height\":64},\"thumb\":{\"src\":\"https:\/\/wp.ufpel.edu.br\/aberturacultural\/wp-includes\/images\/media\/video.svg\",\"width\":48,\"height\":64}}]}<\/script>\n<\/div>\n\t\n<div dir=\"auto\"><\/div>\n<div dir=\"auto\"><\/div>\n","protected":false},"excerpt":{"rendered":"<p>UFPEL Orquestra &nbsp; Hip-Hop &nbsp; &nbsp; Kanimambo &nbsp; UFPEL Pepeu P.E.P.E.U. \u2013 Programa de Extens\u00e3o em Percuss\u00e3o da UFPel, pioneiro no Centro de Artes e na cidade de Pelotas, tem como um dos seus princ\u00edpios criar um elo entre o curso e a cultural local, tramando comunidade e academia.<\/p>\n","protected":false},"author":736,"featured_media":0,"parent":0,"menu_order":0,"comment_status":"closed","ping_status":"closed","template":"","meta":{"jetpack_post_was_ever_published":false,"footnotes":""},"class_list":["post-1579","page","type-page","status-publish","hentry"],"jetpack_sharing_enabled":true,"jetpack_shortlink":"https:\/\/wp.me\/P8B9Df-pt","jetpack-related-posts":[{"id":2143,"url":"https:\/\/wp.ufpel.edu.br\/aberturacultural\/ufpel-cultural-2019\/","url_meta":{"origin":1579,"position":0},"title":"UFPEL CULTURAL 2019","author":"calouradaufpel","date":"13 de maio de 2019","format":false,"excerpt":"","rel":"","context":"Post similar","block_context":{"text":"Post similar","link":""},"img":{"alt_text":"","src":"https:\/\/i0.wp.com\/wp.ufpel.edu.br\/aberturacultural\/files\/2019\/05\/1.jpg?resize=350%2C200","width":350,"height":200,"srcset":"https:\/\/i0.wp.com\/wp.ufpel.edu.br\/aberturacultural\/files\/2019\/05\/1.jpg?resize=350%2C200 1x, https:\/\/i0.wp.com\/wp.ufpel.edu.br\/aberturacultural\/files\/2019\/05\/1.jpg?resize=525%2C300 1.5x, https:\/\/i0.wp.com\/wp.ufpel.edu.br\/aberturacultural\/files\/2019\/05\/1.jpg?resize=700%2C400 2x"},"classes":[]},{"id":2,"url":"https:\/\/wp.ufpel.edu.br\/aberturacultural\/","url_meta":{"origin":1579,"position":1},"title":"Apresenta\u00e7\u00e3o","author":"calouradaufpel","date":"7 de abril de 2017","format":false,"excerpt":"AGRADECIMENTO \u00c0S COMUNIDADES Colegas, professores, t\u00e9cnicos, alunos, amigos, parceiros e demais envolvidos no UFPEL CULTURAL \u2013 Semana dos Museus \u2013 2019, evento realizado em 11 de maio de 2019 na Pra\u00e7a Cel. Pedro Os\u00f3rio, Centro, Pelotas \u2013 RS. A\u00a0Pro-Reitoria de Extens\u00e3o e Cultura\u00a0expressa seu agradecimento\u00a0a\u00a0toda comunidade pela\u00a0realiza\u00e7\u00e3o\u00a0de um evento que\u00a0se\u2026","rel":"","context":"Post similar","block_context":{"text":"Post similar","link":""},"img":{"alt_text":"","src":"https:\/\/i0.wp.com\/wp.ufpel.edu.br\/aberturacultural\/files\/2019\/04\/VERAO-SESC-Tramandai-2017-Foto-BBC-Fotografias-4.jpg?resize=350%2C200","width":350,"height":200,"srcset":"https:\/\/i0.wp.com\/wp.ufpel.edu.br\/aberturacultural\/files\/2019\/04\/VERAO-SESC-Tramandai-2017-Foto-BBC-Fotografias-4.jpg?resize=350%2C200 1x, https:\/\/i0.wp.com\/wp.ufpel.edu.br\/aberturacultural\/files\/2019\/04\/VERAO-SESC-Tramandai-2017-Foto-BBC-Fotografias-4.jpg?resize=525%2C300 1.5x, https:\/\/i0.wp.com\/wp.ufpel.edu.br\/aberturacultural\/files\/2019\/04\/VERAO-SESC-Tramandai-2017-Foto-BBC-Fotografias-4.jpg?resize=700%2C400 2x, https:\/\/i0.wp.com\/wp.ufpel.edu.br\/aberturacultural\/files\/2019\/04\/VERAO-SESC-Tramandai-2017-Foto-BBC-Fotografias-4.jpg?resize=1050%2C600 3x, https:\/\/i0.wp.com\/wp.ufpel.edu.br\/aberturacultural\/files\/2019\/04\/VERAO-SESC-Tramandai-2017-Foto-BBC-Fotografias-4.jpg?resize=1400%2C800 4x"},"classes":[]},{"id":127,"url":"https:\/\/wp.ufpel.edu.br\/aberturacultural\/horta-urbana\/","url_meta":{"origin":1579,"position":2},"title":"Horta Urbana","author":"calouradaufpel","date":"13 de abril de 2017","format":false,"excerpt":"UFPEL Horta Urbana Em muitos pa\u00edses, as hortas urbanas t\u00eam surgido impulsionadas pelo crescimento das cidades. As hortas urbanas devem ser planejadas com base no estudo e ordenamento do territ\u00f3rio, de modo a minimizar as influ\u00eancias negativas da polui\u00e7\u00e3o gerada pelo ser humano, devendo priorizar em seu andamento a reciclagem,\u2026","rel":"","context":"Post similar","block_context":{"text":"Post similar","link":""},"img":{"alt_text":"","src":"","width":0,"height":0},"classes":[]},{"id":1580,"url":"https:\/\/wp.ufpel.edu.br\/aberturacultural\/esporte-saude\/","url_meta":{"origin":1579,"position":3},"title":"Esporte\/ Sa\u00fade","author":"calouradaufpel","date":"8 de abril de 2019","format":false,"excerpt":"Atl\u00e9ticas \u00a0 Capoeira Barraca da Sa\u00fade O projeto de extens\u00e3o Barraca da Sa\u00fade foi desenvolvido pelo curso de enfermagem em conjunto com a Pr\u00f3 Reitoria de Extens\u00e3o e Cultura da UFPel (PREC), coordenado pela professora Michele Mandagar\u00e1 e composto por alunos de diversos cursos nas \u00e1reas da sa\u00fade, biol\u00f3gicas, exatas\u2026","rel":"","context":"Post similar","block_context":{"text":"Post similar","link":""},"img":{"alt_text":"","src":"https:\/\/i0.wp.com\/wp.ufpel.edu.br\/aberturacultural\/files\/2019\/04\/1-1.png?resize=350%2C200","width":350,"height":200},"classes":[]},{"id":31,"url":"https:\/\/wp.ufpel.edu.br\/aberturacultural\/galeria\/","url_meta":{"origin":1579,"position":4},"title":"Galeria de Imagens","author":"calouradaufpel","date":"7 de abril de 2017","format":false,"excerpt":"Todas as fotos podem ser acessadas na p\u00e1gina do evento, clicando aqui. Abertura Galeria Anglo Abertura Galeria Brahma Exposi\u00e7\u00e3o Patrim\u00f4nio Industrial A\u00e7\u00e3o Esporte e Lazer e Projeto Chefes na Rua - Cap\u00e3o do Le\u00e3o Escrever e Desenhar: oficina aberta \u00e0 comunidade GRUVI \u2013 Grupo de Viol\u00f5es da UFPel e Chefes\u2026","rel":"","context":"Post similar","block_context":{"text":"Post similar","link":""},"img":{"alt_text":"","src":"https:\/\/i0.wp.com\/wp.ufpel.edu.br\/aberturacultural\/files\/2017\/04\/DSC_0042a.jpg?resize=350%2C200","width":350,"height":200,"srcset":"https:\/\/i0.wp.com\/wp.ufpel.edu.br\/aberturacultural\/files\/2017\/04\/DSC_0042a.jpg?resize=350%2C200 1x, https:\/\/i0.wp.com\/wp.ufpel.edu.br\/aberturacultural\/files\/2017\/04\/DSC_0042a.jpg?resize=525%2C300 1.5x, https:\/\/i0.wp.com\/wp.ufpel.edu.br\/aberturacultural\/files\/2017\/04\/DSC_0042a.jpg?resize=700%2C400 2x, https:\/\/i0.wp.com\/wp.ufpel.edu.br\/aberturacultural\/files\/2017\/04\/DSC_0042a.jpg?resize=1050%2C600 3x, https:\/\/i0.wp.com\/wp.ufpel.edu.br\/aberturacultural\/files\/2017\/04\/DSC_0042a.jpg?resize=1400%2C800 4x"},"classes":[]},{"id":1596,"url":"https:\/\/wp.ufpel.edu.br\/aberturacultural\/noticias\/","url_meta":{"origin":1579,"position":5},"title":"Not\u00edcias","author":"calouradaufpel","date":"8 de abril de 2019","format":false,"excerpt":"","rel":"","context":"Post similar","block_context":{"text":"Post similar","link":""},"img":{"alt_text":"","src":"","width":0,"height":0},"classes":[]}],"_links":{"self":[{"href":"https:\/\/wp.ufpel.edu.br\/aberturacultural\/wp-json\/wp\/v2\/pages\/1579","targetHints":{"allow":["GET"]}}],"collection":[{"href":"https:\/\/wp.ufpel.edu.br\/aberturacultural\/wp-json\/wp\/v2\/pages"}],"about":[{"href":"https:\/\/wp.ufpel.edu.br\/aberturacultural\/wp-json\/wp\/v2\/types\/page"}],"author":[{"embeddable":true,"href":"https:\/\/wp.ufpel.edu.br\/aberturacultural\/wp-json\/wp\/v2\/users\/736"}],"replies":[{"embeddable":true,"href":"https:\/\/wp.ufpel.edu.br\/aberturacultural\/wp-json\/wp\/v2\/comments?post=1579"}],"version-history":[{"count":12,"href":"https:\/\/wp.ufpel.edu.br\/aberturacultural\/wp-json\/wp\/v2\/pages\/1579\/revisions"}],"predecessor-version":[{"id":2078,"href":"https:\/\/wp.ufpel.edu.br\/aberturacultural\/wp-json\/wp\/v2\/pages\/1579\/revisions\/2078"}],"wp:attachment":[{"href":"https:\/\/wp.ufpel.edu.br\/aberturacultural\/wp-json\/wp\/v2\/media?parent=1579"}],"curies":[{"name":"wp","href":"https:\/\/api.w.org\/{rel}","templated":true}]}}