{"id":92,"date":"2025-07-03T13:00:27","date_gmt":"2025-07-03T16:00:27","guid":{"rendered":"https:\/\/wp.ufpel.edu.br\/9jornadabrasileiradesociologia\/?page_id=92"},"modified":"2025-07-03T15:19:18","modified_gmt":"2025-07-03T18:19:18","slug":"anais-da-jornada-brasileira-de-sociologia","status":"publish","type":"page","link":"https:\/\/wp.ufpel.edu.br\/9jornadabrasileiradesociologia\/anais-da-jornada-brasileira-de-sociologia\/","title":{"rendered":"Anais da Jornada Brasileira de Sociologia"},"content":{"rendered":"<ul>\n<li><a href=\"https:\/\/wp.ufpel.edu.br\/9jornadabrasileiradesociologia\/anais-da-jornada-brasileira-de-sociologia\/apresentacao\/\">Apresenta\u00e7\u00e3o<\/a><\/li>\n<li><a href=\"https:\/\/wp.ufpel.edu.br\/9jornadabrasileiradesociologia\/anais-da-jornada-brasileira-de-sociologia\/edicoes-anteriores\/\">Edi\u00e7\u00f5es Anteriores<\/a><\/li>\n<\/ul>\n","protected":false},"excerpt":{"rendered":"<p>Apresenta\u00e7\u00e3o Edi\u00e7\u00f5es Anteriores<\/p>\n","protected":false},"author":1472,"featured_media":0,"parent":0,"menu_order":15,"comment_status":"closed","ping_status":"closed","template":"","meta":{"footnotes":""},"class_list":["post-92","page","type-page","status-publish","hentry"],"_links":{"self":[{"href":"https:\/\/wp.ufpel.edu.br\/9jornadabrasileiradesociologia\/wp-json\/wp\/v2\/pages\/92","targetHints":{"allow":["GET"]}}],"collection":[{"href":"https:\/\/wp.ufpel.edu.br\/9jornadabrasileiradesociologia\/wp-json\/wp\/v2\/pages"}],"about":[{"href":"https:\/\/wp.ufpel.edu.br\/9jornadabrasileiradesociologia\/wp-json\/wp\/v2\/types\/page"}],"author":[{"embeddable":true,"href":"https:\/\/wp.ufpel.edu.br\/9jornadabrasileiradesociologia\/wp-json\/wp\/v2\/users\/1472"}],"replies":[{"embeddable":true,"href":"https:\/\/wp.ufpel.edu.br\/9jornadabrasileiradesociologia\/wp-json\/wp\/v2\/comments?post=92"}],"version-history":[{"count":3,"href":"https:\/\/wp.ufpel.edu.br\/9jornadabrasileiradesociologia\/wp-json\/wp\/v2\/pages\/92\/revisions"}],"predecessor-version":[{"id":127,"href":"https:\/\/wp.ufpel.edu.br\/9jornadabrasileiradesociologia\/wp-json\/wp\/v2\/pages\/92\/revisions\/127"}],"wp:attachment":[{"href":"https:\/\/wp.ufpel.edu.br\/9jornadabrasileiradesociologia\/wp-json\/wp\/v2\/media?parent=92"}],"curies":[{"name":"wp","href":"https:\/\/api.w.org\/{rel}","templated":true}]}}

<ul>
<li><a href="https://wp.ufpel.edu.br/9jornadabrasileiradesociologia/anais-da-jornada-brasileira-de-sociologia/apresentacao/">Apresentação</a></li>
<li><a href="https://wp.ufpel.edu.br/9jornadabrasileiradesociologia/anais-da-jornada-brasileira-de-sociologia/edicoes-anteriores/">Edições Anteriores</a></li>
</ul>

<p>Apresentação Edições Anteriores</p>
