{"id":183,"date":"2025-08-01T21:10:12","date_gmt":"2025-08-02T00:10:12","guid":{"rendered":"https:\/\/wp.ufpel.edu.br\/9jornadabrasileiradesociologia\/?page_id=183"},"modified":"2025-09-01T15:27:26","modified_gmt":"2025-09-01T18:27:26","slug":"inscricoes-para-ouvintes","status":"publish","type":"page","link":"https:\/\/wp.ufpel.edu.br\/9jornadabrasileiradesociologia\/inscricoes\/inscricoes-para-ouvintes\/","title":{"rendered":"Inscri\u00e7\u00f5es para ouvintes"},"content":{"rendered":"<p><a href=\"https:\/\/forms.gle\/8NuR2jS69mJkyCzh9\">Formul\u00e1rio para inscri\u00e7\u00e3o de ouvintes<\/a><\/p>\n","protected":false},"excerpt":{"rendered":"<p>Formul\u00e1rio para inscri\u00e7\u00e3o de ouvintes<\/p>\n","protected":false},"author":1472,"featured_media":0,"parent":12,"menu_order":-1,"comment_status":"closed","ping_status":"closed","template":"","meta":{"footnotes":""},"class_list":["post-183","page","type-page","status-publish","hentry"],"_links":{"self":[{"href":"https:\/\/wp.ufpel.edu.br\/9jornadabrasileiradesociologia\/wp-json\/wp\/v2\/pages\/183","targetHints":{"allow":["GET"]}}],"collection":[{"href":"https:\/\/wp.ufpel.edu.br\/9jornadabrasileiradesociologia\/wp-json\/wp\/v2\/pages"}],"about":[{"href":"https:\/\/wp.ufpel.edu.br\/9jornadabrasileiradesociologia\/wp-json\/wp\/v2\/types\/page"}],"author":[{"embeddable":true,"href":"https:\/\/wp.ufpel.edu.br\/9jornadabrasileiradesociologia\/wp-json\/wp\/v2\/users\/1472"}],"replies":[{"embeddable":true,"href":"https:\/\/wp.ufpel.edu.br\/9jornadabrasileiradesociologia\/wp-json\/wp\/v2\/comments?post=183"}],"version-history":[{"count":2,"href":"https:\/\/wp.ufpel.edu.br\/9jornadabrasileiradesociologia\/wp-json\/wp\/v2\/pages\/183\/revisions"}],"predecessor-version":[{"id":231,"href":"https:\/\/wp.ufpel.edu.br\/9jornadabrasileiradesociologia\/wp-json\/wp\/v2\/pages\/183\/revisions\/231"}],"up":[{"embeddable":true,"href":"https:\/\/wp.ufpel.edu.br\/9jornadabrasileiradesociologia\/wp-json\/wp\/v2\/pages\/12"}],"wp:attachment":[{"href":"https:\/\/wp.ufpel.edu.br\/9jornadabrasileiradesociologia\/wp-json\/wp\/v2\/media?parent=183"}],"curies":[{"name":"wp","href":"https:\/\/api.w.org\/{rel}","templated":true}]}}

Inscrições para ouvintes

<p><a href="https://forms.gle/8NuR2jS69mJkyCzh9">Formulário para inscrição de ouvintes</a></p>

<p>Formulário para inscrição de ouvintes</p>
