{"id":180,"date":"2025-08-01T21:07:31","date_gmt":"2025-08-02T00:07:31","guid":{"rendered":"https:\/\/wp.ufpel.edu.br\/9jornadabrasileiradesociologia\/?page_id=180"},"modified":"2025-08-04T22:17:53","modified_gmt":"2025-08-05T01:17:53","slug":"formularios-para-submissao-de-trabalhos-e-resumos","status":"publish","type":"page","link":"https:\/\/wp.ufpel.edu.br\/9jornadabrasileiradesociologia\/inscricoes\/formularios-para-submissao-de-trabalhos-e-resumos\/","title":{"rendered":"Formul\u00e1rios para submiss\u00e3o de trabalhos e resumos"},"content":{"rendered":"<p><a href=\"https:\/\/wp.ufpel.edu.br\/9jornadabrasileiradesociologia\/editais\/\"><strong>Confira aqui os editais para submiss\u00e3o de trabalhos.<\/strong><\/a><\/p>\n<p>&nbsp;<\/p>\n<p><a href=\"https:\/\/forms.gle\/DUYNJtqfFBZKgSia9\">Formul\u00e1rio para submiss\u00e3o de resumos em GTs.<\/a><\/p>\n<p>&nbsp;<\/p>\n<p><a href=\"https:\/\/forms.gle\/4KE1pgYyEG5g4EJb7\">Formul\u00e1rio para submiss\u00e3o de resumos para pain\u00e9is.<\/a><\/p>\n","protected":false},"excerpt":{"rendered":"<p>Confira aqui os editais para submiss\u00e3o de trabalhos. &nbsp; Formul\u00e1rio para submiss\u00e3o de resumos em GTs. &nbsp; Formul\u00e1rio para submiss\u00e3o de resumos para pain\u00e9is.<\/p>\n","protected":false},"author":1472,"featured_media":0,"parent":12,"menu_order":0,"comment_status":"closed","ping_status":"closed","template":"","meta":{"footnotes":""},"class_list":["post-180","page","type-page","status-publish","hentry"],"_links":{"self":[{"href":"https:\/\/wp.ufpel.edu.br\/9jornadabrasileiradesociologia\/wp-json\/wp\/v2\/pages\/180","targetHints":{"allow":["GET"]}}],"collection":[{"href":"https:\/\/wp.ufpel.edu.br\/9jornadabrasileiradesociologia\/wp-json\/wp\/v2\/pages"}],"about":[{"href":"https:\/\/wp.ufpel.edu.br\/9jornadabrasileiradesociologia\/wp-json\/wp\/v2\/types\/page"}],"author":[{"embeddable":true,"href":"https:\/\/wp.ufpel.edu.br\/9jornadabrasileiradesociologia\/wp-json\/wp\/v2\/users\/1472"}],"replies":[{"embeddable":true,"href":"https:\/\/wp.ufpel.edu.br\/9jornadabrasileiradesociologia\/wp-json\/wp\/v2\/comments?post=180"}],"version-history":[{"count":4,"href":"https:\/\/wp.ufpel.edu.br\/9jornadabrasileiradesociologia\/wp-json\/wp\/v2\/pages\/180\/revisions"}],"predecessor-version":[{"id":191,"href":"https:\/\/wp.ufpel.edu.br\/9jornadabrasileiradesociologia\/wp-json\/wp\/v2\/pages\/180\/revisions\/191"}],"up":[{"embeddable":true,"href":"https:\/\/wp.ufpel.edu.br\/9jornadabrasileiradesociologia\/wp-json\/wp\/v2\/pages\/12"}],"wp:attachment":[{"href":"https:\/\/wp.ufpel.edu.br\/9jornadabrasileiradesociologia\/wp-json\/wp\/v2\/media?parent=180"}],"curies":[{"name":"wp","href":"https:\/\/api.w.org\/{rel}","templated":true}]}}

Formulários para submissão de trabalhos e resumos

<p><a href="https://wp.ufpel.edu.br/9jornadabrasileiradesociologia/editais/"><strong>Confira aqui os editais para submissão de trabalhos.</strong></a></p>
<p>&nbsp;</p>
<p><a href="https://forms.gle/DUYNJtqfFBZKgSia9">Formulário para submissão de resumos em GTs.</a></p>
<p>&nbsp;</p>
<p><a href="https://forms.gle/4KE1pgYyEG5g4EJb7">Formulário para submissão de resumos para painéis.</a></p>

<p>Confira aqui os editais para submissão de trabalhos. &nbsp; Formulário para submissão de resumos em GTs. &nbsp; Formulário para submissão de resumos para painéis.</p>
