{"id":169,"date":"2025-08-01T20:56:30","date_gmt":"2025-08-01T23:56:30","guid":{"rendered":"https:\/\/wp.ufpel.edu.br\/9jornadabrasileiradesociologia\/?page_id=169"},"modified":"2025-08-04T21:59:33","modified_gmt":"2025-08-05T00:59:33","slug":"editais-para-submissao-de-trabalhos","status":"publish","type":"page","link":"https:\/\/wp.ufpel.edu.br\/9jornadabrasileiradesociologia\/editais\/editais-para-submissao-de-trabalhos\/","title":{"rendered":"Editais para Submiss\u00e3o de Trabalhos"},"content":{"rendered":"<p><a href=\"https:\/\/wp.ufpel.edu.br\/9jornadabrasileiradesociologia\/files\/2025\/08\/Edital-Submissao-IX-Jornada-Brasileira-de-Sociologia.pdf\">Edital para Submiss\u00e3o de Trabalhos em GTs<\/a><\/p>\n<p><a href=\"https:\/\/wp.ufpel.edu.br\/9jornadabrasileiradesociologia\/files\/2025\/08\/Edital-Paineis-IX-Jornada-Brasileira-de-Sociologia-1.pdf\">Edital para Submiss\u00e3o de Trabalhos em Pain\u00e9is<\/a><\/p>\n","protected":false},"excerpt":{"rendered":"<p>Edital para Submiss\u00e3o de Trabalhos em GTs Edital para Submiss\u00e3o de Trabalhos em Pain\u00e9is<\/p>\n","protected":false},"author":1472,"featured_media":0,"parent":4,"menu_order":0,"comment_status":"closed","ping_status":"closed","template":"","meta":{"footnotes":""},"class_list":["post-169","page","type-page","status-publish","hentry"],"_links":{"self":[{"href":"https:\/\/wp.ufpel.edu.br\/9jornadabrasileiradesociologia\/wp-json\/wp\/v2\/pages\/169","targetHints":{"allow":["GET"]}}],"collection":[{"href":"https:\/\/wp.ufpel.edu.br\/9jornadabrasileiradesociologia\/wp-json\/wp\/v2\/pages"}],"about":[{"href":"https:\/\/wp.ufpel.edu.br\/9jornadabrasileiradesociologia\/wp-json\/wp\/v2\/types\/page"}],"author":[{"embeddable":true,"href":"https:\/\/wp.ufpel.edu.br\/9jornadabrasileiradesociologia\/wp-json\/wp\/v2\/users\/1472"}],"replies":[{"embeddable":true,"href":"https:\/\/wp.ufpel.edu.br\/9jornadabrasileiradesociologia\/wp-json\/wp\/v2\/comments?post=169"}],"version-history":[{"count":6,"href":"https:\/\/wp.ufpel.edu.br\/9jornadabrasileiradesociologia\/wp-json\/wp\/v2\/pages\/169\/revisions"}],"predecessor-version":[{"id":188,"href":"https:\/\/wp.ufpel.edu.br\/9jornadabrasileiradesociologia\/wp-json\/wp\/v2\/pages\/169\/revisions\/188"}],"up":[{"embeddable":true,"href":"https:\/\/wp.ufpel.edu.br\/9jornadabrasileiradesociologia\/wp-json\/wp\/v2\/pages\/4"}],"wp:attachment":[{"href":"https:\/\/wp.ufpel.edu.br\/9jornadabrasileiradesociologia\/wp-json\/wp\/v2\/media?parent=169"}],"curies":[{"name":"wp","href":"https:\/\/api.w.org\/{rel}","templated":true}]}}

Editais para Submissão de Trabalhos

<p><a href="https://wp.ufpel.edu.br/9jornadabrasileiradesociologia/files/2025/08/Edital-Submissao-IX-Jornada-Brasileira-de-Sociologia.pdf">Edital para Submissão de Trabalhos em GTs</a></p>
<p><a href="https://wp.ufpel.edu.br/9jornadabrasileiradesociologia/files/2025/08/Edital-Paineis-IX-Jornada-Brasileira-de-Sociologia-1.pdf">Edital para Submissão de Trabalhos em Painéis</a></p>

<p>Edital para Submissão de Trabalhos em GTs Edital para Submissão de Trabalhos em Painéis</p>
