{"id":98,"date":"2014-06-03T16:57:58","date_gmt":"2014-06-03T19:57:58","guid":{"rendered":"https:\/\/wp.ufpel.edu.br\/45anos\/?page_id=98"},"modified":"2014-06-12T12:14:16","modified_gmt":"2014-06-12T15:14:16","slug":"casarao8","status":"publish","type":"page","link":"https:\/\/wp.ufpel.edu.br\/45anos\/casarao8\/","title":{"rendered":"Casar\u00e3o 8: Suntuoso im\u00f3vel sediar\u00e1 museus"},"content":{"rendered":"<p><a href=\"https:\/\/wp.ufpel.edu.br\/45anos\/files\/2014\/06\/011-Casar\u00e3o-8.jpg\"><img loading=\"lazy\" decoding=\"async\" class=\"alignnone size-full wp-image-241\" src=\"https:\/\/wp.ufpel.edu.br\/45anos\/files\/2014\/06\/011-Casar\u00e3o-8.jpg\" alt=\"011 Casar\u00e3o 8\" width=\"666\" height=\"442\" srcset=\"https:\/\/wp.ufpel.edu.br\/45anos\/files\/2014\/06\/011-Casar\u00e3o-8-212x141.jpg 212w, https:\/\/wp.ufpel.edu.br\/45anos\/files\/2014\/06\/011-Casar\u00e3o-8-424x282.jpg 424w\" sizes=\"auto, (max-width: 666px) 100vw, 666px\" \/><\/a><\/p>\n<p>Considerado pelo Iphan o segundo mais belo patrim\u00f4nio cultural do pa\u00eds, o Casar\u00e3o 8 da pra\u00e7a Coronel Pedro Os\u00f3rio foi totalmente restaurado e j\u00e1 abriga exposi\u00e7\u00f5es, espa\u00e7o para oficinas e a\u00e7\u00f5es educativas, \u00e1rea de acolhimento e conviv\u00eancia. Em breve, ser\u00e1 a sede do Museu do Doce e do Museu da Antropologia e Arqueologia.<\/p>\n<p>O Casar\u00e3o foi projetado e constru\u00eddo pelo arquiteto italiano Jos\u00e9 Izella Merotti, em 1878, para servir de resid\u00eancia da fam\u00edlia do Conselheiro Francisco Antunes Maciel. No per\u00edodo de 1950 a 1973, o Casar\u00e3o serviu para a instala\u00e7\u00e3o do Quartel General da 8\u00aa Brigada de Infantaria Motorizada de Pelotas e, posteriormente, sediou atividades administrativas de diversos \u00f3rg\u00e3os.<\/p>\n<p>Adquirido pela UFPel em 2006, o pr\u00e9dio manteve em seu projeto de restauro todas as caracter\u00edsticas originais (mais informa\u00e7\u00f5es no blog <a title=\"Casar\u00e3o 8\" href=\"http:\/\/casaraooito.wordpress.com\" target=\"_blank\">http:\/\/casaraooito.wordpress.com<\/a>).<\/p>\n<p><strong>Fotografia:<\/strong> Katia Helena Dias \u2013 CCS\/UFPEL<\/p>\n<p><a title=\"UFPel: Uma hist\u00f3ria escrita em tr\u00eas s\u00e9culos\" href=\"http:\/\/wp.me\/P4EPZO-h\"><strong>UFPel: Uma hist\u00f3ria escrita em tr\u00eas s\u00e9culos<\/strong><\/a><\/p>\n<p><a title=\"Resenha hist\u00f3rica\" href=\"http:\/\/wp.me\/P4EPZO-m\"><strong>Resenha hist\u00f3rica<\/strong><\/a><\/p>\n<p><a title=\"Contextualizando\" href=\"http:\/\/wp.me\/P4EPZO-p\"><strong>Contextualizando<\/strong><\/a><\/p>\n<p><a title=\"Estrutura\u00e7\u00e3o e desenvolvimento\" href=\"http:\/\/wp.me\/P4EPZO-1f\"><strong>Estrutura\u00e7\u00e3o e desenvolvimento<\/strong><\/a><\/p>\n<p><a title=\"A rela\u00e7\u00e3o com a comunidade e os desdobramentos pol\u00edticos\" href=\"http:\/\/wp.me\/P4EPZO-1i\"><strong>A rela\u00e7\u00e3o com a comunidade e os desdobramentos pol\u00edticos<\/strong><\/a><\/p>\n<p><a title=\"O processo de expans\u00e3o\" href=\"http:\/\/wp.me\/P4EPZO-1l\"><strong>O processo de expans\u00e3o<\/strong><\/a><\/p>\n<p><a title=\"Anglo: De frigor\u00edfico a principal campus\" href=\"http:\/\/wp.me\/P4EPZO-1o\"><strong>Anglo: De frigor\u00edfico a principal campus<\/strong><\/a><\/p>\n<p><a title=\"Cotada: De f\u00e1brica de massas a Centro de Engenharias\" href=\"http:\/\/wp.me\/P4EPZO-1r\"><strong>Cotada: De f\u00e1brica de massas a Centro de Engenharias <\/strong><\/a><\/p>\n<p><a title=\"Laneira: De manufatura de l\u00e3s a centro dedicado \u00e0 sa\u00fade\" href=\"http:\/\/wp.me\/P4EPZO-1u\"><strong>Laneira: De manufatura de l\u00e3s a centro dedicado \u00e0 sa\u00fade<\/strong><\/a><\/p>\n<p><a title=\"Na antiga cervejaria a Cultura pede passagem\" href=\"http:\/\/wp.me\/P4EPZO-1x\"><strong>Na antiga cervejaria a Cultura pede passagem<\/strong><\/a><\/p>\n<p><a title=\"Pr\u00e9dios contam a hist\u00f3ria\" href=\"http:\/\/wp.me\/P4EPZO-1D\"><strong>Pr\u00e9dios contam a hist\u00f3ria<\/strong><\/a><\/p>\n","protected":false},"excerpt":{"rendered":"<p>Considerado pelo Iphan o segundo mais belo patrim\u00f4nio cultural do pa\u00eds, o Casar\u00e3o 8 da pra\u00e7a Coronel Pedro Os\u00f3rio foi totalmente restaurado e j\u00e1 abriga exposi\u00e7\u00f5es, espa\u00e7o para oficinas e a\u00e7\u00f5es educativas, \u00e1rea de acolhimento e conviv\u00eancia. Em breve, ser\u00e1 a sede do Museu do Doce e do Museu da Antropologia e Arqueologia. O Casar\u00e3o &hellip; <a href=\"https:\/\/wp.ufpel.edu.br\/45anos\/casarao8\/\" class=\"more-link\">Continue lendo <span class=\"screen-reader-text\">Casar\u00e3o 8: Suntuoso im\u00f3vel sediar\u00e1 museus<\/span> <span class=\"meta-nav\">&rarr;<\/span><\/a><\/p>\n","protected":false},"author":394,"featured_media":0,"parent":0,"menu_order":0,"comment_status":"closed","ping_status":"closed","template":"","meta":{"jetpack_post_was_ever_published":false,"footnotes":""},"class_list":["post-98","page","type-page","status-publish","hentry"],"jetpack_sharing_enabled":true,"jetpack_shortlink":"https:\/\/wp.me\/P4EPZO-1A","_links":{"self":[{"href":"https:\/\/wp.ufpel.edu.br\/45anos\/wp-json\/wp\/v2\/pages\/98","targetHints":{"allow":["GET"]}}],"collection":[{"href":"https:\/\/wp.ufpel.edu.br\/45anos\/wp-json\/wp\/v2\/pages"}],"about":[{"href":"https:\/\/wp.ufpel.edu.br\/45anos\/wp-json\/wp\/v2\/types\/page"}],"author":[{"embeddable":true,"href":"https:\/\/wp.ufpel.edu.br\/45anos\/wp-json\/wp\/v2\/users\/394"}],"replies":[{"embeddable":true,"href":"https:\/\/wp.ufpel.edu.br\/45anos\/wp-json\/wp\/v2\/comments?post=98"}],"version-history":[{"count":8,"href":"https:\/\/wp.ufpel.edu.br\/45anos\/wp-json\/wp\/v2\/pages\/98\/revisions"}],"predecessor-version":[{"id":242,"href":"https:\/\/wp.ufpel.edu.br\/45anos\/wp-json\/wp\/v2\/pages\/98\/revisions\/242"}],"wp:attachment":[{"href":"https:\/\/wp.ufpel.edu.br\/45anos\/wp-json\/wp\/v2\/media?parent=98"}],"curies":[{"name":"wp","href":"https:\/\/api.w.org\/{rel}","templated":true}]}}