{"id":25,"date":"2014-05-22T15:11:00","date_gmt":"2014-05-22T18:11:00","guid":{"rendered":"https:\/\/wp.ufpel.edu.br\/45anos\/?page_id=25"},"modified":"2014-06-04T17:35:02","modified_gmt":"2014-06-04T20:35:02","slug":"contextualizando","status":"publish","type":"page","link":"https:\/\/wp.ufpel.edu.br\/45anos\/contextualizando\/","title":{"rendered":"Contextualizando"},"content":{"rendered":"<p>Na segunda metade do s\u00e9culo XIX Pelotas era, sem nenhum exagero, uma das cidades de porte m\u00e9dio mais pr\u00f3speras do Brasil. S\u00f3 n\u00e3o se configurava o grande porte por n\u00e3o poder contar com os elementos oficiais de que dispunha Porto Alegre, a capital da Prov\u00edncia. Nesse sentido, s\u00e3o recorrentes as queixas, nos di\u00e1rios pelotenses, no final do s\u00e9culo dezenove, quanto \u00e0 desaten\u00e7\u00e3o com que a cidade era tratada pelos organismos governamentais.<\/p>\n<p>De qualquer modo, e como compensa\u00e7\u00e3o, sempre que os gabinetes do Imp\u00e9rio, ou o pal\u00e1cio provincial, omitiam-se com rela\u00e7\u00e3o a Pelotas, a lacuna era suprida, e \u00e0s vezes com vantagens, pela iniciativa particular ou pelas administra\u00e7\u00f5es locais. Geralmente, era por conta pr\u00f3pria que os pelotenses mais pr\u00f3speros acabavam assumindo os compromissos do sistema pol\u00edtico, substituindo o governo em algumas tarefas que, a princ\u00edpio, lhe competiam. Outras vezes, com o apoio da C\u00e2mara, iam tocando as obras que faltavam, e conseguiam manter a cidade em permanentes condi\u00e7\u00f5es de rivalizar com a metr\u00f3pole.<\/p>\n<p>Um dos exemplos mais not\u00f3rios das iniciativas de vanguarda de Pelotas \u00e9 a \u00e1rea da Educa\u00e7\u00e3o. Desde que, em 1820, dois anos antes da Independ\u00eancia do Brasil, haviam sido autorizadas a funcionar na Capitania de Rio Grande de S\u00e3o Pedro oito \u201caulas\u201d p\u00fablicas de primeiras letras \u2013 uma delas na Freguesia de S\u00e3o Francisco de Paula, origem de Pelotas \u2013 o pioneirismo foi a marca registrada da comarca.<\/p>\n<p>Seja como precursora de m\u00faltiplas iniciativas no \u00e2mbito do ensino particular, seja na implanta\u00e7\u00e3o de educand\u00e1rios p\u00fablicos.<\/p>\n<p>Com rela\u00e7\u00e3o ao futuro surgimento da Universidade Federal de Pelotas n\u00e3o foi diferente. Exemplo dos mais significativos e que tem rela\u00e7\u00e3o direta com a funda\u00e7\u00e3o da institui\u00e7\u00e3o, est\u00e1 relacionado \u00e0 atual Faculdade de Agronomia Eliseu Maciel (Faem), nascida sob os ausp\u00edcios do governo central, com decisivo impulso local, em 1883.<\/p>\n<p>Embora a Escola de Agronomia de Cruz das Almas, na Bahia, tenha sido criada antes dessa data, ela por vezes permaneceu fechada. Com isto, \u00e9 poss\u00edvel assegurar que a Faem \u00e9 a Escola de Agronomia mais antiga do pa\u00eds.<\/p>\n<p>Com a implanta\u00e7\u00e3o da Rep\u00fablica, a institui\u00e7\u00e3o passou a se chamar Liceu Rio-Grandense de Agronomia, embora continuasse sob a administra\u00e7\u00e3o local, situa\u00e7\u00e3o em que permaneceria por mais cinquenta anos. S\u00f3 em 1945, federalizada, a Faculdade passou a integrar o patrim\u00f4nio da Uni\u00e3o.<\/p>\n<p><a title=\"UFPel: Uma hist\u00f3ria escrita em tr\u00eas s\u00e9culos\" href=\"http:\/\/wp.me\/P4EPZO-h\"><strong>UFPel: Uma hist\u00f3ria escrita em tr\u00eas s\u00e9culos<\/strong><\/a><\/p>\n<p><a title=\"Resenha hist\u00f3rica\" href=\"http:\/\/wp.me\/P4EPZO-m\"><strong>Resenha hist\u00f3rica<\/strong><\/a><\/p>\n<p><a title=\"Estrutura\u00e7\u00e3o e desenvolvimento\" href=\"http:\/\/wp.me\/P4EPZO-1f\"><strong>Estrutura\u00e7\u00e3o e desenvolvimento<\/strong><\/a><\/p>\n<p><a title=\"A rela\u00e7\u00e3o com a comunidade e os desdobramentos pol\u00edticos\" href=\"http:\/\/wp.me\/P4EPZO-1i\"><strong>A rela\u00e7\u00e3o com a comunidade e os desdobramentos pol\u00edticos<\/strong><\/a><\/p>\n<p><a title=\"O processo de expans\u00e3o\" href=\"http:\/\/wp.me\/P4EPZO-1l\"><strong>O processo de expans\u00e3o<\/strong><\/a><\/p>\n<p><a title=\"Anglo: De frigor\u00edfico a principal campus\" href=\"http:\/\/wp.me\/P4EPZO-1o\"><strong>Anglo: De frigor\u00edfico a principal campus<\/strong><\/a><\/p>\n<p><a title=\"Cotada: De f\u00e1brica de massas a Centro de Engenharias\" href=\"http:\/\/wp.me\/P4EPZO-1r\"><strong>Cotada: De f\u00e1brica de massas a Centro de Engenharias <\/strong><\/a><\/p>\n<p><a title=\"Laneira: De manufatura de l\u00e3s a centro dedicado \u00e0 sa\u00fade\" href=\"http:\/\/wp.me\/P4EPZO-1u\"><strong>Laneira: De manufatura de l\u00e3s a centro dedicado \u00e0 sa\u00fade<\/strong><\/a><\/p>\n<p><a title=\"Na antiga cervejaria a Cultura pede passagem\" href=\"http:\/\/wp.me\/P4EPZO-1x\"><strong>Na antiga cervejaria a Cultura pede passagem<\/strong><\/a><\/p>\n<p><a title=\"Casar\u00e3o 8: Suntuoso im\u00f3vel sediar\u00e1 museus\" href=\"http:\/\/wp.me\/P4EPZO-1A\"><strong>Casar\u00e3o 8: Suntuoso im\u00f3vel sediar\u00e1 museus<\/strong><\/a><\/p>\n<p><a title=\"Pr\u00e9dios contam a hist\u00f3ria\" href=\"http:\/\/wp.me\/P4EPZO-1D\"><strong>Pr\u00e9dios contam a hist\u00f3ria<\/strong><\/a><\/p>\n","protected":false},"excerpt":{"rendered":"<p>Na segunda metade do s\u00e9culo XIX Pelotas era, sem nenhum exagero, uma das cidades de porte m\u00e9dio mais pr\u00f3speras do Brasil. S\u00f3 n\u00e3o se configurava o grande porte por n\u00e3o poder contar com os elementos oficiais de que dispunha Porto Alegre, a capital da Prov\u00edncia. Nesse sentido, s\u00e3o recorrentes as queixas, nos di\u00e1rios pelotenses, no &hellip; <a href=\"https:\/\/wp.ufpel.edu.br\/45anos\/contextualizando\/\" class=\"more-link\">Continue lendo <span class=\"screen-reader-text\">Contextualizando<\/span> <span class=\"meta-nav\">&rarr;<\/span><\/a><\/p>\n","protected":false},"author":394,"featured_media":0,"parent":0,"menu_order":0,"comment_status":"closed","ping_status":"closed","template":"","meta":{"jetpack_post_was_ever_published":false,"footnotes":""},"class_list":["post-25","page","type-page","status-publish","hentry"],"jetpack_sharing_enabled":true,"jetpack_shortlink":"https:\/\/wp.me\/P4EPZO-p","_links":{"self":[{"href":"https:\/\/wp.ufpel.edu.br\/45anos\/wp-json\/wp\/v2\/pages\/25","targetHints":{"allow":["GET"]}}],"collection":[{"href":"https:\/\/wp.ufpel.edu.br\/45anos\/wp-json\/wp\/v2\/pages"}],"about":[{"href":"https:\/\/wp.ufpel.edu.br\/45anos\/wp-json\/wp\/v2\/types\/page"}],"author":[{"embeddable":true,"href":"https:\/\/wp.ufpel.edu.br\/45anos\/wp-json\/wp\/v2\/users\/394"}],"replies":[{"embeddable":true,"href":"https:\/\/wp.ufpel.edu.br\/45anos\/wp-json\/wp\/v2\/comments?post=25"}],"version-history":[{"count":6,"href":"https:\/\/wp.ufpel.edu.br\/45anos\/wp-json\/wp\/v2\/pages\/25\/revisions"}],"predecessor-version":[{"id":179,"href":"https:\/\/wp.ufpel.edu.br\/45anos\/wp-json\/wp\/v2\/pages\/25\/revisions\/179"}],"wp:attachment":[{"href":"https:\/\/wp.ufpel.edu.br\/45anos\/wp-json\/wp\/v2\/media?parent=25"}],"curies":[{"name":"wp","href":"https:\/\/api.w.org\/{rel}","templated":true}]}}