{"id":352,"date":"2018-09-06T15:58:55","date_gmt":"2018-09-06T18:58:55","guid":{"rendered":"https:\/\/wp.ufpel.edu.br\/3cpgfeg\/?page_id=352"},"modified":"2018-11-01T15:02:22","modified_gmt":"2018-11-01T18:02:22","slug":"locais-atividades","status":"publish","type":"page","link":"https:\/\/wp.ufpel.edu.br\/3cpgfeg\/programacao\/locais-atividades\/","title":{"rendered":"Locais Atividades"},"content":{"rendered":"<p style=\"text-align: justify\">Para saber onde ser\u00e3o os locais do evento, clique nos mapas e baixe a vers\u00e3o em alta resolu\u00e7\u00e3o.<\/p>\n<p style=\"text-align: center\"><a href=\"https:\/\/drive.google.com\/file\/d\/1pS2snVB1RUFaQWupB6o_VHtky1CdlifW\/view?usp=sharing\"><img loading=\"lazy\" decoding=\"async\" class=\"size-medium wp-image-400 aligncenter\" src=\"https:\/\/wp.ufpel.edu.br\/3cpgfeg\/files\/2018\/11\/Mapa_Pelotas_low-283x400.png\" alt=\"\" width=\"283\" height=\"400\" srcset=\"https:\/\/wp.ufpel.edu.br\/3cpgfeg\/files\/2018\/11\/Mapa_Pelotas_low-283x400.png 283w, https:\/\/wp.ufpel.edu.br\/3cpgfeg\/files\/2018\/11\/Mapa_Pelotas_low.png 435w\" sizes=\"auto, (max-width: 283px) 100vw, 283px\" \/><\/a><\/p>\n<p style=\"text-align: center\"><a href=\"https:\/\/drive.google.com\/file\/d\/1m67uAUaIAClZWNntDKmNozlhyx5EbBgz\/view?usp=sharing\"><img loading=\"lazy\" decoding=\"async\" class=\"size-medium wp-image-401 aligncenter\" src=\"https:\/\/wp.ufpel.edu.br\/3cpgfeg\/files\/2018\/11\/Mapa_Locais_low-308x400.png\" alt=\"\" width=\"308\" height=\"400\" srcset=\"https:\/\/wp.ufpel.edu.br\/3cpgfeg\/files\/2018\/11\/Mapa_Locais_low-308x400.png 308w, https:\/\/wp.ufpel.edu.br\/3cpgfeg\/files\/2018\/11\/Mapa_Locais_low.png 469w\" sizes=\"auto, (max-width: 308px) 100vw, 308px\" \/><\/a><\/p>\n","protected":false},"excerpt":{"rendered":"<p>Para saber onde ser\u00e3o os locais do evento, clique nos mapas e baixe a vers\u00e3o em alta resolu\u00e7\u00e3o.<\/p>\n","protected":false},"author":827,"featured_media":0,"parent":118,"menu_order":1,"comment_status":"closed","ping_status":"closed","template":"","meta":{"footnotes":""},"class_list":["post-352","page","type-page","status-publish","hentry"],"_links":{"self":[{"href":"https:\/\/wp.ufpel.edu.br\/3cpgfeg\/wp-json\/wp\/v2\/pages\/352","targetHints":{"allow":["GET"]}}],"collection":[{"href":"https:\/\/wp.ufpel.edu.br\/3cpgfeg\/wp-json\/wp\/v2\/pages"}],"about":[{"href":"https:\/\/wp.ufpel.edu.br\/3cpgfeg\/wp-json\/wp\/v2\/types\/page"}],"author":[{"embeddable":true,"href":"https:\/\/wp.ufpel.edu.br\/3cpgfeg\/wp-json\/wp\/v2\/users\/827"}],"replies":[{"embeddable":true,"href":"https:\/\/wp.ufpel.edu.br\/3cpgfeg\/wp-json\/wp\/v2\/comments?post=352"}],"version-history":[{"count":5,"href":"https:\/\/wp.ufpel.edu.br\/3cpgfeg\/wp-json\/wp\/v2\/pages\/352\/revisions"}],"predecessor-version":[{"id":403,"href":"https:\/\/wp.ufpel.edu.br\/3cpgfeg\/wp-json\/wp\/v2\/pages\/352\/revisions\/403"}],"up":[{"embeddable":true,"href":"https:\/\/wp.ufpel.edu.br\/3cpgfeg\/wp-json\/wp\/v2\/pages\/118"}],"wp:attachment":[{"href":"https:\/\/wp.ufpel.edu.br\/3cpgfeg\/wp-json\/wp\/v2\/media?parent=352"}],"curies":[{"name":"wp","href":"https:\/\/api.w.org\/{rel}","templated":true}]}}