{"id":272,"date":"2018-03-23T16:33:04","date_gmt":"2018-03-23T19:33:04","guid":{"rendered":"https:\/\/wp.ufpel.edu.br\/3cpgfeg\/?page_id=272"},"modified":"2018-11-20T22:20:43","modified_gmt":"2018-11-21T00:20:43","slug":"grade-de-programacao","status":"publish","type":"page","link":"https:\/\/wp.ufpel.edu.br\/3cpgfeg\/programacao\/grade-de-programacao\/","title":{"rendered":"Grade de Programa\u00e7\u00e3o"},"content":{"rendered":"<p><strong>Dia 21\/11\/2018 &#8211; Quarta-Feira<\/strong><\/p>\n<p>13h30 &#8211; Credenciamento<\/p>\n<p>14h &#8211; 17h &#8211; <a href=\"https:\/\/wp.ufpel.edu.br\/3cpgfeg\/programacao\/minicursos-e-oficinas\/\">Minicursos e Oficinas<\/a><\/p>\n<p>18h &#8211; Solenidade de Abertura<br \/>\nLocal: CEHUS, Rua Cel. Alberto Rosa, 158 &#8211; Audit\u00f3rio Principal<\/p>\n<p>18h30 &#8211; Confer\u00eancia de Abertura.<br \/>\nConferencista: Prof. Dr.Andoni Arenas Martija &#8211; PUCV &#8211; Pontificia Universidad Cat\u00f3lica de Valpara\u00edso &#8211; Chile.<br \/>\nCoordenadora: Profa. Dra. Liz Cristiane Dias &#8211; UFPel<br \/>\nLocal: CEHUS, Rua Cel. Alberto Rosa, 158 &#8211; Audit\u00f3rio Principal<\/p>\n<p>&nbsp;<\/p>\n<p><strong>Dia 22\/11\/2018 &#8211; Quinta-Feira<\/strong><\/p>\n<p>8h30 &#8211; <a href=\"https:\/\/wp.ufpel.edu.br\/3cpgfeg\/programacao\/grupos-de-trabalho\/\">Grupos de Trabalho<\/a><\/p>\n<p>14h &#8211; Trabalhos de Campo:<br \/>\nOp\u00e7\u00e3o 1 &#8211; Orla Lagunar do Munic\u00edpio de Pelotas: laborat\u00f3rio did\u00e1tico das paisagens e problem\u00e1ticas locais e regionais<br \/>\nOp\u00e7\u00e3o 2 &#8211; Resgatando o ambiente na trama urbana de Pelotas<\/p>\n<p>19h &#8211; Mesa Redonda: &#8220;Geografia F\u00edsica e Ensino de Geografia: pr\u00e1ticas e reflex\u00f5es&#8221;<br \/>\nProfa. Dra. Ma\u00edra Suertegaray Rossato &#8211; Col\u00e9gio de Aplica\u00e7\u00e3o (UFRGS)<br \/>\nProf. Dr. Jo\u00e3o Osvaldo Rodrigues Nunes &#8211; Universidade Estadual Paulista (UNESP &#8211; Presidente Prudente)<br \/>\nProf. Dr. Adriano Figueir\u00f3 &#8211; Universidade Federal de Santa Maria (UFSM)<br \/>\nCoordenador: Prof. Dr. Adriano L. Heck Simon (UFPel)<\/p>\n<p>&nbsp;<\/p>\n<p><strong>Dia 23\/11\/2018 &#8211; Sexta-Feira<\/strong><\/p>\n<p>8h &#8211; <a href=\"https:\/\/wp.ufpel.edu.br\/3cpgfeg\/programacao\/trabalhos-de-campo\/\">Trabalho de Campo<\/a><br \/>\nArroio do Padre: trabalhando as quest\u00f5es socioambientais em um pequeno munic\u00edpio de voca\u00e7\u00e3o agr\u00edcola<\/p>\n<p>17h &#8211; Mesa de Encerramento: &#8220;A Pesquisa no Ensino da Geografia F\u00edsica: contexto atual e perspectivas&#8221;<br \/>\nProfa. Dra. Eliana Marta Barbosa de Morais &#8211; Universidade Federal de Goi\u00e1s (UFG)<br \/>\nCoordenador: Prof. Dr. Antonio Carlos Castrogiovanni &#8211; Universidade Federal do Rio Grande do Sul (UFRGS)<\/p>\n<p>19h30 &#8211; Plen\u00e1ria Final<\/p>\n<p>&nbsp;<\/p>\n<p><strong>Dia 24\/11\/2018 &#8211; S\u00e1bado<\/strong><\/p>\n<p>8h &#8211; <a href=\"https:\/\/wp.ufpel.edu.br\/3cpgfeg\/programacao\/trabalhos-de-campo\/\">Trabalho de Campo<\/a><br \/>\nEntre o Litoral e a Serra: perspectivas da forma\u00e7\u00e3o docente a partir da an\u00e1lise das paisagens no trajeto entre Rio Grande e Cangu\u00e7u<\/p>\n","protected":false},"excerpt":{"rendered":"<p>Dia 21\/11\/2018 &#8211; Quarta-Feira 13h30 &#8211; Credenciamento 14h &#8211; 17h &#8211; Minicursos e Oficinas 18h &#8211; Solenidade de Abertura Local: CEHUS, Rua Cel. Alberto Rosa, 158 &#8211; Audit\u00f3rio Principal 18h30 &#8211; Confer\u00eancia de Abertura. Conferencista: Prof. Dr.Andoni Arenas Martija &#8211;&#8230; <a class=\"more-link\" href=\"https:\/\/wp.ufpel.edu.br\/3cpgfeg\/programacao\/grade-de-programacao\/\">Continue lendo &rarr;<\/a><\/p>\n","protected":false},"author":827,"featured_media":0,"parent":118,"menu_order":2,"comment_status":"closed","ping_status":"closed","template":"","meta":{"footnotes":""},"class_list":["post-272","page","type-page","status-publish","hentry"],"_links":{"self":[{"href":"https:\/\/wp.ufpel.edu.br\/3cpgfeg\/wp-json\/wp\/v2\/pages\/272","targetHints":{"allow":["GET"]}}],"collection":[{"href":"https:\/\/wp.ufpel.edu.br\/3cpgfeg\/wp-json\/wp\/v2\/pages"}],"about":[{"href":"https:\/\/wp.ufpel.edu.br\/3cpgfeg\/wp-json\/wp\/v2\/types\/page"}],"author":[{"embeddable":true,"href":"https:\/\/wp.ufpel.edu.br\/3cpgfeg\/wp-json\/wp\/v2\/users\/827"}],"replies":[{"embeddable":true,"href":"https:\/\/wp.ufpel.edu.br\/3cpgfeg\/wp-json\/wp\/v2\/comments?post=272"}],"version-history":[{"count":20,"href":"https:\/\/wp.ufpel.edu.br\/3cpgfeg\/wp-json\/wp\/v2\/pages\/272\/revisions"}],"predecessor-version":[{"id":446,"href":"https:\/\/wp.ufpel.edu.br\/3cpgfeg\/wp-json\/wp\/v2\/pages\/272\/revisions\/446"}],"up":[{"embeddable":true,"href":"https:\/\/wp.ufpel.edu.br\/3cpgfeg\/wp-json\/wp\/v2\/pages\/118"}],"wp:attachment":[{"href":"https:\/\/wp.ufpel.edu.br\/3cpgfeg\/wp-json\/wp\/v2\/media?parent=272"}],"curies":[{"name":"wp","href":"https:\/\/api.w.org\/{rel}","templated":true}]}}