{"id":575,"date":"2021-10-04T16:47:03","date_gmt":"2021-10-04T19:47:03","guid":{"rendered":"https:\/\/wp.ufpel.edu.br\/3ciecit\/?page_id=575"},"modified":"2021-11-01T10:33:05","modified_gmt":"2021-11-01T13:33:05","slug":"financiadores","status":"publish","type":"page","link":"https:\/\/wp.ufpel.edu.br\/3ciecit\/pt\/financiadores\/","title":{"rendered":"Financiadores"},"content":{"rendered":"<p>O evento \u00e9 totalmente financiado pelo <a href=\"https:\/\/wp.ufpel.edu.br\/healthycities\/project\/\">Projeto CAPES-PRINT &#8211; N\u00facleo de Cidades Saud\u00e1veis, Envelhecimento e Cidadania<\/a>, que envolve acad\u00eamicos dos Programas de P\u00f3s-Gradua\u00e7\u00e3o em Arquitetura e Planejamento, Mem\u00f3ria Social e Patrim\u00f4nio Cultural, Odontologia, Educa\u00e7\u00e3o F\u00edsica e Epidemiologia da Universidade Federal de Pelotas . O N\u00facleo trabalha com os seguintes pa\u00edses: Reino Unido, Fran\u00e7a, Argentina e Chile.<\/p>\n<p>O N\u00facleo faz parte do <a href=\"https:\/\/wp.ufpel.edu.br\/print\/projeto-institucional-de-internacionalizacao\/saude-sociedade-um-olhar-sobre-a-equidade-ao-longo-do-ciclo-vital\/nucleo-de-estudos-sobre-cidades-saudaveis-envelhecimento-e-cidadania\/\">Programa Internacional CAPES PRINT do Governo Federal Brasileiro<\/a>. O objetivo \u00e9 incentivar a constru\u00e7\u00e3o, implementa\u00e7\u00e3o e consolida\u00e7\u00e3o de planos estrat\u00e9gicos de internacionaliza\u00e7\u00e3o; estimular a forma\u00e7\u00e3o de redes internacionais de pesquisa; ampliar as a\u00e7\u00f5es de apoio \u00e0 internacionaliza\u00e7\u00e3o nos programas de p\u00f3s-gradua\u00e7\u00e3o; promover mobilidade de docentes e discentes (com destaque para alunos de doutorado, p\u00f3s-doutorandos e docentes no exterior e para o Brasil); fomentar a transforma\u00e7\u00e3o das institui\u00e7\u00f5es participantes em um ambiente internacional e integrar as demais a\u00e7\u00f5es de promo\u00e7\u00e3o da CAPES ao esfor\u00e7o de internacionaliza\u00e7\u00e3o brasileiro.<\/p>\n<p><img loading=\"lazy\" decoding=\"async\" class=\"alignnone size-full wp-image-578\" style=\"font-size: 1rem\" src=\"https:\/\/wp.ufpel.edu.br\/3ciecit\/files\/2021\/10\/foldercapesprint-e1562592973752-1.png\" alt=\"\" width=\"759\" height=\"206\" srcset=\"https:\/\/wp.ufpel.edu.br\/3ciecit\/files\/2021\/10\/foldercapesprint-e1562592973752-1.png 759w, https:\/\/wp.ufpel.edu.br\/3ciecit\/files\/2021\/10\/foldercapesprint-e1562592973752-1-400x109.png 400w\" sizes=\"auto, (max-width: 706px) 89vw, (max-width: 767px) 82vw, 740px\" \/><img loading=\"lazy\" decoding=\"async\" class=\"alignnone size-full wp-image-577\" src=\"https:\/\/wp.ufpel.edu.br\/3ciecit\/files\/2021\/10\/logo-centre-1.jpg\" alt=\"\" width=\"1817\" height=\"1463\" srcset=\"https:\/\/wp.ufpel.edu.br\/3ciecit\/files\/2021\/10\/logo-centre-1.jpg 1817w, https:\/\/wp.ufpel.edu.br\/3ciecit\/files\/2021\/10\/logo-centre-1-400x322.jpg 400w, https:\/\/wp.ufpel.edu.br\/3ciecit\/files\/2021\/10\/logo-centre-1-1024x824.jpg 1024w, https:\/\/wp.ufpel.edu.br\/3ciecit\/files\/2021\/10\/logo-centre-1-768x618.jpg 768w, https:\/\/wp.ufpel.edu.br\/3ciecit\/files\/2021\/10\/logo-centre-1-1536x1237.jpg 1536w\" sizes=\"auto, (max-width: 706px) 89vw, (max-width: 767px) 82vw, 740px\" \/><span style=\"font-size: 1rem\">\u00a0<\/span><\/p>\n","protected":false},"excerpt":{"rendered":"<p>O evento \u00e9 totalmente financiado pelo Projeto CAPES-PRINT &#8211; N\u00facleo de Cidades Saud\u00e1veis, Envelhecimento e Cidadania, que envolve acad\u00eamicos dos Programas de P\u00f3s-Gradua\u00e7\u00e3o em Arquitetura e Planejamento, Mem\u00f3ria Social e Patrim\u00f4nio Cultural, Odontologia, Educa\u00e7\u00e3o F\u00edsica e Epidemiologia da Universidade Federal de Pelotas . O N\u00facleo trabalha com os seguintes pa\u00edses: Reino Unido, Fran\u00e7a, Argentina e &hellip; <\/p>\n<p class=\"link-more\"><a href=\"https:\/\/wp.ufpel.edu.br\/3ciecit\/pt\/financiadores\/\" class=\"more-link\">Continue lendo<span class=\"screen-reader-text\"> &#8220;Financiadores&#8221;<\/span><\/a><\/p>\n","protected":false},"author":956,"featured_media":0,"parent":0,"menu_order":0,"comment_status":"closed","ping_status":"closed","template":"","meta":{"footnotes":""},"class_list":["post-575","page","type-page","status-publish","hentry"],"_links":{"self":[{"href":"https:\/\/wp.ufpel.edu.br\/3ciecit\/wp-json\/wp\/v2\/pages\/575","targetHints":{"allow":["GET"]}}],"collection":[{"href":"https:\/\/wp.ufpel.edu.br\/3ciecit\/wp-json\/wp\/v2\/pages"}],"about":[{"href":"https:\/\/wp.ufpel.edu.br\/3ciecit\/wp-json\/wp\/v2\/types\/page"}],"author":[{"embeddable":true,"href":"https:\/\/wp.ufpel.edu.br\/3ciecit\/wp-json\/wp\/v2\/users\/956"}],"replies":[{"embeddable":true,"href":"https:\/\/wp.ufpel.edu.br\/3ciecit\/wp-json\/wp\/v2\/comments?post=575"}],"version-history":[{"count":3,"href":"https:\/\/wp.ufpel.edu.br\/3ciecit\/wp-json\/wp\/v2\/pages\/575\/revisions"}],"predecessor-version":[{"id":609,"href":"https:\/\/wp.ufpel.edu.br\/3ciecit\/wp-json\/wp\/v2\/pages\/575\/revisions\/609"}],"wp:attachment":[{"href":"https:\/\/wp.ufpel.edu.br\/3ciecit\/wp-json\/wp\/v2\/media?parent=575"}],"curies":[{"name":"wp","href":"https:\/\/api.w.org\/{rel}","templated":true}]}}